{"id":3304,"date":"2022-09-13T11:23:58","date_gmt":"2022-09-13T09:23:58","guid":{"rendered":"https:\/\/agora.xtec.cat\/escolaelbruc\/?page_id=3304"},"modified":"2023-11-20T10:28:48","modified_gmt":"2023-11-20T09:28:48","slug":"diagnosi","status":"publish","type":"page","link":"https:\/\/agora.xtec.cat\/escolaelbruc\/estrategia-digital-de-centre\/diagnosi\/","title":{"rendered":"Diagnosi"},"content":{"rendered":"<p>El primer pas per poder elaborar l\u2019estrat\u00e8gia digital de centre ha estat elaborar la diagnosi, per fer-la es va decidir emprar diferents eines diagn\u00f2stiques:<\/p>\n<div class=\"ahS2Le\"><\/div>\n<ul>\n<li><strong>EDC i SELFI dirigit als docents.<\/strong> Eines que reflecteixen el grau competencial digital dels docents.<\/li>\n<li><strong>Q\u00fcestionari digital a les fam\u00edlies:<\/strong> Q\u00fcestionari que permet recollir la seva visi\u00f3 sobre la maduresa digital del centre.<\/li>\n<li><b>SELFI dirigit als alumnes:<\/b>Eina que reflecteix la seva visi\u00f3 sobre la maduresa digital del centre\u00a0aix\u00ed com\u00a0la compet\u00e8ncia digital.<\/li>\n<\/ul>\n<p><span style=\"font-weight: 400;\">Amb la recollida i an\u00e0lisi dels resultats\u00a0 s\u2019identifiquen i analitzen les fortaleses, debilitats, oportunitats i amenaces del centre amb relaci\u00f3 a l\u2019assoliment de les compet\u00e8ncies digitals. Es dona una visi\u00f3 general de la maduresa digital dels tres eixos del PEDC: alumnat, docent i centre. Ens permetran establir els objectius de l\u2019Estrat\u00e8gia Digital i ens ajudaran a establir i millorar la Cultura Digital del Centre.<\/span><\/p>\n<p><a href=\"https:\/\/agora.xtec.cat\/escolaelbruc\/wp-content\/uploads\/usu19\/2023\/01\/DAFO-I-OBJECTIUS.png\"><img loading=\"lazy\" decoding=\"async\" class=\"alignnone size-large wp-image-3412\" src=\"https:\/\/agora.xtec.cat\/escolaelbruc\/wp-content\/uploads\/usu19\/2023\/01\/DAFO-I-OBJECTIUS-724x1024.png\" alt=\"\" width=\"724\" height=\"1024\" srcset=\"https:\/\/agora.xtec.cat\/escolaelbruc\/wp-content\/uploads\/usu19\/2023\/01\/DAFO-I-OBJECTIUS-724x1024.png 724w, https:\/\/agora.xtec.cat\/escolaelbruc\/wp-content\/uploads\/usu19\/2023\/01\/DAFO-I-OBJECTIUS-212x300.png 212w, https:\/\/agora.xtec.cat\/escolaelbruc\/wp-content\/uploads\/usu19\/2023\/01\/DAFO-I-OBJECTIUS-768x1086.png 768w, https:\/\/agora.xtec.cat\/escolaelbruc\/wp-content\/uploads\/usu19\/2023\/01\/DAFO-I-OBJECTIUS-1086x1536.png 1086w, https:\/\/agora.xtec.cat\/escolaelbruc\/wp-content\/uploads\/usu19\/2023\/01\/DAFO-I-OBJECTIUS.png 1414w\" sizes=\"auto, (max-width: 724px) 100vw, 724px\" \/><\/a><\/p>\n<p>&nbsp;<\/p>\n","protected":false},"excerpt":{"rendered":"<p>El primer pas per poder elaborar l\u2019estrat\u00e8gia digital de centre ha estat elaborar la diagnosi, per fer-la es va decidir emprar diferents eines diagn\u00f2stiques:<\/p>\n<ul>\n<li>EDC i SELFI dirigit als docents. Eines que reflecteixen el grau competencial digital dels docents.<\/li>\n<li>Q\u00fcestionari digital a les fam\u00edlies: Q\u00fcestionari que permet&hellip;  <a href=\"https:\/\/agora.xtec.cat\/escolaelbruc\/estrategia-digital-de-centre\/diagnosi\/\" title=\"Read Diagnosi\">Llegeix m\u00e9s\u00bb<\/a><br \/>\n","protected":false},"author":13,"featured_media":0,"parent":3205,"menu_order":0,"comment_status":"closed","ping_status":"closed","template":"page-templates\/side-menu.php","meta":{"_bbp_topic_count":0,"_bbp_reply_count":0,"_bbp_total_topic_count":0,"_bbp_total_reply_count":0,"_bbp_voice_count":0,"_bbp_anonymous_reply_count":0,"_bbp_topic_count_hidden":0,"_bbp_reply_count_hidden":0,"_bbp_forum_subforum_count":0,"footnotes":""},"class_list":["post-3304","page","type-page","status-publish","hentry"],"post_mailing_queue_ids":[],"_links":{"self":[{"href":"https:\/\/agora.xtec.cat\/escolaelbruc\/wp-json\/wp\/v2\/pages\/3304","targetHints":{"allow":["GET"]}}],"collection":[{"href":"https:\/\/agora.xtec.cat\/escolaelbruc\/wp-json\/wp\/v2\/pages"}],"about":[{"href":"https:\/\/agora.xtec.cat\/escolaelbruc\/wp-json\/wp\/v2\/types\/page"}],"author":[{"embeddable":true,"href":"https:\/\/agora.xtec.cat\/escolaelbruc\/wp-json\/wp\/v2\/users\/13"}],"replies":[{"embeddable":true,"href":"https:\/\/agora.xtec.cat\/escolaelbruc\/wp-json\/wp\/v2\/comments?post=3304"}],"version-history":[{"count":6,"href":"https:\/\/agora.xtec.cat\/escolaelbruc\/wp-json\/wp\/v2\/pages\/3304\/revisions"}],"predecessor-version":[{"id":3476,"href":"https:\/\/agora.xtec.cat\/escolaelbruc\/wp-json\/wp\/v2\/pages\/3304\/revisions\/3476"}],"up":[{"embeddable":true,"href":"https:\/\/agora.xtec.cat\/escolaelbruc\/wp-json\/wp\/v2\/pages\/3205"}],"wp:attachment":[{"href":"https:\/\/agora.xtec.cat\/escolaelbruc\/wp-json\/wp\/v2\/media?parent=3304"}],"curies":[{"name":"wp","href":"https:\/\/api.w.org\/{rel}","templated":true}]}}