{"id":22,"date":"2026-01-30T12:00:57","date_gmt":"2026-01-30T11:00:57","guid":{"rendered":"http:\/\/agora.xtec.cat\/escolaelbruc\/?page_id=22"},"modified":"2026-01-30T16:19:24","modified_gmt":"2026-01-30T15:19:24","slug":"lescola","status":"publish","type":"page","link":"https:\/\/agora.xtec.cat\/escolaelbruc\/","title":{"rendered":"PORTES OBERTES NOVES FAM\u00cdLIES 2026"},"content":{"rendered":"<p>&nbsp;<\/p>\n<p><a href=\"https:\/\/agora.xtec.cat\/escolaelbruc\/wp-content\/uploads\/usu19\/2026\/01\/Cartell-portes-obertes-2026-scaled.jpg\"><img loading=\"lazy\" decoding=\"async\" class=\" wp-image-3748 alignright\" src=\"https:\/\/agora.xtec.cat\/escolaelbruc\/wp-content\/uploads\/usu19\/2026\/01\/Cartell-portes-obertes-2026-724x1024.jpg\" alt=\"\" width=\"541\" height=\"765\" srcset=\"https:\/\/agora.xtec.cat\/escolaelbruc\/wp-content\/uploads\/usu19\/2026\/01\/Cartell-portes-obertes-2026-724x1024.jpg 724w, https:\/\/agora.xtec.cat\/escolaelbruc\/wp-content\/uploads\/usu19\/2026\/01\/Cartell-portes-obertes-2026-212x300.jpg 212w, https:\/\/agora.xtec.cat\/escolaelbruc\/wp-content\/uploads\/usu19\/2026\/01\/Cartell-portes-obertes-2026-768x1086.jpg 768w, https:\/\/agora.xtec.cat\/escolaelbruc\/wp-content\/uploads\/usu19\/2026\/01\/Cartell-portes-obertes-2026-1086x1536.jpg 1086w, https:\/\/agora.xtec.cat\/escolaelbruc\/wp-content\/uploads\/usu19\/2026\/01\/Cartell-portes-obertes-2026-1448x2048.jpg 1448w, https:\/\/agora.xtec.cat\/escolaelbruc\/wp-content\/uploads\/usu19\/2026\/01\/Cartell-portes-obertes-2026-scaled.jpg 1810w\" sizes=\"auto, (max-width: 541px) 100vw, 541px\" \/><\/a><\/p>\n<p style=\"text-align: justify;\">Us convidem a con\u00e8ixer un projecte educatiu viu, proper i amb identitat pr\u00f2pia, pensat per acompanyar els infants en el seu creixement personal i acad\u00e8mic dins d\u2019un entorn de poble, acollidor i familiar. A l\u2019Escola d\u2019El Bruc creiem en una educaci\u00f3 que respecta el ritme de cada infant i potencia les<\/p>\n<p style=\"text-align: justify;\">seves capacitats, la seva curiositat i la seva personalitat.<\/p>\n<p style=\"text-align: justify;\">El nostre projecte es fon<\/p>\n<p><span style=\"font-family: inherit; font-size: 1em; text-align: justify;\">amenta en un curr\u00edculum personalitzat, que t\u00e9 en compte les necessitats i interessos de cada nen i nena. Treballem a trav\u00e9s de plans de treball que fomenten l\u2019autonomia i la responsabilitat, amb ambients d\u2019aprenentatge i racons manipulatius que afavoreixen l\u2019experimentaci\u00f3, la creativitat i l\u2019aprenentatge significatiu.<\/span><\/p>\n<p style=\"text-align: justify;\">Completem la formaci\u00f3 amb les especialitats, que enriqueixen el desenvolupament global de l\u2019alumnat, i amb el Projecte Bosc, una proposta que connecta els infants amb la natura i l\u2019entorn, potenciant el respecte pel medi i l\u2019aprenentatge vivencial. A m\u00e9s, donem molta import\u00e0ncia al treball sistem\u00e0tic per consolidar els aprenentatges b\u00e0sics, i als treballs d\u2019investigaci\u00f3, que ajuden a desenvolupar el pensament cr\u00edtic, la curiositat i la capacitat de fer-se preguntes.<\/p>\n<p style=\"text-align: justify;\">Les portes obertes s\u00f3n una oportunitat immillorable per veure com tot aix\u00f2 es fa realitat en el dia a dia de l\u2019escola, parlar amb l\u2019equip docent i imaginar com podria ser el futur escolar dels vostres fills i filles en un projecte educatiu s\u00f2lid, innovador i ple de valors.<\/p>\n<p style=\"text-align: justify;\">Us animem a\u00a0<b>inscriure-us<\/b> i venir a con\u00e8ixer de prop la que pot ser la futura escola dels vostres fills. Estarem encantats de rebre-us i compartir amb vosaltres la nostra manera d\u2019entendre l\u2019educaci\u00f3.<\/p>\n<p style=\"text-align: justify;\">Podeu con\u00e8ixer-nos millor al nostre Instagram:\u00a0<strong>@escola_ElBruc<\/strong>, on hi trobareu imatges i moments del nostre dia a dia, activitats, projectes i tot all\u00f2 que dona vida a la nostra escola.<\/p>\n<p style=\"text-align: justify;\"><b>Deixeu-nos les vostres dades\u00a0<\/b>en aquest formulari per poder tenir una previsi\u00f3 de l&#8217;assist\u00e8ncia: https:\/\/forms.gle\/jhYyKrJfnxuDAppW6<\/p>\n<p>&nbsp;<\/p>\n","protected":false},"excerpt":{"rendered":"<p>&nbsp;<br \/>\n<a href=\"https:\/\/agora.xtec.cat\/escolaelbruc\/wp-content\/uploads\/usu19\/2026\/01\/Cartell-portes-obertes-2026-scaled.jpg\"><\/a><br \/>\nUs convidem a con\u00e8ixer un projecte educatiu viu, proper i amb identitat pr\u00f2pia, pensat per acompanyar els infants en el seu creixement personal i acad\u00e8mic dins d\u2019un entorn de poble, acollidor i familiar. A l\u2019Escola d\u2019El Bruc creiem en una educaci\u00f3 que respecta el&hellip;  <a href=\"https:\/\/agora.xtec.cat\/escolaelbruc\/\" title=\"Read PORTES OBERTES NOVES FAM\u00cdLIES 2026\">Llegeix m\u00e9s\u00bb<\/a><\/p>\n","protected":false},"author":1,"featured_media":0,"parent":0,"menu_order":0,"comment_status":"closed","ping_status":"closed","template":"page-templates\/side-menu.php","meta":{"_bbp_topic_count":0,"_bbp_reply_count":0,"_bbp_total_topic_count":0,"_bbp_total_reply_count":0,"_bbp_voice_count":0,"_bbp_anonymous_reply_count":0,"_bbp_topic_count_hidden":0,"_bbp_reply_count_hidden":0,"_bbp_forum_subforum_count":0,"footnotes":""},"class_list":["post-22","page","type-page","status-publish","hentry"],"post_mailing_queue_ids":[],"_links":{"self":[{"href":"https:\/\/agora.xtec.cat\/escolaelbruc\/wp-json\/wp\/v2\/pages\/22","targetHints":{"allow":["GET"]}}],"collection":[{"href":"https:\/\/agora.xtec.cat\/escolaelbruc\/wp-json\/wp\/v2\/pages"}],"about":[{"href":"https:\/\/agora.xtec.cat\/escolaelbruc\/wp-json\/wp\/v2\/types\/page"}],"author":[{"embeddable":true,"href":"https:\/\/agora.xtec.cat\/escolaelbruc\/wp-json\/wp\/v2\/users\/1"}],"replies":[{"embeddable":true,"href":"https:\/\/agora.xtec.cat\/escolaelbruc\/wp-json\/wp\/v2\/comments?post=22"}],"version-history":[{"count":6,"href":"https:\/\/agora.xtec.cat\/escolaelbruc\/wp-json\/wp\/v2\/pages\/22\/revisions"}],"predecessor-version":[{"id":3745,"href":"https:\/\/agora.xtec.cat\/escolaelbruc\/wp-json\/wp\/v2\/pages\/22\/revisions\/3745"}],"wp:attachment":[{"href":"https:\/\/agora.xtec.cat\/escolaelbruc\/wp-json\/wp\/v2\/media?parent=22"}],"curies":[{"name":"wp","href":"https:\/\/api.w.org\/{rel}","templated":true}]}}