{"id":758,"date":"2020-03-26T11:20:45","date_gmt":"2020-03-26T10:20:45","guid":{"rendered":"http:\/\/agora.xtec.cat\/escoladonesdaigua\/?page_id=758"},"modified":"2022-02-18T11:55:14","modified_gmt":"2022-02-18T10:55:14","slug":"lhort-escolar","status":"publish","type":"page","link":"https:\/\/agora.xtec.cat\/escoladonesdaigua\/projectes-descola\/lhort-escolar\/","title":{"rendered":"L&#8217;hort escolar"},"content":{"rendered":"<p style=\"text-align: center;\">\n<p style=\"text-align: left;\"><span lang=\"CA\">L\u2019hort a l\u2019escola es porta a terme des de fa anys, aprofitant un espai proper al pati d\u2019infantil. Els nens i nenes d&#8217;aquesta etapa, durant una de les sessions de l&#8217;\u00e0rea de descoberta de l&#8217;entorn es traslladen a l\u2019hort on se\u2019n fan c\u00e0rrec posant a punt la terra, plantant, regant i recollint tot all\u00f2 que han anat cultivant.<br \/>\n\u00c9s un projecte de treball multidisciplinari on hi tenen cabuda les \u00e0rees de descoberta de l&#8217;entorn, descoberta d&#8217;un mateix i dels altres i de comunicaci\u00f3 i llenguatge, aix\u00ed com un espai que afavoreix l\u2019adquisici\u00f3 de coneixements i actituds responsables en favor del medi ambient .<\/span><\/p>\n<div style=\"width: 480px;\" class=\"wp-video\"><!--[if lt IE 9]><script>document.createElement('video');<\/script><![endif]-->\n<video class=\"wp-video-shortcode\" id=\"video-758-1\" width=\"480\" height=\"480\" preload=\"metadata\" controls=\"controls\"><source type=\"video\/mp4\" src=\"https:\/\/agora.xtec.cat\/escoladonesdaigua\/wp-content\/uploads\/usu707\/2022\/02\/telegram_video.mp4?_=1\" \/><a href=\"https:\/\/agora.xtec.cat\/escoladonesdaigua\/wp-content\/uploads\/usu707\/2022\/02\/telegram_video.mp4\">https:\/\/agora.xtec.cat\/escoladonesdaigua\/wp-content\/uploads\/usu707\/2022\/02\/telegram_video.mp4<\/a><\/video><\/div>\n<p>&nbsp;<\/p>\n<p style=\"text-align: left;\">\n<p>&nbsp;<\/p>\n","protected":false},"excerpt":{"rendered":"<p>L\u2019hort a l\u2019escola es porta a terme des de fa anys, aprofitant un espai proper al pati d\u2019infantil. Els nens i nenes d&#8217;aquesta etapa, durant una de les sessions de l&#8217;\u00e0rea de descoberta de l&#8217;entorn es traslladen a l\u2019hort on se\u2019n fan c\u00e0rrec posant a&hellip;  <a href=\"https:\/\/agora.xtec.cat\/escoladonesdaigua\/projectes-descola\/lhort-escolar\/\" title=\"Read L&#8217;hort escolar\">Llegeix m\u00e9s\u00bb<\/a><\/p>\n","protected":false},"author":4,"featured_media":0,"parent":579,"menu_order":3,"comment_status":"closed","ping_status":"closed","template":"","meta":{"_bbp_topic_count":0,"_bbp_reply_count":0,"_bbp_total_topic_count":0,"_bbp_total_reply_count":0,"_bbp_voice_count":0,"_bbp_anonymous_reply_count":0,"_bbp_topic_count_hidden":0,"_bbp_reply_count_hidden":0,"_bbp_forum_subforum_count":0,"footnotes":""},"class_list":["post-758","page","type-page","status-publish","hentry"],"post_mailing_queue_ids":[],"_links":{"self":[{"href":"https:\/\/agora.xtec.cat\/escoladonesdaigua\/wp-json\/wp\/v2\/pages\/758","targetHints":{"allow":["GET"]}}],"collection":[{"href":"https:\/\/agora.xtec.cat\/escoladonesdaigua\/wp-json\/wp\/v2\/pages"}],"about":[{"href":"https:\/\/agora.xtec.cat\/escoladonesdaigua\/wp-json\/wp\/v2\/types\/page"}],"author":[{"embeddable":true,"href":"https:\/\/agora.xtec.cat\/escoladonesdaigua\/wp-json\/wp\/v2\/users\/4"}],"replies":[{"embeddable":true,"href":"https:\/\/agora.xtec.cat\/escoladonesdaigua\/wp-json\/wp\/v2\/comments?post=758"}],"version-history":[{"count":3,"href":"https:\/\/agora.xtec.cat\/escoladonesdaigua\/wp-json\/wp\/v2\/pages\/758\/revisions"}],"predecessor-version":[{"id":1357,"href":"https:\/\/agora.xtec.cat\/escoladonesdaigua\/wp-json\/wp\/v2\/pages\/758\/revisions\/1357"}],"up":[{"embeddable":true,"href":"https:\/\/agora.xtec.cat\/escoladonesdaigua\/wp-json\/wp\/v2\/pages\/579"}],"wp:attachment":[{"href":"https:\/\/agora.xtec.cat\/escoladonesdaigua\/wp-json\/wp\/v2\/media?parent=758"}],"curies":[{"name":"wp","href":"https:\/\/api.w.org\/{rel}","templated":true}]}}

<p style="text-align: center;">
<p style="text-align: left;"><span lang="CA">L’hort a l’escola es porta a terme des de fa anys, aprofitant un espai proper al pati d’infantil. Els nens i nenes d&#8217;aquesta etapa, durant una de les sessions de l&#8217;àrea de descoberta de l&#8217;entorn es traslladen a l’hort on se’n fan càrrec posant a punt la terra, plantant, regant i recollint tot allò que han anat cultivant.<br />
És un projecte de treball multidisciplinari on hi tenen cabuda les àrees de descoberta de l&#8217;entorn, descoberta d&#8217;un mateix i dels altres i de comunicació i llenguatge, així com un espai que afavoreix l’adquisició de coneixements i actituds responsables en favor del medi ambient .</span></p>
<div style="width: 480px;" class="wp-video"><!--[if lt IE 9]><script>document.createElement('video');</script><![endif]-->
<video class="wp-video-shortcode" id="video-758-1" width="480" height="480" preload="metadata" controls="controls"><source type="video/mp4" src="https://agora.xtec.cat/escoladonesdaigua/wp-content/uploads/usu707/2022/02/telegram_video.mp4?_=1" /><a href="https://agora.xtec.cat/escoladonesdaigua/wp-content/uploads/usu707/2022/02/telegram_video.mp4">https://agora.xtec.cat/escoladonesdaigua/wp-content/uploads/usu707/2022/02/telegram_video.mp4</a></video></div>
<p>&nbsp;</p>
<p style="text-align: left;">
<p>&nbsp;</p>

<p>L’hort a l’escola es porta a terme des de fa anys, aprofitant un espai proper al pati d’infantil. Els nens i nenes d&#8217;aquesta etapa, durant una de les sessions de l&#8217;àrea de descoberta de l&#8217;entorn es traslladen a l’hort on se’n fan càrrec posant a&hellip;  <a href="https://agora.xtec.cat/escoladonesdaigua/projectes-descola/lhort-escolar/" title="Read L&#8217;hort escolar">Llegeix més»</a></p>
