{"id":752,"date":"2020-03-25T19:40:50","date_gmt":"2020-03-25T18:40:50","guid":{"rendered":"http:\/\/agora.xtec.cat\/escoladonesdaigua\/?page_id=752"},"modified":"2022-03-15T15:15:54","modified_gmt":"2022-03-15T14:15:54","slug":"apadrinament-lector","status":"publish","type":"page","link":"https:\/\/agora.xtec.cat\/escoladonesdaigua\/projectes-descola\/apadrinament-lector\/","title":{"rendered":"Apadrinament lector\/ M&#8217;ho llegeixes"},"content":{"rendered":"<p><a href=\"https:\/\/agora.xtec.cat\/escoladonesdaigua\/wp-content\/uploads\/usu707\/2020\/03\/fondo-ninos-leyendo-libro_1009-122.jpg\"><img loading=\"lazy\" decoding=\"async\" class=\" wp-image-753 alignleft\" src=\"https:\/\/agora.xtec.cat\/escoladonesdaigua\/wp-content\/uploads\/usu707\/2020\/03\/fondo-ninos-leyendo-libro_1009-122.jpg\" alt=\"\" width=\"427\" height=\"427\" srcset=\"https:\/\/agora.xtec.cat\/escoladonesdaigua\/wp-content\/uploads\/usu707\/2020\/03\/fondo-ninos-leyendo-libro_1009-122.jpg 626w, https:\/\/agora.xtec.cat\/escoladonesdaigua\/wp-content\/uploads\/usu707\/2020\/03\/fondo-ninos-leyendo-libro_1009-122-150x150.jpg 150w, https:\/\/agora.xtec.cat\/escoladonesdaigua\/wp-content\/uploads\/usu707\/2020\/03\/fondo-ninos-leyendo-libro_1009-122-300x300.jpg 300w\" sizes=\"auto, (max-width: 427px) 100vw, 427px\" \/><\/a><\/p>\n<p>&nbsp;<\/p>\n<ul>\n<li><strong>L&#8217;apadrinament lector<\/strong> \u00e9s una<strong> activitat cooperativa<\/strong> que es realitza en parelles formades per <strong>l&#8217;alumnat de 6\u00e8 que fan de padrins de lectura i l&#8217;alumnat de 1r de prim\u00e0ria que fan de fillols.<\/strong><\/li>\n<\/ul>\n<p>El fet de ser padr\u00ed de lectura representa que l&#8217;alumne padr\u00ed adquireix el comprom\u00eds principal de vetllar per l&#8217;aprenentatge lector del seu fillol. L\u2019ajuda a aprendre a llegir, alhora que mira d&#8217;encomanar-li el gust per la lectura tot engrescant-lo a llegir.<\/p>\n<p>&nbsp;<\/p>\n<ul>\n<li><strong>M\u00b4ho llegeixes<\/strong> \u00e9s una activitat cooperativa entre l<strong>&#8216;alumnat de 4t i els nens i nenes de P2<\/strong> de la Llar d&#8217;infants la Vallalta. Els primers apadrinen als segons i cerquen lectures adients, propiciant el gust per la lectura amb els petits i estimulant als grans en tasques d&#8217;acompanyament i suport als petits.<\/li>\n<\/ul>\n<p>Els petits de P2 fan una activitat de pressa de contacte amb el centre referent d&#8217;Educaci\u00f3 infantil i Prim\u00e0ria del seu municipi, Sant Iscle de Vallalta.<\/p>\n<p>&nbsp;<\/p>\n","protected":false},"excerpt":{"rendered":"<p><a href=\"https:\/\/agora.xtec.cat\/escoladonesdaigua\/wp-content\/uploads\/usu707\/2020\/03\/fondo-ninos-leyendo-libro_1009-122.jpg\"><\/a><br \/>\n&nbsp;<\/p>\n<ul>\n<li>L&#8217;apadrinament lector \u00e9s una activitat cooperativa que es realitza en parelles formades per l&#8217;alumnat de 6\u00e8 que fan de padrins de lectura i l&#8217;alumnat de 1r de prim\u00e0ria que fan de fillols.<\/li>\n<\/ul>\n<p>El fet de ser padr\u00ed de lectura representa que l&#8217;alumne padr\u00ed adquireix el&hellip;  <a href=\"https:\/\/agora.xtec.cat\/escoladonesdaigua\/projectes-descola\/apadrinament-lector\/\" title=\"Read Apadrinament lector\/ M&#8217;ho llegeixes\">Llegeix m\u00e9s\u00bb<\/a><\/p>\n","protected":false},"author":4,"featured_media":0,"parent":579,"menu_order":2,"comment_status":"closed","ping_status":"closed","template":"","meta":{"_bbp_topic_count":0,"_bbp_reply_count":0,"_bbp_total_topic_count":0,"_bbp_total_reply_count":0,"_bbp_voice_count":0,"_bbp_anonymous_reply_count":0,"_bbp_topic_count_hidden":0,"_bbp_reply_count_hidden":0,"_bbp_forum_subforum_count":0,"footnotes":""},"class_list":["post-752","page","type-page","status-publish","hentry"],"post_mailing_queue_ids":[],"_links":{"self":[{"href":"https:\/\/agora.xtec.cat\/escoladonesdaigua\/wp-json\/wp\/v2\/pages\/752","targetHints":{"allow":["GET"]}}],"collection":[{"href":"https:\/\/agora.xtec.cat\/escoladonesdaigua\/wp-json\/wp\/v2\/pages"}],"about":[{"href":"https:\/\/agora.xtec.cat\/escoladonesdaigua\/wp-json\/wp\/v2\/types\/page"}],"author":[{"embeddable":true,"href":"https:\/\/agora.xtec.cat\/escoladonesdaigua\/wp-json\/wp\/v2\/users\/4"}],"replies":[{"embeddable":true,"href":"https:\/\/agora.xtec.cat\/escoladonesdaigua\/wp-json\/wp\/v2\/comments?post=752"}],"version-history":[{"count":3,"href":"https:\/\/agora.xtec.cat\/escoladonesdaigua\/wp-json\/wp\/v2\/pages\/752\/revisions"}],"predecessor-version":[{"id":1387,"href":"https:\/\/agora.xtec.cat\/escoladonesdaigua\/wp-json\/wp\/v2\/pages\/752\/revisions\/1387"}],"up":[{"embeddable":true,"href":"https:\/\/agora.xtec.cat\/escoladonesdaigua\/wp-json\/wp\/v2\/pages\/579"}],"wp:attachment":[{"href":"https:\/\/agora.xtec.cat\/escoladonesdaigua\/wp-json\/wp\/v2\/media?parent=752"}],"curies":[{"name":"wp","href":"https:\/\/api.w.org\/{rel}","templated":true}]}}

<p><a href="https://agora.xtec.cat/escoladonesdaigua/wp-content/uploads/usu707/2020/03/fondo-ninos-leyendo-libro_1009-122.jpg"><img loading="lazy" decoding="async" class=" wp-image-753 alignleft" src="https://agora.xtec.cat/escoladonesdaigua/wp-content/uploads/usu707/2020/03/fondo-ninos-leyendo-libro_1009-122.jpg" alt="" width="427" height="427" srcset="https://agora.xtec.cat/escoladonesdaigua/wp-content/uploads/usu707/2020/03/fondo-ninos-leyendo-libro_1009-122.jpg 626w, https://agora.xtec.cat/escoladonesdaigua/wp-content/uploads/usu707/2020/03/fondo-ninos-leyendo-libro_1009-122-150x150.jpg 150w, https://agora.xtec.cat/escoladonesdaigua/wp-content/uploads/usu707/2020/03/fondo-ninos-leyendo-libro_1009-122-300x300.jpg 300w" sizes="auto, (max-width: 427px) 100vw, 427px" /></a></p>
<p>&nbsp;</p>
<ul>
<li><strong>L&#8217;apadrinament lector</strong> és una<strong> activitat cooperativa</strong> que es realitza en parelles formades per <strong>l&#8217;alumnat de 6è que fan de padrins de lectura i l&#8217;alumnat de 1r de primària que fan de fillols.</strong></li>
</ul>
<p>El fet de ser padrí de lectura representa que l&#8217;alumne padrí adquireix el compromís principal de vetllar per l&#8217;aprenentatge lector del seu fillol. L’ajuda a aprendre a llegir, alhora que mira d&#8217;encomanar-li el gust per la lectura tot engrescant-lo a llegir.</p>
<p>&nbsp;</p>
<ul>
<li><strong>M´ho llegeixes</strong> és una activitat cooperativa entre l<strong>&#8216;alumnat de 4t i els nens i nenes de P2</strong> de la Llar d&#8217;infants la Vallalta. Els primers apadrinen als segons i cerquen lectures adients, propiciant el gust per la lectura amb els petits i estimulant als grans en tasques d&#8217;acompanyament i suport als petits.</li>
</ul>
<p>Els petits de P2 fan una activitat de pressa de contacte amb el centre referent d&#8217;Educació infantil i Primària del seu municipi, Sant Iscle de Vallalta.</p>
<p>&nbsp;</p>

<p><a href="https://agora.xtec.cat/escoladonesdaigua/wp-content/uploads/usu707/2020/03/fondo-ninos-leyendo-libro_1009-122.jpg"></a><br />
&nbsp;</p>
<ul>
<li>L&#8217;apadrinament lector és una activitat cooperativa que es realitza en parelles formades per l&#8217;alumnat de 6è que fan de padrins de lectura i l&#8217;alumnat de 1r de primària que fan de fillols.</li>
</ul>
<p>El fet de ser padrí de lectura representa que l&#8217;alumne padrí adquireix el&hellip;  <a href="https://agora.xtec.cat/escoladonesdaigua/projectes-descola/apadrinament-lector/" title="Read Apadrinament lector/ M&#8217;ho llegeixes">Llegeix més»</a></p>
