{"id":554,"date":"2020-02-14T10:41:25","date_gmt":"2020-02-14T09:41:25","guid":{"rendered":"http:\/\/agora.xtec.cat\/escoladonesdaigua\/?page_id=554"},"modified":"2022-07-15T12:52:14","modified_gmt":"2022-07-15T10:52:14","slug":"convenis-amb-el-centre","status":"publish","type":"page","link":"https:\/\/agora.xtec.cat\/escoladonesdaigua\/convenis-amb-el-centre\/","title":{"rendered":"Convenis d&#8217;\u00fas social"},"content":{"rendered":"<p>El Decret 102\/2010, de 3 d\u2019agost, d\u2019autonomia dels centres educatius preveu que el Departament d\u2019Ensenyament, els ajuntaments i els centres p\u00fablics promouen l\u2019\u00fas social dels edificis i instal\u00b7lacions dels centres educatius p\u00fablics, fora de l\u2019horari escolar, per part de persones f\u00edsiques o jur\u00eddiques sense \u00e0nim de lucre, per a la realitzaci\u00f3 d\u2019activitats educatives, culturals, art\u00edstiques, esportives o altres de car\u00e0cter social i que no suposen l\u2019establiment d\u2019obligacions jur\u00eddiques contractuals o de qualsevol altra mena.<\/p>\n<p><strong><em>En l&#8217;actualitat no hi ha conveni d&#8217;\u00fas social amb l&#8217;Ajuntament ni amb cap entitat.<\/em><\/strong><\/p>\n<p>&nbsp;<\/p>\n<p>&nbsp;<\/p>\n","protected":false},"excerpt":{"rendered":"<p>El Decret 102\/2010, de 3 d\u2019agost, d\u2019autonomia dels centres educatius preveu que el Departament d\u2019Ensenyament, els ajuntaments i els centres p\u00fablics promouen l\u2019\u00fas social dels edificis i instal\u00b7lacions dels centres educatius p\u00fablics, fora de l\u2019horari escolar, per part de persones f\u00edsiques o jur\u00eddiques sense \u00e0nim&hellip;  <a href=\"https:\/\/agora.xtec.cat\/escoladonesdaigua\/convenis-amb-el-centre\/\" title=\"Read Convenis d&#8217;\u00fas social\">Llegeix m\u00e9s\u00bb<\/a><\/p>\n","protected":false},"author":7,"featured_media":0,"parent":0,"menu_order":0,"comment_status":"closed","ping_status":"closed","template":"","meta":{"_bbp_topic_count":0,"_bbp_reply_count":0,"_bbp_total_topic_count":0,"_bbp_total_reply_count":0,"_bbp_voice_count":0,"_bbp_anonymous_reply_count":0,"_bbp_topic_count_hidden":0,"_bbp_reply_count_hidden":0,"_bbp_forum_subforum_count":0,"footnotes":""},"class_list":["post-554","page","type-page","status-publish","hentry"],"post_mailing_queue_ids":[],"_links":{"self":[{"href":"https:\/\/agora.xtec.cat\/escoladonesdaigua\/wp-json\/wp\/v2\/pages\/554","targetHints":{"allow":["GET"]}}],"collection":[{"href":"https:\/\/agora.xtec.cat\/escoladonesdaigua\/wp-json\/wp\/v2\/pages"}],"about":[{"href":"https:\/\/agora.xtec.cat\/escoladonesdaigua\/wp-json\/wp\/v2\/types\/page"}],"author":[{"embeddable":true,"href":"https:\/\/agora.xtec.cat\/escoladonesdaigua\/wp-json\/wp\/v2\/users\/7"}],"replies":[{"embeddable":true,"href":"https:\/\/agora.xtec.cat\/escoladonesdaigua\/wp-json\/wp\/v2\/comments?post=554"}],"version-history":[{"count":4,"href":"https:\/\/agora.xtec.cat\/escoladonesdaigua\/wp-json\/wp\/v2\/pages\/554\/revisions"}],"predecessor-version":[{"id":1478,"href":"https:\/\/agora.xtec.cat\/escoladonesdaigua\/wp-json\/wp\/v2\/pages\/554\/revisions\/1478"}],"wp:attachment":[{"href":"https:\/\/agora.xtec.cat\/escoladonesdaigua\/wp-json\/wp\/v2\/media?parent=554"}],"curies":[{"name":"wp","href":"https:\/\/api.w.org\/{rel}","templated":true}]}}

Convenis d&#8217;ús social

<p>El Decret 102/2010, de 3 d’agost, d’autonomia dels centres educatius preveu que el Departament d’Ensenyament, els ajuntaments i els centres públics promouen l’ús social dels edificis i instal·lacions dels centres educatius públics, fora de l’horari escolar, per part de persones físiques o jurídiques sense ànim de lucre, per a la realització d’activitats educatives, culturals, artístiques, esportives o altres de caràcter social i que no suposen l’establiment d’obligacions jurídiques contractuals o de qualsevol altra mena.</p>
<p><strong><em>En l&#8217;actualitat no hi ha conveni d&#8217;ús social amb l&#8217;Ajuntament ni amb cap entitat.</em></strong></p>
<p>&nbsp;</p>
<p>&nbsp;</p>

<p>El Decret 102/2010, de 3 d’agost, d’autonomia dels centres educatius preveu que el Departament d’Ensenyament, els ajuntaments i els centres públics promouen l’ús social dels edificis i instal·lacions dels centres educatius públics, fora de l’horari escolar, per part de persones físiques o jurídiques sense ànim&hellip;  <a href="https://agora.xtec.cat/escoladonesdaigua/convenis-amb-el-centre/" title="Read Convenis d&#8217;ús social">Llegeix més»</a></p>
