{"id":522,"date":"2020-02-13T00:42:08","date_gmt":"2020-02-12T23:42:08","guid":{"rendered":"http:\/\/agora.xtec.cat\/escoladonesdaigua\/?page_id=522"},"modified":"2021-04-20T13:32:48","modified_gmt":"2021-04-20T11:32:48","slug":"fills-lectors","status":"publish","type":"page","link":"https:\/\/agora.xtec.cat\/escoladonesdaigua\/families\/fills-lectors\/","title":{"rendered":"Gust per la lectura i fills lectors"},"content":{"rendered":"<div class=\"entry-content\">\n<div>\n<div>\n<p>(extracte de <a href=\"http:\/\/www20.gencat.cat\/portal\/site\/familiaescola\/menuitem.5b21aabe12191ad9aacf3010b0c0e1a0\/?vgnextoid=a063ede29681f310VgnVCM2000009b0c1e0aRCRD&amp;vgnextchannel=a063ede29681f310VgnVCM2000009b0c1e0aRCRD&amp;vgnextfmt=default\" target=\"_blank\" rel=\"noopener noreferrer\">Lectura, fam\u00edlia i escola<\/a>)<\/p>\n<p>Aconseguir que els vostres fills obtinguin l\u2019h\u00e0bit de lectura dep\u00e8n, en gran mesura, de la vostra tasca. L\u2019escola t\u00e9 un paper molt important en l\u2019aprenentatge i el foment de la lectura dels vostres fills, per\u00f2 el gust per llegir va m\u00e9s enll\u00e0 i no es podr\u00e0 aconseguir plenament sense la vostra col\u00b7laboraci\u00f3. \u00c9s important fomentar la lectura en els nens des dels primers mesos de vida i acompanyar-los en tot el proc\u00e9s.<\/p>\n<p>Tot seguit us presentem una s\u00e8rie de <strong>recomanacions<\/strong> que us poden ajudar a aconseguir que els vostres fills trobin el gust per la lectura:<\/p>\n<ol>\n<li><strong>Intenteu que us vegin llegir a casa<\/strong>. Aquest \u00e9s el primer pas que heu de fer com a pares: el contagi m\u00e9s efica\u00e7 \u00e9s l\u2019exemple.<\/li>\n<li><strong>Llegiu en veu alta als vostres fills quan s\u00f3n petits<\/strong>. D\u2019aquesta manera l\u2019infant associar\u00e0 els llibres amb una experi\u00e8ncia de benestar i despertareu en ells l\u2019emoci\u00f3 i l\u2019inter\u00e8s cap als llibres.<\/li>\n<li><strong>Practiqueu la lectura de deu a vint minuts cada dia amb ells<\/strong>. \u00c9s m\u00e9s benefici\u00f3s llegir un temps curt cada dia que no pas llegir una hora seguida un cop a la setmana. A m\u00e9s d\u2019ajudar-los a desenvolupar l\u2019h\u00e0bit lector, els vostres fills us agrairan aquesta estona de dedicaci\u00f3 i acompanyament diari.<\/li>\n<li><strong>Valoreu el vostre fill quan estigui llegint, <\/strong>d\u2019aquesta manera el motiveu perqu\u00e8 ho segueixi fent i consolideu el seu h\u00e0bit lector.<\/li>\n<li><strong>Cal que tingueu a casa llibres que els interessin<\/strong> perqu\u00e8 s\u00f3n l\u2019instrument m\u00e9s poder\u00f3s per convidar a la lectura. Els vostres fills han de descobrir que es llegeix per aprendre, per\u00f2 tamb\u00e9 per passar-ho b\u00e9, per plaer i per distracci\u00f3.<\/li>\n<li><strong>\u00c9s important que disposeu d\u2019un lloc agradable per llegir<\/strong> amb llum adequada, amb tranquil\u00b7litat i sense sorolls que poden distreure la lectura.<\/li>\n<li><strong>Ajudeu-los a planificar un temps per a la lectura<\/strong> i penseu que fora de casa tamb\u00e9 hi ha llocs i moments per llegir: a la biblioteca, a l\u2019autob\u00fas, a la consulta m\u00e8dica\u2026<\/li>\n<li><strong>Doneu-los a con\u00e8ixer altres formats, com els llibres digitals<\/strong>, els blogs, les p\u00e0gines web\u2026 com una manera diferent d\u2019acostar-se a la lectura.<\/li>\n<li><strong>Interesseu-vos per les seves lectures de classe<\/strong> i compartiu-les amb tanta naturalitat com pugueu, sense convertir-les \u00fanicament en un deure escolar.<\/li>\n<li><strong>Feu amb ells activitats al voltant dels llibres, <\/strong>com ara dibuixar sobre els personatges dels llibres que llegeix, anar al teatre o al cinema a veure obres relacionades amb llibres.<\/li>\n<li><strong>Mireu amb els vostres fills pel\u00b7l\u00edcules basades en llibres.<\/strong> Quan alguna pel\u00b7l\u00edcula els agradi molt, aprofiteu per explicar-los que est\u00e0 basada en un llibre que inclou moltes m\u00e9s coses que no apareixen en la pel\u00b7l\u00edcula per falta de temps. Podr\u00e0 ser una motivaci\u00f3 per a la lectura.<\/li>\n<\/ol>\n<\/div>\n<\/div>\n<p>Per saber m\u00e9s sobre el tema podeu llegir \u201c<a href=\"http:\/\/www.fbofill.cat\/intra\/fbofill\/documents\/publicacions\/553.pdf\" target=\"_blank\" rel=\"noopener noreferrer\">El m\u00e8tode definitiu per tenir fills lectors<\/a>\u201c<\/p>\n<\/div>\n","protected":false},"excerpt":{"rendered":"<p>(extracte de <a href=\"http:\/\/www20.gencat.cat\/portal\/site\/familiaescola\/menuitem.5b21aabe12191ad9aacf3010b0c0e1a0\/?vgnextoid=a063ede29681f310VgnVCM2000009b0c1e0aRCRD&amp;vgnextchannel=a063ede29681f310VgnVCM2000009b0c1e0aRCRD&amp;vgnextfmt=default\" target=\"_blank\" rel=\"noopener noreferrer\">Lectura, fam\u00edlia i escola<\/a>)<br \/>\nAconseguir que els vostres fills obtinguin l\u2019h\u00e0bit de lectura dep\u00e8n, en gran mesura, de la vostra tasca. L\u2019escola t\u00e9 un paper molt important en l\u2019aprenentatge i el foment de la lectura dels vostres fills, per\u00f2 el&hellip;  <a href=\"https:\/\/agora.xtec.cat\/escoladonesdaigua\/families\/fills-lectors\/\" title=\"Read Gust per la lectura i fills lectors\">Llegeix m\u00e9s\u00bb<\/a><\/p>\n","protected":false},"author":8,"featured_media":0,"parent":513,"menu_order":0,"comment_status":"closed","ping_status":"closed","template":"page-templates\/side-menu.php","meta":{"_bbp_topic_count":0,"_bbp_reply_count":0,"_bbp_total_topic_count":0,"_bbp_total_reply_count":0,"_bbp_voice_count":0,"_bbp_anonymous_reply_count":0,"_bbp_topic_count_hidden":0,"_bbp_reply_count_hidden":0,"_bbp_forum_subforum_count":0,"footnotes":""},"class_list":["post-522","page","type-page","status-publish","hentry"],"post_mailing_queue_ids":[],"_links":{"self":[{"href":"https:\/\/agora.xtec.cat\/escoladonesdaigua\/wp-json\/wp\/v2\/pages\/522","targetHints":{"allow":["GET"]}}],"collection":[{"href":"https:\/\/agora.xtec.cat\/escoladonesdaigua\/wp-json\/wp\/v2\/pages"}],"about":[{"href":"https:\/\/agora.xtec.cat\/escoladonesdaigua\/wp-json\/wp\/v2\/types\/page"}],"author":[{"embeddable":true,"href":"https:\/\/agora.xtec.cat\/escoladonesdaigua\/wp-json\/wp\/v2\/users\/8"}],"replies":[{"embeddable":true,"href":"https:\/\/agora.xtec.cat\/escoladonesdaigua\/wp-json\/wp\/v2\/comments?post=522"}],"version-history":[{"count":2,"href":"https:\/\/agora.xtec.cat\/escoladonesdaigua\/wp-json\/wp\/v2\/pages\/522\/revisions"}],"predecessor-version":[{"id":1126,"href":"https:\/\/agora.xtec.cat\/escoladonesdaigua\/wp-json\/wp\/v2\/pages\/522\/revisions\/1126"}],"up":[{"embeddable":true,"href":"https:\/\/agora.xtec.cat\/escoladonesdaigua\/wp-json\/wp\/v2\/pages\/513"}],"wp:attachment":[{"href":"https:\/\/agora.xtec.cat\/escoladonesdaigua\/wp-json\/wp\/v2\/media?parent=522"}],"curies":[{"name":"wp","href":"https:\/\/api.w.org\/{rel}","templated":true}]}}