{"id":469,"date":"2020-02-13T00:08:59","date_gmt":"2020-02-12T23:08:59","guid":{"rendered":"http:\/\/agora.xtec.cat\/escoladonesdaigua\/?page_id=469"},"modified":"2026-03-23T09:47:51","modified_gmt":"2026-03-23T08:47:51","slug":"consell-escolar","status":"publish","type":"page","link":"https:\/\/agora.xtec.cat\/escoladonesdaigua\/lescola-2\/consell-escolar\/","title":{"rendered":"Consell Escolar: Qui som? Com ens organitzem?"},"content":{"rendered":"<header class=\"entry-header\">\n<p class=\"entry-title\"><span style=\"font-family: inherit; font-size: 1em; font-weight: normal;\">El consell escolar del centre \u00e9s l\u2019<\/span><strong style=\"font-family: inherit; font-size: 1em;\">\u00f2rgan col\u00b7legiat de participaci\u00f3<\/strong><span style=\"font-family: inherit; font-size: 1em; font-weight: normal;\">\u00a0de la comunitat escolar en el govern del centre. En el consell escolar hi ha representats tots els col\u00b7lectius que intervenen en la comunitat educativa: director, professorat, alumnat, personal d\u2019administraci\u00f3 i serveis, etc.<\/span><\/p>\n<\/header>\n<div class=\"entry-content\">\n<div class=\"fpca_descripciopagina\">\n<div class=\"basic_text_peq pd-15 pd-30\">\n<p>En els centres p\u00fablics, la funci\u00f3 principal del consell escolar \u00e9s participar en la presa de decisions en relaci\u00f3 amb aquells temes importants per al funcionament i l\u2019organitzaci\u00f3 del centre: el projecte educatiu, la programaci\u00f3 general, la gesti\u00f3 econ\u00f2mica, etc.<\/p>\n<p>Els membres del consell escolar s\u00f3n elegits per un per\u00edode de quatre anys i es renoven per meitats cada dos anys.<\/p>\n<p><strong>MEMBRES DEL CONSELL ESCOLAR<\/strong><\/p>\n<p><strong>Directora i presidenta del consell escolar:<\/strong> Rossana C. Mu\u00f1oz Bravo<\/p>\n<p><strong>Cap d\u2019estudis:<\/strong> Maria Hereu Degollada<\/p>\n<p><strong>Secretaria:<\/strong> Elisabet Garcia Ramos<\/p>\n<p><strong>Representants mestres:<\/strong> Maria Teresa Riera i Tuset, Carles Medina Roncel i Carles Morales<\/p>\n<\/div>\n<p><strong>Representants fam\u00edlies:<\/strong> Carlos Arag\u00f3n Vernet i Albert Murillo<\/p>\n<p><strong>Representant PAS:<\/strong> Guillermina Crespo P\u00e9rez<\/p>\n<div class=\"basic_text_peq pd-15 pd-30\">\n<p><strong>Representant de l\u2019Ajuntament:<\/strong> Eduard Turon i Mainat<\/p>\n<p><strong>Representant AFA:<\/strong> Cristina L\u00f3pez Bachs<\/p>\n<\/div>\n<\/div>\n<\/div>\n","protected":false},"excerpt":{"rendered":"<p>El consell escolar del centre \u00e9s l\u2019\u00f2rgan col\u00b7legiat de participaci\u00f3\u00a0de la comunitat escolar en el govern del centre. En el consell escolar hi ha representats tots els col\u00b7lectius que intervenen en la comunitat educativa: director, professorat, alumnat, personal d\u2019administraci\u00f3 i serveis, etc.<\/p>\n<p>En els centres p\u00fablics,&hellip;  <a href=\"https:\/\/agora.xtec.cat\/escoladonesdaigua\/lescola-2\/consell-escolar\/\" title=\"Read Consell Escolar: Qui som? Com ens organitzem?\">Llegeix m\u00e9s\u00bb<\/a><\/p>\n","protected":false},"author":8,"featured_media":0,"parent":458,"menu_order":0,"comment_status":"closed","ping_status":"closed","template":"page-templates\/side-menu.php","meta":{"_bbp_topic_count":0,"_bbp_reply_count":0,"_bbp_total_topic_count":0,"_bbp_total_reply_count":0,"_bbp_voice_count":0,"_bbp_anonymous_reply_count":0,"_bbp_topic_count_hidden":0,"_bbp_reply_count_hidden":0,"_bbp_forum_subforum_count":0,"footnotes":""},"class_list":["post-469","page","type-page","status-publish","hentry"],"post_mailing_queue_ids":[],"_links":{"self":[{"href":"https:\/\/agora.xtec.cat\/escoladonesdaigua\/wp-json\/wp\/v2\/pages\/469","targetHints":{"allow":["GET"]}}],"collection":[{"href":"https:\/\/agora.xtec.cat\/escoladonesdaigua\/wp-json\/wp\/v2\/pages"}],"about":[{"href":"https:\/\/agora.xtec.cat\/escoladonesdaigua\/wp-json\/wp\/v2\/types\/page"}],"author":[{"embeddable":true,"href":"https:\/\/agora.xtec.cat\/escoladonesdaigua\/wp-json\/wp\/v2\/users\/8"}],"replies":[{"embeddable":true,"href":"https:\/\/agora.xtec.cat\/escoladonesdaigua\/wp-json\/wp\/v2\/comments?post=469"}],"version-history":[{"count":6,"href":"https:\/\/agora.xtec.cat\/escoladonesdaigua\/wp-json\/wp\/v2\/pages\/469\/revisions"}],"predecessor-version":[{"id":1944,"href":"https:\/\/agora.xtec.cat\/escoladonesdaigua\/wp-json\/wp\/v2\/pages\/469\/revisions\/1944"}],"up":[{"embeddable":true,"href":"https:\/\/agora.xtec.cat\/escoladonesdaigua\/wp-json\/wp\/v2\/pages\/458"}],"wp:attachment":[{"href":"https:\/\/agora.xtec.cat\/escoladonesdaigua\/wp-json\/wp\/v2\/media?parent=469"}],"curies":[{"name":"wp","href":"https:\/\/api.w.org\/{rel}","templated":true}]}}

<header class="entry-header">
<p class="entry-title"><span style="font-family: inherit; font-size: 1em; font-weight: normal;">El consell escolar del centre és l’</span><strong style="font-family: inherit; font-size: 1em;">òrgan col·legiat de participació</strong><span style="font-family: inherit; font-size: 1em; font-weight: normal;"> de la comunitat escolar en el govern del centre. En el consell escolar hi ha representats tots els col·lectius que intervenen en la comunitat educativa: director, professorat, alumnat, personal d’administració i serveis, etc.</span></p>
</header>
<div class="entry-content">
<div class="fpca_descripciopagina">
<div class="basic_text_peq pd-15 pd-30">
<p>En els centres públics, la funció principal del consell escolar és participar en la presa de decisions en relació amb aquells temes importants per al funcionament i l’organització del centre: el projecte educatiu, la programació general, la gestió econòmica, etc.</p>
<p>Els membres del consell escolar són elegits per un període de quatre anys i es renoven per meitats cada dos anys.</p>
<p><strong>MEMBRES DEL CONSELL ESCOLAR</strong></p>
<p><strong>Directora i presidenta del consell escolar:</strong> Rossana C. Muñoz Bravo</p>
<p><strong>Cap d’estudis:</strong> Maria Hereu Degollada</p>
<p><strong>Secretaria:</strong> Elisabet Garcia Ramos</p>
<p><strong>Representants mestres:</strong> Maria Teresa Riera i Tuset, Carles Medina Roncel i Carles Morales</p>
</div>
<p><strong>Representants famílies:</strong> Carlos Aragón Vernet i Albert Murillo</p>
<p><strong>Representant PAS:</strong> Guillermina Crespo Pérez</p>
<div class="basic_text_peq pd-15 pd-30">
<p><strong>Representant de l’Ajuntament:</strong> Eduard Turon i Mainat</p>
<p><strong>Representant AFA:</strong> Cristina López Bachs</p>
</div>
</div>
</div>

<p>El consell escolar del centre és l’òrgan col·legiat de participació de la comunitat escolar en el govern del centre. En el consell escolar hi ha representats tots els col·lectius que intervenen en la comunitat educativa: director, professorat, alumnat, personal d’administració i serveis, etc.</p>
<p>En els centres públics,&hellip;  <a href="https://agora.xtec.cat/escoladonesdaigua/lescola-2/consell-escolar/" title="Read Consell Escolar: Qui som? Com ens organitzem?">Llegeix més»</a></p>
