{"id":461,"date":"2020-02-13T00:05:44","date_gmt":"2020-02-12T23:05:44","guid":{"rendered":"http:\/\/agora.xtec.cat\/escoladonesdaigua\/?page_id=461"},"modified":"2022-03-15T13:49:02","modified_gmt":"2022-03-15T12:49:02","slug":"historia","status":"publish","type":"page","link":"https:\/\/agora.xtec.cat\/escoladonesdaigua\/lescola-2\/historia\/","title":{"rendered":"Hist\u00f2ria"},"content":{"rendered":"<p><strong><a href=\"https:\/\/agora.xtec.cat\/escoladonesdaigua\/wp-content\/uploads\/usu707\/2016\/07\/20160714_100059-WEB.jpg\"><img loading=\"lazy\" decoding=\"async\" class=\"alignleft size-full wp-image-218\" src=\"https:\/\/agora.xtec.cat\/escoladonesdaigua\/wp-content\/uploads\/usu707\/2016\/07\/20160714_100059-WEB.jpg\" alt=\"\" width=\"409\" height=\"230\" srcset=\"https:\/\/agora.xtec.cat\/escoladonesdaigua\/wp-content\/uploads\/usu707\/2016\/07\/20160714_100059-WEB.jpg 409w, https:\/\/agora.xtec.cat\/escoladonesdaigua\/wp-content\/uploads\/usu707\/2016\/07\/20160714_100059-WEB-300x169.jpg 300w\" sizes=\"auto, (max-width: 409px) 100vw, 409px\" \/><\/a><\/strong><\/p>\n<p><strong>L\u2019Escola Dones d\u2019aigua <\/strong>\u00e9s un centre educatiu de segon cicle d\u2019educaci\u00f3 infantil i d\u2019educaci\u00f3 prim\u00e0ria de titularitat p\u00fablica (Departament d\u2019Ensenyament de la Generalitat de Catalunya). \u00c9s un centre d\u2019una l\u00ednia per tant amb 9 grups o unitats.<\/p>\n<p>L\u2019Escola Dones d\u2019aigua \u00e9s <strong>l\u2019\u00fanica escola del poble de Sant Iscle de Vallalta <\/strong>i juntament amb la ve\u00efna Llar d\u2019infants Vallalta, de titularitat municipal, les dues \u00faniques institucions educatives del municipi.<\/p>\n<p>A <strong>nivell hist\u00f2ric<\/strong>, els or\u00edgens del poble s\u00f3n medievals. L\u2019esgl\u00e9sia parroquial va ser consagrada l\u2019any 1090. El poble estava format pel nucli de la pla\u00e7a, l\u2019esgl\u00e9sia i carrers que l\u2019envolten. Fins el 1599 el municipi comprenia tamb\u00e9 l\u2019actual municipi de Canet de Mar. Fou aquesta data la de la independ\u00e8ncia de Canet donada la desaparici\u00f3 de la pirateria i la proliferaci\u00f3 dels municipis costaners.<\/p>\n<p>&nbsp;<\/p>\n<p><em><u>Contextualitzaci\u00f3 del centre<\/u><\/em><\/p>\n<p><strong>L\u2019Escola Dones d\u2019aigua ha patit molts canvis<\/strong>. Fins el 2008 el centre pertanyia a una Agrupaci\u00f3 Rural amb l\u2019Escola d\u2019Hortsaviny\u00e0. Es compartien mestres especialistes entre els dos centres per\u00f2 eren centres totalment independents a nivell administratiu i a nivell d\u2019\u00f2rgans de govern. Llavors, l\u2019escola tenia 36 alumnes per\u00f2 el curs 1999-2000 el centre havia estat a punt de desapar\u00e8ixer i tenia nom\u00e9s 9 alumnes. Llavors encara s\u2019anomenava CEIP Vallalta.<\/p>\n<p>El creixement demogr\u00e0fic del municipi van fer cr\u00e9ixer la matr\u00edcula fins als 137 alumnes que hem arribat a tenir a l\u2019escola. Durant aquest creixement l\u2019escola es va ampliar amb m\u00f2duls prefabricats el 2003-2004 i posteriorment es va estrenar l\u2019actual edifici el curs 2007-2008. \u00c9s un edifici amb capacitat per 225 alumnes (1 l\u00ednia) i per tant actualment la seva ocupaci\u00f3 estaria al voltant del 60% i actualment es treballa amb una r\u00e0tio de 14,44 alumnes per grup de mitjana. Comptem doncs amb un edifici amb instal\u00b7lacions modernes i actualitzades.<\/p>\n<p><a href=\"https:\/\/agora.xtec.cat\/escoladonesdaigua\/wp-content\/uploads\/usu707\/2022\/03\/IMG_20220303_092557-scaled.jpg\"><img loading=\"lazy\" decoding=\"async\" class=\"wp-image-1385 alignleft\" src=\"https:\/\/agora.xtec.cat\/escoladonesdaigua\/wp-content\/uploads\/usu707\/2022\/03\/IMG_20220303_092557-scaled.jpg\" alt=\"\" width=\"492\" height=\"656\" srcset=\"https:\/\/agora.xtec.cat\/escoladonesdaigua\/wp-content\/uploads\/usu707\/2022\/03\/IMG_20220303_092557-scaled.jpg 1920w, https:\/\/agora.xtec.cat\/escoladonesdaigua\/wp-content\/uploads\/usu707\/2022\/03\/IMG_20220303_092557-225x300.jpg 225w, https:\/\/agora.xtec.cat\/escoladonesdaigua\/wp-content\/uploads\/usu707\/2022\/03\/IMG_20220303_092557-768x1024.jpg 768w, https:\/\/agora.xtec.cat\/escoladonesdaigua\/wp-content\/uploads\/usu707\/2022\/03\/IMG_20220303_092557-1152x1536.jpg 1152w, https:\/\/agora.xtec.cat\/escoladonesdaigua\/wp-content\/uploads\/usu707\/2022\/03\/IMG_20220303_092557-1536x2048.jpg 1536w\" sizes=\"auto, (max-width: 492px) 100vw, 492px\" \/><\/a><\/p>\n<p>&nbsp;<\/p>\n<p><span style=\"text-decoration: underline;\"><strong>El curs 2017-18 vam fer 10 anys de la inauguraci\u00f3 del nou edifici!!<\/strong><\/span><\/p>\n<p>&nbsp;<\/p>\n","protected":false},"excerpt":{"rendered":"<p><a href=\"https:\/\/agora.xtec.cat\/escoladonesdaigua\/wp-content\/uploads\/usu707\/2016\/07\/20160714_100059-WEB.jpg\"><\/a><br \/>\nL\u2019Escola Dones d\u2019aigua \u00e9s un centre educatiu de segon cicle d\u2019educaci\u00f3 infantil i d\u2019educaci\u00f3 prim\u00e0ria de titularitat p\u00fablica (Departament d\u2019Ensenyament de la Generalitat de Catalunya). \u00c9s un centre d\u2019una l\u00ednia per tant amb 9 grups o unitats.<br \/>\nL\u2019Escola Dones d\u2019aigua \u00e9s l\u2019\u00fanica escola del poble&hellip;  <a href=\"https:\/\/agora.xtec.cat\/escoladonesdaigua\/lescola-2\/historia\/\" title=\"Read Hist\u00f2ria\">Llegeix m\u00e9s\u00bb<\/a><\/p>\n","protected":false},"author":8,"featured_media":0,"parent":458,"menu_order":0,"comment_status":"closed","ping_status":"closed","template":"page-templates\/side-menu.php","meta":{"_bbp_topic_count":0,"_bbp_reply_count":0,"_bbp_total_topic_count":0,"_bbp_total_reply_count":0,"_bbp_voice_count":0,"_bbp_anonymous_reply_count":0,"_bbp_topic_count_hidden":0,"_bbp_reply_count_hidden":0,"_bbp_forum_subforum_count":0,"footnotes":""},"class_list":["post-461","page","type-page","status-publish","hentry"],"post_mailing_queue_ids":[],"_links":{"self":[{"href":"https:\/\/agora.xtec.cat\/escoladonesdaigua\/wp-json\/wp\/v2\/pages\/461","targetHints":{"allow":["GET"]}}],"collection":[{"href":"https:\/\/agora.xtec.cat\/escoladonesdaigua\/wp-json\/wp\/v2\/pages"}],"about":[{"href":"https:\/\/agora.xtec.cat\/escoladonesdaigua\/wp-json\/wp\/v2\/types\/page"}],"author":[{"embeddable":true,"href":"https:\/\/agora.xtec.cat\/escoladonesdaigua\/wp-json\/wp\/v2\/users\/8"}],"replies":[{"embeddable":true,"href":"https:\/\/agora.xtec.cat\/escoladonesdaigua\/wp-json\/wp\/v2\/comments?post=461"}],"version-history":[{"count":3,"href":"https:\/\/agora.xtec.cat\/escoladonesdaigua\/wp-json\/wp\/v2\/pages\/461\/revisions"}],"predecessor-version":[{"id":1386,"href":"https:\/\/agora.xtec.cat\/escoladonesdaigua\/wp-json\/wp\/v2\/pages\/461\/revisions\/1386"}],"up":[{"embeddable":true,"href":"https:\/\/agora.xtec.cat\/escoladonesdaigua\/wp-json\/wp\/v2\/pages\/458"}],"wp:attachment":[{"href":"https:\/\/agora.xtec.cat\/escoladonesdaigua\/wp-json\/wp\/v2\/media?parent=461"}],"curies":[{"name":"wp","href":"https:\/\/api.w.org\/{rel}","templated":true}]}}

Història

<p><strong><a href="https://agora.xtec.cat/escoladonesdaigua/wp-content/uploads/usu707/2016/07/20160714_100059-WEB.jpg"><img loading="lazy" decoding="async" class="alignleft size-full wp-image-218" src="https://agora.xtec.cat/escoladonesdaigua/wp-content/uploads/usu707/2016/07/20160714_100059-WEB.jpg" alt="" width="409" height="230" srcset="https://agora.xtec.cat/escoladonesdaigua/wp-content/uploads/usu707/2016/07/20160714_100059-WEB.jpg 409w, https://agora.xtec.cat/escoladonesdaigua/wp-content/uploads/usu707/2016/07/20160714_100059-WEB-300x169.jpg 300w" sizes="auto, (max-width: 409px) 100vw, 409px" /></a></strong></p>
<p><strong>L’Escola Dones d’aigua </strong>és un centre educatiu de segon cicle d’educació infantil i d’educació primària de titularitat pública (Departament d’Ensenyament de la Generalitat de Catalunya). És un centre d’una línia per tant amb 9 grups o unitats.</p>
<p>L’Escola Dones d’aigua és <strong>l’única escola del poble de Sant Iscle de Vallalta </strong>i juntament amb la veïna Llar d’infants Vallalta, de titularitat municipal, les dues úniques institucions educatives del municipi.</p>
<p>A <strong>nivell històric</strong>, els orígens del poble són medievals. L’església parroquial va ser consagrada l’any 1090. El poble estava format pel nucli de la plaça, l’església i carrers que l’envolten. Fins el 1599 el municipi comprenia també l’actual municipi de Canet de Mar. Fou aquesta data la de la independència de Canet donada la desaparició de la pirateria i la proliferació dels municipis costaners.</p>
<p>&nbsp;</p>
<p><em><u>Contextualització del centre</u></em></p>
<p><strong>L’Escola Dones d’aigua ha patit molts canvis</strong>. Fins el 2008 el centre pertanyia a una Agrupació Rural amb l’Escola d’Hortsavinyà. Es compartien mestres especialistes entre els dos centres però eren centres totalment independents a nivell administratiu i a nivell d’òrgans de govern. Llavors, l’escola tenia 36 alumnes però el curs 1999-2000 el centre havia estat a punt de desaparèixer i tenia només 9 alumnes. Llavors encara s’anomenava CEIP Vallalta.</p>
<p>El creixement demogràfic del municipi van fer créixer la matrícula fins als 137 alumnes que hem arribat a tenir a l’escola. Durant aquest creixement l’escola es va ampliar amb mòduls prefabricats el 2003-2004 i posteriorment es va estrenar l’actual edifici el curs 2007-2008. És un edifici amb capacitat per 225 alumnes (1 línia) i per tant actualment la seva ocupació estaria al voltant del 60% i actualment es treballa amb una ràtio de 14,44 alumnes per grup de mitjana. Comptem doncs amb un edifici amb instal·lacions modernes i actualitzades.</p>
<p><a href="https://agora.xtec.cat/escoladonesdaigua/wp-content/uploads/usu707/2022/03/IMG_20220303_092557-scaled.jpg"><img loading="lazy" decoding="async" class="wp-image-1385 alignleft" src="https://agora.xtec.cat/escoladonesdaigua/wp-content/uploads/usu707/2022/03/IMG_20220303_092557-scaled.jpg" alt="" width="492" height="656" srcset="https://agora.xtec.cat/escoladonesdaigua/wp-content/uploads/usu707/2022/03/IMG_20220303_092557-scaled.jpg 1920w, https://agora.xtec.cat/escoladonesdaigua/wp-content/uploads/usu707/2022/03/IMG_20220303_092557-225x300.jpg 225w, https://agora.xtec.cat/escoladonesdaigua/wp-content/uploads/usu707/2022/03/IMG_20220303_092557-768x1024.jpg 768w, https://agora.xtec.cat/escoladonesdaigua/wp-content/uploads/usu707/2022/03/IMG_20220303_092557-1152x1536.jpg 1152w, https://agora.xtec.cat/escoladonesdaigua/wp-content/uploads/usu707/2022/03/IMG_20220303_092557-1536x2048.jpg 1536w" sizes="auto, (max-width: 492px) 100vw, 492px" /></a></p>
<p>&nbsp;</p>
<p><span style="text-decoration: underline;"><strong>El curs 2017-18 vam fer 10 anys de la inauguració del nou edifici!!</strong></span></p>
<p>&nbsp;</p>

<p><a href="https://agora.xtec.cat/escoladonesdaigua/wp-content/uploads/usu707/2016/07/20160714_100059-WEB.jpg"></a><br />
L’Escola Dones d’aigua és un centre educatiu de segon cicle d’educació infantil i d’educació primària de titularitat pública (Departament d’Ensenyament de la Generalitat de Catalunya). És un centre d’una línia per tant amb 9 grups o unitats.<br />
L’Escola Dones d’aigua és l’única escola del poble&hellip;  <a href="https://agora.xtec.cat/escoladonesdaigua/lescola-2/historia/" title="Read Història">Llegeix més»</a></p>
