{"id":1766,"date":"2024-03-01T02:19:14","date_gmt":"2024-03-01T01:19:14","guid":{"rendered":"https:\/\/agora.xtec.cat\/escoladonesdaigua\/?page_id=1766"},"modified":"2024-03-01T02:19:14","modified_gmt":"2024-03-01T01:19:14","slug":"paraulogic","status":"publish","type":"page","link":"https:\/\/agora.xtec.cat\/escoladonesdaigua\/paraulogic\/","title":{"rendered":"Paraul\u00f2gic"},"content":{"rendered":"<p>Paraul\u00f2gic \u00e9s un joc ling\u00fc\u00edstic en format de passatemps creat per l&#8217;entitat Rodamots que t\u00e9 com a objectiu posar a prova les habilitats l\u00e8xiques dels jugadors, obligant-los a trobar tants mots catalans com sigui possible. A cicle mitj\u00e0 es pren com a recurs ling\u00fc\u00edstic en l&#8217;aprenentatge de llengua catalana.<\/p>\n<p><a href=\"https:\/\/agora.xtec.cat\/escoladonesdaigua\/wp-content\/uploads\/usu707\/2024\/03\/baixa.jpg\"><img loading=\"lazy\" decoding=\"async\" class=\"alignleft size-full wp-image-1768\" src=\"https:\/\/agora.xtec.cat\/escoladonesdaigua\/wp-content\/uploads\/usu707\/2024\/03\/baixa.jpg\" alt=\"\" width=\"276\" height=\"182\" \/><\/a><\/p>\n","protected":false},"excerpt":{"rendered":"<p>Paraul\u00f2gic \u00e9s un joc ling\u00fc\u00edstic en format de passatemps creat per l&#8217;entitat Rodamots que t\u00e9 com a objectiu posar a prova les habilitats l\u00e8xiques dels jugadors, obligant-los a trobar tants mots catalans com sigui possible. A cicle mitj\u00e0 es pren com a recurs ling\u00fc\u00edstic en&hellip;  <a href=\"https:\/\/agora.xtec.cat\/escoladonesdaigua\/paraulogic\/\" title=\"Read Paraul\u00f2gic\">Llegeix m\u00e9s\u00bb<\/a><\/p>\n","protected":false},"author":7,"featured_media":0,"parent":0,"menu_order":0,"comment_status":"closed","ping_status":"closed","template":"","meta":{"_bbp_topic_count":0,"_bbp_reply_count":0,"_bbp_total_topic_count":0,"_bbp_total_reply_count":0,"_bbp_voice_count":0,"_bbp_anonymous_reply_count":0,"_bbp_topic_count_hidden":0,"_bbp_reply_count_hidden":0,"_bbp_forum_subforum_count":0,"footnotes":""},"class_list":["post-1766","page","type-page","status-publish","hentry"],"post_mailing_queue_ids":[],"_links":{"self":[{"href":"https:\/\/agora.xtec.cat\/escoladonesdaigua\/wp-json\/wp\/v2\/pages\/1766","targetHints":{"allow":["GET"]}}],"collection":[{"href":"https:\/\/agora.xtec.cat\/escoladonesdaigua\/wp-json\/wp\/v2\/pages"}],"about":[{"href":"https:\/\/agora.xtec.cat\/escoladonesdaigua\/wp-json\/wp\/v2\/types\/page"}],"author":[{"embeddable":true,"href":"https:\/\/agora.xtec.cat\/escoladonesdaigua\/wp-json\/wp\/v2\/users\/7"}],"replies":[{"embeddable":true,"href":"https:\/\/agora.xtec.cat\/escoladonesdaigua\/wp-json\/wp\/v2\/comments?post=1766"}],"version-history":[{"count":1,"href":"https:\/\/agora.xtec.cat\/escoladonesdaigua\/wp-json\/wp\/v2\/pages\/1766\/revisions"}],"predecessor-version":[{"id":1770,"href":"https:\/\/agora.xtec.cat\/escoladonesdaigua\/wp-json\/wp\/v2\/pages\/1766\/revisions\/1770"}],"wp:attachment":[{"href":"https:\/\/agora.xtec.cat\/escoladonesdaigua\/wp-json\/wp\/v2\/media?parent=1766"}],"curies":[{"name":"wp","href":"https:\/\/api.w.org\/{rel}","templated":true}]}}