{"id":1755,"date":"2024-03-01T01:54:31","date_gmt":"2024-03-01T00:54:31","guid":{"rendered":"https:\/\/agora.xtec.cat\/escoladonesdaigua\/?page_id=1755"},"modified":"2024-03-01T02:03:02","modified_gmt":"2024-03-01T01:03:02","slug":"innovamat-2","status":"publish","type":"page","link":"https:\/\/agora.xtec.cat\/escoladonesdaigua\/innovamat-2\/","title":{"rendered":"\u00c0mbit matem\u00e0tic: Innovamat"},"content":{"rendered":"<p>A l&#8217;escola treballem les matem\u00e0tiques de manera manipulativa i creiem en una pedagogia que inclogui reptes com a punt de partida dels aprenentatges. La construcci\u00f3 matem\u00e0tica i la comprensi\u00f3 dels conceptes i de les operacions s\u00f3n abstractes per\u00f2 es pot apropar a l&#8217;alumnat des d&#8217;altres perspectives i situacions m\u00e9s quotidianes.<\/p>\n<p>Els i les docents de l&#8217;escola ens formem cont\u00ednuament i ens mantenim actualitzats\/des a trav\u00e9s de sessions de seguiment i assessorament que ens proposen estrat\u00e8gies i recursos per a poder arribar a tot el nostre alumnat.<\/p>\n<p>Si cliqueu al seg\u00fcent enlla\u00e7 trobareu informaci\u00f3 a les fam\u00edlies: <a href=\"https:\/\/www.innovamat.com\/ca\/about\/familias\" target=\"_blank\" rel=\"noopener\">INNOVAMAT<\/a><\/p>\n<p><iframe loading=\"lazy\" title=\"Fam\u00edlies d&#039;Infantil, aix\u00f2 \u00e9s Innovamat!\" width=\"500\" height=\"281\" src=\"https:\/\/www.youtube.com\/embed\/j7a88DWjmhU?feature=oembed\" frameborder=\"0\" allow=\"accelerometer; autoplay; clipboard-write; encrypted-media; gyroscope; picture-in-picture; web-share\" referrerpolicy=\"strict-origin-when-cross-origin\" allowfullscreen><\/iframe><\/p>\n<p><iframe loading=\"lazy\" title=\"Fam\u00edlies de Prim\u00e0ria, aix\u00f2 \u00e9s Innovamat!\" width=\"500\" height=\"281\" src=\"https:\/\/www.youtube.com\/embed\/LHgl8J_-O1I?feature=oembed\" frameborder=\"0\" allow=\"accelerometer; autoplay; clipboard-write; encrypted-media; gyroscope; picture-in-picture; web-share\" referrerpolicy=\"strict-origin-when-cross-origin\" allowfullscreen><\/iframe><\/p>\n","protected":false},"excerpt":{"rendered":"<p>A l&#8217;escola treballem les matem\u00e0tiques de manera manipulativa i creiem en una pedagogia que inclogui reptes com a punt de partida dels aprenentatges. La construcci\u00f3 matem\u00e0tica i la comprensi\u00f3 dels conceptes i de les operacions s\u00f3n abstractes per\u00f2 es pot apropar a l&#8217;alumnat des d&#8217;altres&hellip;  <a href=\"https:\/\/agora.xtec.cat\/escoladonesdaigua\/innovamat-2\/\" title=\"Read \u00c0mbit matem\u00e0tic: Innovamat\">Llegeix m\u00e9s\u00bb<\/a><\/p>\n","protected":false},"author":7,"featured_media":0,"parent":0,"menu_order":0,"comment_status":"closed","ping_status":"closed","template":"","meta":{"_bbp_topic_count":0,"_bbp_reply_count":0,"_bbp_total_topic_count":0,"_bbp_total_reply_count":0,"_bbp_voice_count":0,"_bbp_anonymous_reply_count":0,"_bbp_topic_count_hidden":0,"_bbp_reply_count_hidden":0,"_bbp_forum_subforum_count":0,"footnotes":""},"class_list":["post-1755","page","type-page","status-publish","hentry"],"post_mailing_queue_ids":[],"_links":{"self":[{"href":"https:\/\/agora.xtec.cat\/escoladonesdaigua\/wp-json\/wp\/v2\/pages\/1755","targetHints":{"allow":["GET"]}}],"collection":[{"href":"https:\/\/agora.xtec.cat\/escoladonesdaigua\/wp-json\/wp\/v2\/pages"}],"about":[{"href":"https:\/\/agora.xtec.cat\/escoladonesdaigua\/wp-json\/wp\/v2\/types\/page"}],"author":[{"embeddable":true,"href":"https:\/\/agora.xtec.cat\/escoladonesdaigua\/wp-json\/wp\/v2\/users\/7"}],"replies":[{"embeddable":true,"href":"https:\/\/agora.xtec.cat\/escoladonesdaigua\/wp-json\/wp\/v2\/comments?post=1755"}],"version-history":[{"count":5,"href":"https:\/\/agora.xtec.cat\/escoladonesdaigua\/wp-json\/wp\/v2\/pages\/1755\/revisions"}],"predecessor-version":[{"id":1762,"href":"https:\/\/agora.xtec.cat\/escoladonesdaigua\/wp-json\/wp\/v2\/pages\/1755\/revisions\/1762"}],"wp:attachment":[{"href":"https:\/\/agora.xtec.cat\/escoladonesdaigua\/wp-json\/wp\/v2\/media?parent=1755"}],"curies":[{"name":"wp","href":"https:\/\/api.w.org\/{rel}","templated":true}]}}