{"id":1746,"date":"2024-03-01T01:28:22","date_gmt":"2024-03-01T00:28:22","guid":{"rendered":"https:\/\/agora.xtec.cat\/escoladonesdaigua\/?page_id=1746"},"modified":"2024-03-01T02:01:53","modified_gmt":"2024-03-01T01:01:53","slug":"projecte-artistic-visual-i-plastica-musica-i-teatre","status":"publish","type":"page","link":"https:\/\/agora.xtec.cat\/escoladonesdaigua\/projecte-artistic-visual-i-plastica-musica-i-teatre\/","title":{"rendered":"\u00c0mbit art\u00edstic: Visual i Pl\u00e0stica, M\u00fasica i Teatre"},"content":{"rendered":"<p class=\"wnd-align-justify\"><strong><span style=\"color: #0000ff;\">JUSTIFICACI\u00d3<\/span><\/strong><\/p>\n<p class=\"wnd-align-justify\">Pel que fa a <strong>les contribucions de l&#8217;art per als infants<\/strong>\u00a0cal destacar que fomenta la creativitat com a recurs davant la vida, ja que d&#8217;aquesta manera els infants desenvolupen la capacitat de cercar diverses solucions als problemes que se&#8217;ns planteja durant el nostre dia a dia. Tamb\u00e9 els permet observar el m\u00f3n des de diversos punts de vista, cosa que els obre la ment, de manera que accepten amb m\u00e9s facilitat la diversitat i practiquen la inclusi\u00f3 naturalment. L&#8217;art incl\u00fas els permet desenvolupar la capacitat d&#8217;an\u00e0lisi i integraci\u00f3, aix\u00ed com ser emprenedors de processos transformadors.<\/p>\n<p class=\"wnd-align-justify\">A m\u00e9s a m\u00e9s, tal com indica Iwai (2002), l&#8217;art en l&#8217;educaci\u00f3 t\u00e9\u00a0<strong>beneficis en el desenvolupament dels infants en diversos \u00e0mbits<\/strong>: en el desenvolupament est\u00e8tic, socioemocional, sociocultural, cognitiu, i el progr\u00e9s escolar. Per tant, l&#8217;educaci\u00f3 art\u00edstica permet que els infants, per exemple, es coneguin m\u00e9s a ells\/es mateixos\/es, adquireixin autonomia, aprenguin amb facilitat, obtinguin un raonament espacial i temporal, entre d&#8217;altres.<\/p>\n<p><span style=\"color: #0000ff;\"><strong>Visual i pl\u00e0stica<\/strong><\/span><\/p>\n<p>Les propostes des de visual i pl\u00e0stica es realitzen en 2 espais de l&#8217;escola: &#8220;el taller&#8221; i &#8220;l&#8217;obrador&#8221;. El primer \u00e9s l&#8217;espai propi d&#8217;infantil i el segon \u00e9s l&#8217;espai de prim\u00e0ria. Les produccions del nostre alumnat s\u00f3n tractades amb cura, hi ha molta feina darrera de cada producci\u00f3 que es realitza i un treball que considerem ha de ser exposat i compartit.<\/p>\n<p><strong><span style=\"color: #0000ff;\">M\u00fasica<\/span><\/strong><\/p>\n<p>En aquests moments hi ha una aposta en ferm en relaci\u00f3 a 3 projectes, un per cicle, que ofereix sentit a all\u00f2 que fem. Participem a la CLIKA, el Fem Dansa i la Cant\u00e0nia.<\/p>\n<p><strong><span style=\"color: #0000ff;\">Teatre<\/span><\/strong><\/p>\n<p>Hem iniciat un projecte de teatre amb tot l&#8217;alumnat de l&#8217;escola. Per grups d&#8217;edats, aquest curs hem realitzat 4 tallers diferents a c\u00e0rrec de l&#8217;actriu i pedagoga Rosa G\u00e0miz.<\/p>\n<p><a href=\"https:\/\/agora.xtec.cat\/escoladonesdaigua\/wp-content\/uploads\/usu707\/2024\/03\/WhatsApp-Image-2021-10-31-at-00.33.14.webp\"><img loading=\"lazy\" decoding=\"async\" class=\"alignleft size-full wp-image-1747\" src=\"https:\/\/agora.xtec.cat\/escoladonesdaigua\/wp-content\/uploads\/usu707\/2024\/03\/WhatsApp-Image-2021-10-31-at-00.33.14.webp\" alt=\"\" width=\"1024\" height=\"768\" srcset=\"https:\/\/agora.xtec.cat\/escoladonesdaigua\/wp-content\/uploads\/usu707\/2024\/03\/WhatsApp-Image-2021-10-31-at-00.33.14.webp 1024w, https:\/\/agora.xtec.cat\/escoladonesdaigua\/wp-content\/uploads\/usu707\/2024\/03\/WhatsApp-Image-2021-10-31-at-00.33.14-300x225.webp 300w, https:\/\/agora.xtec.cat\/escoladonesdaigua\/wp-content\/uploads\/usu707\/2024\/03\/WhatsApp-Image-2021-10-31-at-00.33.14-768x576.webp 768w, https:\/\/agora.xtec.cat\/escoladonesdaigua\/wp-content\/uploads\/usu707\/2024\/03\/WhatsApp-Image-2021-10-31-at-00.33.14-200x150.webp 200w\" sizes=\"auto, (max-width: 1024px) 100vw, 1024px\" \/><\/a><\/p>\n<p>&nbsp;<\/p>\n","protected":false},"excerpt":{"rendered":"<p>JUSTIFICACI\u00d3<br \/>\nPel que fa a les contribucions de l&#8217;art per als infants\u00a0cal destacar que fomenta la creativitat com a recurs davant la vida, ja que d&#8217;aquesta manera els infants desenvolupen la capacitat de cercar diverses solucions als problemes que se&#8217;ns planteja durant el nostre dia a&hellip;  <a href=\"https:\/\/agora.xtec.cat\/escoladonesdaigua\/projecte-artistic-visual-i-plastica-musica-i-teatre\/\" title=\"Read \u00c0mbit art\u00edstic: Visual i Pl\u00e0stica, M\u00fasica i Teatre\">Llegeix m\u00e9s\u00bb<\/a><\/p>\n","protected":false},"author":7,"featured_media":0,"parent":0,"menu_order":0,"comment_status":"closed","ping_status":"closed","template":"","meta":{"_bbp_topic_count":0,"_bbp_reply_count":0,"_bbp_total_topic_count":0,"_bbp_total_reply_count":0,"_bbp_voice_count":0,"_bbp_anonymous_reply_count":0,"_bbp_topic_count_hidden":0,"_bbp_reply_count_hidden":0,"_bbp_forum_subforum_count":0,"footnotes":""},"class_list":["post-1746","page","type-page","status-publish","hentry"],"post_mailing_queue_ids":[],"_links":{"self":[{"href":"https:\/\/agora.xtec.cat\/escoladonesdaigua\/wp-json\/wp\/v2\/pages\/1746","targetHints":{"allow":["GET"]}}],"collection":[{"href":"https:\/\/agora.xtec.cat\/escoladonesdaigua\/wp-json\/wp\/v2\/pages"}],"about":[{"href":"https:\/\/agora.xtec.cat\/escoladonesdaigua\/wp-json\/wp\/v2\/types\/page"}],"author":[{"embeddable":true,"href":"https:\/\/agora.xtec.cat\/escoladonesdaigua\/wp-json\/wp\/v2\/users\/7"}],"replies":[{"embeddable":true,"href":"https:\/\/agora.xtec.cat\/escoladonesdaigua\/wp-json\/wp\/v2\/comments?post=1746"}],"version-history":[{"count":2,"href":"https:\/\/agora.xtec.cat\/escoladonesdaigua\/wp-json\/wp\/v2\/pages\/1746\/revisions"}],"predecessor-version":[{"id":1761,"href":"https:\/\/agora.xtec.cat\/escoladonesdaigua\/wp-json\/wp\/v2\/pages\/1746\/revisions\/1761"}],"wp:attachment":[{"href":"https:\/\/agora.xtec.cat\/escoladonesdaigua\/wp-json\/wp\/v2\/media?parent=1746"}],"curies":[{"name":"wp","href":"https:\/\/api.w.org\/{rel}","templated":true}]}}

Àmbit artístic: Visual i Plàstica, Música i Teatre

<p class="wnd-align-justify"><strong><span style="color: #0000ff;">JUSTIFICACIÓ</span></strong></p>
<p class="wnd-align-justify">Pel que fa a <strong>les contribucions de l&#8217;art per als infants</strong> cal destacar que fomenta la creativitat com a recurs davant la vida, ja que d&#8217;aquesta manera els infants desenvolupen la capacitat de cercar diverses solucions als problemes que se&#8217;ns planteja durant el nostre dia a dia. També els permet observar el món des de diversos punts de vista, cosa que els obre la ment, de manera que accepten amb més facilitat la diversitat i practiquen la inclusió naturalment. L&#8217;art inclús els permet desenvolupar la capacitat d&#8217;anàlisi i integració, així com ser emprenedors de processos transformadors.</p>
<p class="wnd-align-justify">A més a més, tal com indica Iwai (2002), l&#8217;art en l&#8217;educació té <strong>beneficis en el desenvolupament dels infants en diversos àmbits</strong>: en el desenvolupament estètic, socioemocional, sociocultural, cognitiu, i el progrés escolar. Per tant, l&#8217;educació artística permet que els infants, per exemple, es coneguin més a ells/es mateixos/es, adquireixin autonomia, aprenguin amb facilitat, obtinguin un raonament espacial i temporal, entre d&#8217;altres.</p>
<p><span style="color: #0000ff;"><strong>Visual i plàstica</strong></span></p>
<p>Les propostes des de visual i plàstica es realitzen en 2 espais de l&#8217;escola: &#8220;el taller&#8221; i &#8220;l&#8217;obrador&#8221;. El primer és l&#8217;espai propi d&#8217;infantil i el segon és l&#8217;espai de primària. Les produccions del nostre alumnat són tractades amb cura, hi ha molta feina darrera de cada producció que es realitza i un treball que considerem ha de ser exposat i compartit.</p>
<p><strong><span style="color: #0000ff;">Música</span></strong></p>
<p>En aquests moments hi ha una aposta en ferm en relació a 3 projectes, un per cicle, que ofereix sentit a allò que fem. Participem a la CLIKA, el Fem Dansa i la Cantània.</p>
<p><strong><span style="color: #0000ff;">Teatre</span></strong></p>
<p>Hem iniciat un projecte de teatre amb tot l&#8217;alumnat de l&#8217;escola. Per grups d&#8217;edats, aquest curs hem realitzat 4 tallers diferents a càrrec de l&#8217;actriu i pedagoga Rosa Gàmiz.</p>
<p><a href="https://agora.xtec.cat/escoladonesdaigua/wp-content/uploads/usu707/2024/03/WhatsApp-Image-2021-10-31-at-00.33.14.webp"><img loading="lazy" decoding="async" class="alignleft size-full wp-image-1747" src="https://agora.xtec.cat/escoladonesdaigua/wp-content/uploads/usu707/2024/03/WhatsApp-Image-2021-10-31-at-00.33.14.webp" alt="" width="1024" height="768" srcset="https://agora.xtec.cat/escoladonesdaigua/wp-content/uploads/usu707/2024/03/WhatsApp-Image-2021-10-31-at-00.33.14.webp 1024w, https://agora.xtec.cat/escoladonesdaigua/wp-content/uploads/usu707/2024/03/WhatsApp-Image-2021-10-31-at-00.33.14-300x225.webp 300w, https://agora.xtec.cat/escoladonesdaigua/wp-content/uploads/usu707/2024/03/WhatsApp-Image-2021-10-31-at-00.33.14-768x576.webp 768w, https://agora.xtec.cat/escoladonesdaigua/wp-content/uploads/usu707/2024/03/WhatsApp-Image-2021-10-31-at-00.33.14-200x150.webp 200w" sizes="auto, (max-width: 1024px) 100vw, 1024px" /></a></p>
<p>&nbsp;</p>

<p>JUSTIFICACIÓ<br />
Pel que fa a les contribucions de l&#8217;art per als infants cal destacar que fomenta la creativitat com a recurs davant la vida, ja que d&#8217;aquesta manera els infants desenvolupen la capacitat de cercar diverses solucions als problemes que se&#8217;ns planteja durant el nostre dia a&hellip;  <a href="https://agora.xtec.cat/escoladonesdaigua/projecte-artistic-visual-i-plastica-musica-i-teatre/" title="Read Àmbit artístic: Visual i Plàstica, Música i Teatre">Llegeix més»</a></p>
