{"id":1510,"date":"2022-09-07T12:41:08","date_gmt":"2022-09-07T10:41:08","guid":{"rendered":"https:\/\/agora.xtec.cat\/escoladonesdaigua\/?page_id=1510"},"modified":"2022-09-07T12:48:15","modified_gmt":"2022-09-07T10:48:15","slug":"projecte-lectura-en-veu-alta","status":"publish","type":"page","link":"https:\/\/agora.xtec.cat\/escoladonesdaigua\/projecte-lectura-en-veu-alta\/","title":{"rendered":"Projecte lectura en veu alta"},"content":{"rendered":"<p>\u00c9s un projecte de centre <strong>adre\u00e7at a l\u2019alumnat de prim\u00e0ria<\/strong> i que es treballa des de tot l\u2019\u00e0mbit ling\u00fc\u00edstic (catal\u00e0, castell\u00e0 i angl\u00e8s). \u00c9s un treball sistem\u00e0tic i pautat des de l\u2019aula i amb una graduaci\u00f3 diferenciada segons nivells. La col\u00b7laboraci\u00f3 i participaci\u00f3 familiar \u00e9s important.<\/p>\n","protected":false},"excerpt":{"rendered":"<p>\u00c9s un projecte de centre adre\u00e7at a l\u2019alumnat de prim\u00e0ria i que es treballa des de tot l\u2019\u00e0mbit ling\u00fc\u00edstic (catal\u00e0, castell\u00e0 i angl\u00e8s). \u00c9s un treball sistem\u00e0tic i pautat des de l\u2019aula i amb una graduaci\u00f3 diferenciada segons nivells. La col\u00b7laboraci\u00f3 i participaci\u00f3 familiar \u00e9s&hellip;  <a href=\"https:\/\/agora.xtec.cat\/escoladonesdaigua\/projecte-lectura-en-veu-alta\/\" title=\"Read Projecte lectura en veu alta\">Llegeix m\u00e9s\u00bb<\/a><\/p>\n","protected":false},"author":7,"featured_media":0,"parent":0,"menu_order":0,"comment_status":"closed","ping_status":"closed","template":"","meta":{"_bbp_topic_count":0,"_bbp_reply_count":0,"_bbp_total_topic_count":0,"_bbp_total_reply_count":0,"_bbp_voice_count":0,"_bbp_anonymous_reply_count":0,"_bbp_topic_count_hidden":0,"_bbp_reply_count_hidden":0,"_bbp_forum_subforum_count":0,"footnotes":""},"class_list":["post-1510","page","type-page","status-publish","hentry"],"post_mailing_queue_ids":[],"_links":{"self":[{"href":"https:\/\/agora.xtec.cat\/escoladonesdaigua\/wp-json\/wp\/v2\/pages\/1510","targetHints":{"allow":["GET"]}}],"collection":[{"href":"https:\/\/agora.xtec.cat\/escoladonesdaigua\/wp-json\/wp\/v2\/pages"}],"about":[{"href":"https:\/\/agora.xtec.cat\/escoladonesdaigua\/wp-json\/wp\/v2\/types\/page"}],"author":[{"embeddable":true,"href":"https:\/\/agora.xtec.cat\/escoladonesdaigua\/wp-json\/wp\/v2\/users\/7"}],"replies":[{"embeddable":true,"href":"https:\/\/agora.xtec.cat\/escoladonesdaigua\/wp-json\/wp\/v2\/comments?post=1510"}],"version-history":[{"count":3,"href":"https:\/\/agora.xtec.cat\/escoladonesdaigua\/wp-json\/wp\/v2\/pages\/1510\/revisions"}],"predecessor-version":[{"id":1514,"href":"https:\/\/agora.xtec.cat\/escoladonesdaigua\/wp-json\/wp\/v2\/pages\/1510\/revisions\/1514"}],"wp:attachment":[{"href":"https:\/\/agora.xtec.cat\/escoladonesdaigua\/wp-json\/wp\/v2\/media?parent=1510"}],"curies":[{"name":"wp","href":"https:\/\/api.w.org\/{rel}","templated":true}]}}