{"id":1449,"date":"2022-05-12T10:25:33","date_gmt":"2022-05-12T08:25:33","guid":{"rendered":"https:\/\/agora.xtec.cat\/escoladonesdaigua\/?page_id=1449"},"modified":"2022-09-07T11:39:18","modified_gmt":"2022-09-07T09:39:18","slug":"certamen-de-lectura-en-veu-alta","status":"publish","type":"page","link":"https:\/\/agora.xtec.cat\/escoladonesdaigua\/certamen-de-lectura-en-veu-alta\/","title":{"rendered":"Certamen de Lectura en Veu Alta"},"content":{"rendered":"<p><a href=\"https:\/\/agora.xtec.cat\/escoladonesdaigua\/wp-content\/uploads\/usu707\/2022\/03\/CLV-port.jpg\"><img loading=\"lazy\" decoding=\"async\" class=\"alignleft wp-image-1393\" src=\"https:\/\/agora.xtec.cat\/escoladonesdaigua\/wp-content\/uploads\/usu707\/2022\/03\/CLV-port.jpg\" alt=\"\" width=\"320\" height=\"435\" srcset=\"https:\/\/agora.xtec.cat\/escoladonesdaigua\/wp-content\/uploads\/usu707\/2022\/03\/CLV-port.jpg 250w, https:\/\/agora.xtec.cat\/escoladonesdaigua\/wp-content\/uploads\/usu707\/2022\/03\/CLV-port-221x300.jpg 221w\" sizes=\"auto, (max-width: 320px) 100vw, 320px\" \/><\/a><\/p>\n<p>&nbsp;<\/p>\n<p>&nbsp;<\/p>\n<p style=\"text-align: left;\"><strong>Dirigit a estudiants<\/strong> de 3r de prima\u0300ria a 4t d\u2019ESO, <strong>que hi participen en representacio\u0301 dels seus centres educatius.<\/strong> Amb 18 anys d\u2019histo\u0300ria, el Certamen e\u0301s una de les activitats me\u0301s reeixides de promocio\u0301 de la lectura i cada curs hi participen milers de nois i noies que representen els seus centres educatius. La nostra participaci\u00f3. com a centre, ha comen\u00e7at el curs 2021-22 i l&#8217;experi\u00e8ncia amb l&#8217;alumnat de cicle mitj\u00e0 i cicle superior ha estat molt positiva.<\/p>\n<p>&nbsp;<\/p>\n","protected":false},"excerpt":{"rendered":"<p><a href=\"https:\/\/agora.xtec.cat\/escoladonesdaigua\/wp-content\/uploads\/usu707\/2022\/03\/CLV-port.jpg\"><\/a><br \/>\n&nbsp;<br \/>\n&nbsp;<br \/>\nDirigit a estudiants de 3r de prima\u0300ria a 4t d\u2019ESO, que hi participen en representacio\u0301 dels seus centres educatius. Amb 18 anys d\u2019histo\u0300ria, el Certamen e\u0301s una de les activitats me\u0301s reeixides de promocio\u0301 de la lectura i cada curs hi participen milers de&hellip;  <a href=\"https:\/\/agora.xtec.cat\/escoladonesdaigua\/certamen-de-lectura-en-veu-alta\/\" title=\"Read Certamen de Lectura en Veu Alta\">Llegeix m\u00e9s\u00bb<\/a><\/p>\n","protected":false},"author":7,"featured_media":0,"parent":0,"menu_order":0,"comment_status":"closed","ping_status":"closed","template":"","meta":{"_bbp_topic_count":0,"_bbp_reply_count":0,"_bbp_total_topic_count":0,"_bbp_total_reply_count":0,"_bbp_voice_count":0,"_bbp_anonymous_reply_count":0,"_bbp_topic_count_hidden":0,"_bbp_reply_count_hidden":0,"_bbp_forum_subforum_count":0,"footnotes":""},"class_list":["post-1449","page","type-page","status-publish","hentry"],"post_mailing_queue_ids":[],"_links":{"self":[{"href":"https:\/\/agora.xtec.cat\/escoladonesdaigua\/wp-json\/wp\/v2\/pages\/1449","targetHints":{"allow":["GET"]}}],"collection":[{"href":"https:\/\/agora.xtec.cat\/escoladonesdaigua\/wp-json\/wp\/v2\/pages"}],"about":[{"href":"https:\/\/agora.xtec.cat\/escoladonesdaigua\/wp-json\/wp\/v2\/types\/page"}],"author":[{"embeddable":true,"href":"https:\/\/agora.xtec.cat\/escoladonesdaigua\/wp-json\/wp\/v2\/users\/7"}],"replies":[{"embeddable":true,"href":"https:\/\/agora.xtec.cat\/escoladonesdaigua\/wp-json\/wp\/v2\/comments?post=1449"}],"version-history":[{"count":2,"href":"https:\/\/agora.xtec.cat\/escoladonesdaigua\/wp-json\/wp\/v2\/pages\/1449\/revisions"}],"predecessor-version":[{"id":1509,"href":"https:\/\/agora.xtec.cat\/escoladonesdaigua\/wp-json\/wp\/v2\/pages\/1449\/revisions\/1509"}],"wp:attachment":[{"href":"https:\/\/agora.xtec.cat\/escoladonesdaigua\/wp-json\/wp\/v2\/media?parent=1449"}],"curies":[{"name":"wp","href":"https:\/\/api.w.org\/{rel}","templated":true}]}}

<p><a href="https://agora.xtec.cat/escoladonesdaigua/wp-content/uploads/usu707/2022/03/CLV-port.jpg"><img loading="lazy" decoding="async" class="alignleft wp-image-1393" src="https://agora.xtec.cat/escoladonesdaigua/wp-content/uploads/usu707/2022/03/CLV-port.jpg" alt="" width="320" height="435" srcset="https://agora.xtec.cat/escoladonesdaigua/wp-content/uploads/usu707/2022/03/CLV-port.jpg 250w, https://agora.xtec.cat/escoladonesdaigua/wp-content/uploads/usu707/2022/03/CLV-port-221x300.jpg 221w" sizes="auto, (max-width: 320px) 100vw, 320px" /></a></p>
<p>&nbsp;</p>
<p>&nbsp;</p>
<p style="text-align: left;"><strong>Dirigit a estudiants</strong> de 3r de primària a 4t d’ESO, <strong>que hi participen en representació dels seus centres educatius.</strong> Amb 18 anys d’història, el Certamen és una de les activitats més reeixides de promoció de la lectura i cada curs hi participen milers de nois i noies que representen els seus centres educatius. La nostra participació. com a centre, ha començat el curs 2021-22 i l&#8217;experiència amb l&#8217;alumnat de cicle mitjà i cicle superior ha estat molt positiva.</p>
<p>&nbsp;</p>

<p><a href="https://agora.xtec.cat/escoladonesdaigua/wp-content/uploads/usu707/2022/03/CLV-port.jpg"></a><br />
&nbsp;<br />
&nbsp;<br />
Dirigit a estudiants de 3r de primària a 4t d’ESO, que hi participen en representació dels seus centres educatius. Amb 18 anys d’història, el Certamen és una de les activitats més reeixides de promoció de la lectura i cada curs hi participen milers de&hellip;  <a href="https://agora.xtec.cat/escoladonesdaigua/certamen-de-lectura-en-veu-alta/" title="Read Certamen de Lectura en Veu Alta">Llegeix més»</a></p>
