{"id":1111,"date":"2021-04-20T12:14:48","date_gmt":"2021-04-20T10:14:48","guid":{"rendered":"http:\/\/agora.xtec.cat\/escoladonesdaigua\/?page_id=1111"},"modified":"2021-04-23T15:24:22","modified_gmt":"2021-04-23T13:24:22","slug":"recerkids","status":"publish","type":"page","link":"https:\/\/agora.xtec.cat\/escoladonesdaigua\/recerkids\/","title":{"rendered":"RECERKIDS"},"content":{"rendered":"<p><strong>Recerkids<\/strong> \u00e9s un programa educatiu organitzat per la <strong>Direcci\u00f3 General de Recerca de la Generalitat de Catalunya<\/strong> i <strong>Eduxarxa<\/strong> amb l\u2019objectiu d\u2019apropar la recerca cient\u00edfica a l\u2019alumnat de 5\u00e8 i 6\u00e8 d\u2019Educaci\u00f3 Prim\u00e0ria. L&#8217;escola ha participat en les 3 \u00faltimes edicions amb els grups de 6\u00e8.\u00a0 Enguany tamb\u00e9 s&#8217;han presentat els grups de 5\u00e8 A i 5\u00e8B.<\/p>\n<p>&nbsp;<\/p>\n<p><strong>RECERKIDS 2021: EFECTES DE L&#8217;ACUMULACI\u00d3 DE CO2 ALS POLS I ALS \u00c9SSERS VIUS<\/strong><\/p>\n<p><img loading=\"lazy\" decoding=\"async\" class=\"alignleft wp-image-1135\" src=\"https:\/\/agora.xtec.cat\/escoladonesdaigua\/wp-content\/uploads\/usu707\/2021\/04\/Recerkids.jpg\" alt=\"\" width=\"491\" height=\"695\" srcset=\"https:\/\/agora.xtec.cat\/escoladonesdaigua\/wp-content\/uploads\/usu707\/2021\/04\/Recerkids.jpg 1587w, https:\/\/agora.xtec.cat\/escoladonesdaigua\/wp-content\/uploads\/usu707\/2021\/04\/Recerkids-212x300.jpg 212w, https:\/\/agora.xtec.cat\/escoladonesdaigua\/wp-content\/uploads\/usu707\/2021\/04\/Recerkids-768x1086.jpg 768w, https:\/\/agora.xtec.cat\/escoladonesdaigua\/wp-content\/uploads\/usu707\/2021\/04\/Recerkids-724x1024.jpg 724w\" sizes=\"auto, (max-width: 491px) 100vw, 491px\" \/><\/p>\n<p><img loading=\"lazy\" decoding=\"async\" class=\"alignleft  wp-image-1156\" src=\"https:\/\/agora.xtec.cat\/escoladonesdaigua\/wp-content\/uploads\/usu707\/2021\/04\/Recerkids-5\u00e8B.jpg\" alt=\"\" width=\"501\" height=\"708\" srcset=\"https:\/\/agora.xtec.cat\/escoladonesdaigua\/wp-content\/uploads\/usu707\/2021\/04\/Recerkids-5\u00e8B.jpg 1587w, https:\/\/agora.xtec.cat\/escoladonesdaigua\/wp-content\/uploads\/usu707\/2021\/04\/Recerkids-5\u00e8B-212x300.jpg 212w, https:\/\/agora.xtec.cat\/escoladonesdaigua\/wp-content\/uploads\/usu707\/2021\/04\/Recerkids-5\u00e8B-768x1086.jpg 768w, https:\/\/agora.xtec.cat\/escoladonesdaigua\/wp-content\/uploads\/usu707\/2021\/04\/Recerkids-5\u00e8B-724x1024.jpg 724w\" sizes=\"auto, (max-width: 501px) 100vw, 501px\" \/><\/p>\n<p>&nbsp;<\/p>\n<p>&nbsp;<\/p>\n<p>&nbsp;<\/p>\n<p>&nbsp;<\/p>\n<p>&nbsp;<\/p>\n<p>&nbsp;<\/p>\n<p>&nbsp;<\/p>\n<p>&nbsp;<\/p>\n<p>&nbsp;<\/p>\n<p>&nbsp;<\/p>\n<p>&nbsp;<\/p>\n<p>&nbsp;<\/p>\n<p>&nbsp;<\/p>\n<p>&nbsp;<\/p>\n<p>&nbsp;<\/p>\n<p>&nbsp;<\/p>\n<p><strong>RECERKIDS 2019: <\/strong><strong>Per qu\u00e8 s&#8217;enc\u00e9n el llum quan obrim l&#8217;interruptor?\u00a0 \u00a0 \u00a0 \u00a0 \u00a0 \u00a0 \u00a0 <\/strong><strong>RECERKIDS 2018: <\/strong><strong>La pell en remull\u00a0 \u00a0<\/strong><\/p>\n<p><img loading=\"lazy\" decoding=\"async\" class=\"\" src=\"https:\/\/www.recerkids.cat\/wp-content\/uploads\/2016\/06\/Escola-Dones-d_Aigua-Sant-Iscle-de-Vallalta-6%C3%A8-llum-i-interruptors.jpg\" width=\"493\" height=\"691\" \/> <img loading=\"lazy\" decoding=\"async\" class=\"\" src=\"https:\/\/www.recerkids.cat\/wp-content\/uploads\/2016\/06\/Escola-Dones-d_aigua_Sant-Iscle-de-Vallalta_6e%CC%80_La-pell-en-remull.jpg\" width=\"489\" height=\"691\" \/><\/p>\n","protected":false},"excerpt":{"rendered":"<p>Recerkids \u00e9s un programa educatiu organitzat per la Direcci\u00f3 General de Recerca de la Generalitat de Catalunya i Eduxarxa amb l\u2019objectiu d\u2019apropar la recerca cient\u00edfica a l\u2019alumnat de 5\u00e8 i 6\u00e8 d\u2019Educaci\u00f3 Prim\u00e0ria. L&#8217;escola ha participat en les 3 \u00faltimes edicions amb els grups de&hellip;  <a href=\"https:\/\/agora.xtec.cat\/escoladonesdaigua\/recerkids\/\" title=\"Read RECERKIDS\">Llegeix m\u00e9s\u00bb<\/a><\/p>\n","protected":false},"author":7,"featured_media":0,"parent":0,"menu_order":0,"comment_status":"closed","ping_status":"closed","template":"","meta":{"_bbp_topic_count":0,"_bbp_reply_count":0,"_bbp_total_topic_count":0,"_bbp_total_reply_count":0,"_bbp_voice_count":0,"_bbp_anonymous_reply_count":0,"_bbp_topic_count_hidden":0,"_bbp_reply_count_hidden":0,"_bbp_forum_subforum_count":0,"footnotes":""},"class_list":["post-1111","page","type-page","status-publish","hentry"],"post_mailing_queue_ids":[],"_links":{"self":[{"href":"https:\/\/agora.xtec.cat\/escoladonesdaigua\/wp-json\/wp\/v2\/pages\/1111","targetHints":{"allow":["GET"]}}],"collection":[{"href":"https:\/\/agora.xtec.cat\/escoladonesdaigua\/wp-json\/wp\/v2\/pages"}],"about":[{"href":"https:\/\/agora.xtec.cat\/escoladonesdaigua\/wp-json\/wp\/v2\/types\/page"}],"author":[{"embeddable":true,"href":"https:\/\/agora.xtec.cat\/escoladonesdaigua\/wp-json\/wp\/v2\/users\/7"}],"replies":[{"embeddable":true,"href":"https:\/\/agora.xtec.cat\/escoladonesdaigua\/wp-json\/wp\/v2\/comments?post=1111"}],"version-history":[{"count":4,"href":"https:\/\/agora.xtec.cat\/escoladonesdaigua\/wp-json\/wp\/v2\/pages\/1111\/revisions"}],"predecessor-version":[{"id":1157,"href":"https:\/\/agora.xtec.cat\/escoladonesdaigua\/wp-json\/wp\/v2\/pages\/1111\/revisions\/1157"}],"wp:attachment":[{"href":"https:\/\/agora.xtec.cat\/escoladonesdaigua\/wp-json\/wp\/v2\/media?parent=1111"}],"curies":[{"name":"wp","href":"https:\/\/api.w.org\/{rel}","templated":true}]}}

<p><strong>Recerkids</strong> és un programa educatiu organitzat per la <strong>Direcció General de Recerca de la Generalitat de Catalunya</strong> i <strong>Eduxarxa</strong> amb l’objectiu d’apropar la recerca científica a l’alumnat de 5è i 6è d’Educació Primària. L&#8217;escola ha participat en les 3 últimes edicions amb els grups de 6è.  Enguany també s&#8217;han presentat els grups de 5è A i 5èB.</p>
<p>&nbsp;</p>
<p><strong>RECERKIDS 2021: EFECTES DE L&#8217;ACUMULACIÓ DE CO2 ALS POLS I ALS ÉSSERS VIUS</strong></p>
<p><img loading="lazy" decoding="async" class="alignleft wp-image-1135" src="https://agora.xtec.cat/escoladonesdaigua/wp-content/uploads/usu707/2021/04/Recerkids.jpg" alt="" width="491" height="695" srcset="https://agora.xtec.cat/escoladonesdaigua/wp-content/uploads/usu707/2021/04/Recerkids.jpg 1587w, https://agora.xtec.cat/escoladonesdaigua/wp-content/uploads/usu707/2021/04/Recerkids-212x300.jpg 212w, https://agora.xtec.cat/escoladonesdaigua/wp-content/uploads/usu707/2021/04/Recerkids-768x1086.jpg 768w, https://agora.xtec.cat/escoladonesdaigua/wp-content/uploads/usu707/2021/04/Recerkids-724x1024.jpg 724w" sizes="auto, (max-width: 491px) 100vw, 491px" /></p>
<p><img loading="lazy" decoding="async" class="alignleft  wp-image-1156" src="https://agora.xtec.cat/escoladonesdaigua/wp-content/uploads/usu707/2021/04/Recerkids-5èB.jpg" alt="" width="501" height="708" srcset="https://agora.xtec.cat/escoladonesdaigua/wp-content/uploads/usu707/2021/04/Recerkids-5èB.jpg 1587w, https://agora.xtec.cat/escoladonesdaigua/wp-content/uploads/usu707/2021/04/Recerkids-5èB-212x300.jpg 212w, https://agora.xtec.cat/escoladonesdaigua/wp-content/uploads/usu707/2021/04/Recerkids-5èB-768x1086.jpg 768w, https://agora.xtec.cat/escoladonesdaigua/wp-content/uploads/usu707/2021/04/Recerkids-5èB-724x1024.jpg 724w" sizes="auto, (max-width: 501px) 100vw, 501px" /></p>
<p>&nbsp;</p>
<p>&nbsp;</p>
<p>&nbsp;</p>
<p>&nbsp;</p>
<p>&nbsp;</p>
<p>&nbsp;</p>
<p>&nbsp;</p>
<p>&nbsp;</p>
<p>&nbsp;</p>
<p>&nbsp;</p>
<p>&nbsp;</p>
<p>&nbsp;</p>
<p>&nbsp;</p>
<p>&nbsp;</p>
<p>&nbsp;</p>
<p>&nbsp;</p>
<p><strong>RECERKIDS 2019: </strong><strong>Per què s&#8217;encén el llum quan obrim l&#8217;interruptor?              </strong><strong>RECERKIDS 2018: </strong><strong>La pell en remull   </strong></p>
<p><img loading="lazy" decoding="async" class="" src="https://www.recerkids.cat/wp-content/uploads/2016/06/Escola-Dones-d_Aigua-Sant-Iscle-de-Vallalta-6%C3%A8-llum-i-interruptors.jpg" width="493" height="691" /> <img loading="lazy" decoding="async" class="" src="https://www.recerkids.cat/wp-content/uploads/2016/06/Escola-Dones-d_aigua_Sant-Iscle-de-Vallalta_6e%CC%80_La-pell-en-remull.jpg" width="489" height="691" /></p>

<p>Recerkids és un programa educatiu organitzat per la Direcció General de Recerca de la Generalitat de Catalunya i Eduxarxa amb l’objectiu d’apropar la recerca científica a l’alumnat de 5è i 6è d’Educació Primària. L&#8217;escola ha participat en les 3 últimes edicions amb els grups de&hellip;  <a href="https://agora.xtec.cat/escoladonesdaigua/recerkids/" title="Read RECERKIDS">Llegeix més»</a></p>
