{"id":1103,"date":"2021-04-20T11:03:31","date_gmt":"2021-04-20T09:03:31","guid":{"rendered":"http:\/\/agora.xtec.cat\/escoladonesdaigua\/?page_id=1103"},"modified":"2021-09-17T11:15:10","modified_gmt":"2021-09-17T09:15:10","slug":"programa-fruita-a-lescola","status":"publish","type":"page","link":"https:\/\/agora.xtec.cat\/escoladonesdaigua\/programa-fruita-a-lescola\/","title":{"rendered":"Programa fruita a l&#8217;escola"},"content":{"rendered":"<p>\u00c9s tracta d&#8217;una iniciativa de la Uni\u00f3 Europea que es fa efectiva per una acci\u00f3 coordinada dels Departaments d\u2019Agricultura, Salut i Ensenyament:<\/p>\n<p><strong><u>En qu\u00e8 consisteix el\u00a0<em>\u201cPla de consum de fruita a les escoles\u201d\u00a0<\/em><\/u>?<\/strong><\/p>\n<p>Consisteix a distribuir fruita fresca als alumnes per potenciar accions que afavoreixin la salut dels infants, com ara augmentar el consum de fruites i verdures, fruita seca, llegums, aigua i joc actiu. I reduir el consum de llaminadures, begudes refrescants, brioxeria i videojocs sedentaris.<\/p>\n<p><strong><u>Els objectius s\u00f3n:<\/u><\/strong><\/p>\n<ul>\n<li>Oferir fruita en els esmorzars dins del centre escolar.<\/li>\n<li>Informar sobre els beneficis d\u2019 incrementar el consum de fruites i verdures, i sobre la seva diversitat, caracter\u00edstiques, etc.<\/li>\n<li>Proposar el consum de fruites com una alternativa excel\u00b7lent al consum d\u2019altres aliments amb menys qualitat nutricional.<\/li>\n<\/ul>\n<p><strong><u>Quan hi haur\u00e0 fruita per esmorzar facilitada des de l\u2019escola?<\/u><\/strong><\/p>\n<p>Durant el curs escolar, una setmana de cada mes, es distribuir\u00e0 fruita i\/o verdura seleccionada en funci\u00f3 de l\u2019estaci\u00f3 de l\u2019any, la proximitat de producci\u00f3 i la qualitat.<\/p>\n<p>La fruita es repartir\u00e0 entre l&#8217;alumnat de Educaci\u00f3 infantil i Cicle inicial per a qu\u00e8 en consumeixin durant l\u2019esmorzar.<\/p>\n<p>&nbsp;<\/p>\n<p><iframe loading=\"lazy\" title=\"A l&#039;escola, fruita i hortalisses\" width=\"500\" height=\"281\" src=\"https:\/\/www.youtube.com\/embed\/qaizEuZd6KU?feature=oembed\" frameborder=\"0\" allow=\"accelerometer; autoplay; clipboard-write; encrypted-media; gyroscope; picture-in-picture; web-share\" referrerpolicy=\"strict-origin-when-cross-origin\" allowfullscreen><\/iframe><\/p>\n","protected":false},"excerpt":{"rendered":"<p>\u00c9s tracta d&#8217;una iniciativa de la Uni\u00f3 Europea que es fa efectiva per una acci\u00f3 coordinada dels Departaments d\u2019Agricultura, Salut i Ensenyament:<br \/>\nEn qu\u00e8 consisteix el\u00a0\u201cPla de consum de fruita a les escoles\u201d\u00a0?<br \/>\nConsisteix a distribuir fruita fresca als alumnes per potenciar accions que afavoreixin la salut&hellip;  <a href=\"https:\/\/agora.xtec.cat\/escoladonesdaigua\/programa-fruita-a-lescola\/\" title=\"Read Programa fruita a l&#8217;escola\">Llegeix m\u00e9s\u00bb<\/a><\/p>\n","protected":false},"author":7,"featured_media":0,"parent":0,"menu_order":0,"comment_status":"closed","ping_status":"closed","template":"","meta":{"_bbp_topic_count":0,"_bbp_reply_count":0,"_bbp_total_topic_count":0,"_bbp_total_reply_count":0,"_bbp_voice_count":0,"_bbp_anonymous_reply_count":0,"_bbp_topic_count_hidden":0,"_bbp_reply_count_hidden":0,"_bbp_forum_subforum_count":0,"footnotes":""},"class_list":["post-1103","page","type-page","status-publish","hentry"],"post_mailing_queue_ids":[],"_links":{"self":[{"href":"https:\/\/agora.xtec.cat\/escoladonesdaigua\/wp-json\/wp\/v2\/pages\/1103","targetHints":{"allow":["GET"]}}],"collection":[{"href":"https:\/\/agora.xtec.cat\/escoladonesdaigua\/wp-json\/wp\/v2\/pages"}],"about":[{"href":"https:\/\/agora.xtec.cat\/escoladonesdaigua\/wp-json\/wp\/v2\/types\/page"}],"author":[{"embeddable":true,"href":"https:\/\/agora.xtec.cat\/escoladonesdaigua\/wp-json\/wp\/v2\/users\/7"}],"replies":[{"embeddable":true,"href":"https:\/\/agora.xtec.cat\/escoladonesdaigua\/wp-json\/wp\/v2\/comments?post=1103"}],"version-history":[{"count":3,"href":"https:\/\/agora.xtec.cat\/escoladonesdaigua\/wp-json\/wp\/v2\/pages\/1103\/revisions"}],"predecessor-version":[{"id":1247,"href":"https:\/\/agora.xtec.cat\/escoladonesdaigua\/wp-json\/wp\/v2\/pages\/1103\/revisions\/1247"}],"wp:attachment":[{"href":"https:\/\/agora.xtec.cat\/escoladonesdaigua\/wp-json\/wp\/v2\/media?parent=1103"}],"curies":[{"name":"wp","href":"https:\/\/api.w.org\/{rel}","templated":true}]}}

<p>És tracta d&#8217;una iniciativa de la Unió Europea que es fa efectiva per una acció coordinada dels Departaments d’Agricultura, Salut i Ensenyament:</p>
<p><strong><u>En què consisteix el <em>“Pla de consum de fruita a les escoles” </em></u>?</strong></p>
<p>Consisteix a distribuir fruita fresca als alumnes per potenciar accions que afavoreixin la salut dels infants, com ara augmentar el consum de fruites i verdures, fruita seca, llegums, aigua i joc actiu. I reduir el consum de llaminadures, begudes refrescants, brioxeria i videojocs sedentaris.</p>
<p><strong><u>Els objectius són:</u></strong></p>
<ul>
<li>Oferir fruita en els esmorzars dins del centre escolar.</li>
<li>Informar sobre els beneficis d’ incrementar el consum de fruites i verdures, i sobre la seva diversitat, característiques, etc.</li>
<li>Proposar el consum de fruites com una alternativa excel·lent al consum d’altres aliments amb menys qualitat nutricional.</li>
</ul>
<p><strong><u>Quan hi haurà fruita per esmorzar facilitada des de l’escola?</u></strong></p>
<p>Durant el curs escolar, una setmana de cada mes, es distribuirà fruita i/o verdura seleccionada en funció de l’estació de l’any, la proximitat de producció i la qualitat.</p>
<p>La fruita es repartirà entre l&#8217;alumnat de Educació infantil i Cicle inicial per a què en consumeixin durant l’esmorzar.</p>
<p>&nbsp;</p>
<p><iframe loading="lazy" title="A l&#039;escola, fruita i hortalisses" width="500" height="281" src="https://www.youtube.com/embed/qaizEuZd6KU?feature=oembed" frameborder="0" allow="accelerometer; autoplay; clipboard-write; encrypted-media; gyroscope; picture-in-picture; web-share" referrerpolicy="strict-origin-when-cross-origin" allowfullscreen></iframe></p>

<p>És tracta d&#8217;una iniciativa de la Unió Europea que es fa efectiva per una acció coordinada dels Departaments d’Agricultura, Salut i Ensenyament:<br />
En què consisteix el “Pla de consum de fruita a les escoles” ?<br />
Consisteix a distribuir fruita fresca als alumnes per potenciar accions que afavoreixin la salut&hellip;  <a href="https://agora.xtec.cat/escoladonesdaigua/programa-fruita-a-lescola/" title="Read Programa fruita a l&#8217;escola">Llegeix més»</a></p>
