{"id":1061,"date":"2021-02-23T12:23:47","date_gmt":"2021-02-23T11:23:47","guid":{"rendered":"http:\/\/agora.xtec.cat\/escoladonesdaigua\/?page_id=1061"},"modified":"2025-07-01T11:14:00","modified_gmt":"2025-07-01T09:14:00","slug":"etapa-infantil-unitat-heterogenia-p3-p4-p5","status":"publish","type":"page","link":"https:\/\/agora.xtec.cat\/escoladonesdaigua\/etapa-infantil-unitat-heterogenia-p3-p4-p5\/","title":{"rendered":"SOM ESCOLA C\u00cdCLICA"},"content":{"rendered":"<ol>\n<li><strong>JUSTIFICACI\u00d3:<\/strong><\/li>\n<\/ol>\n<ul>\n<li>Cal atendre la diversitat i <strong>oferir oportunitats d\u2019aprenentatge.<\/strong><\/li>\n<li>No nom\u00e9s es tracta d\u2019un model organitzatiu sin\u00f3 d\u2019un model metodol\u00f2gic. <strong>Es tracta d\u2019inclusi\u00f3.<\/strong><\/li>\n<\/ul>\n<ol start=\"2\">\n<li><strong>AVANTATGES:<\/strong><\/li>\n<\/ol>\n<ul>\n<li><u>Millor adaptaci\u00f3<\/u><\/li>\n<\/ul>\n<p>A l&#8217;inici de curs, el mestre compta amb la seguretat que com a m\u00ednim dos ter\u00e7os dels seus alumnes ja coneixen les normes de l&#8217;aula i saben com desenvolupar-se en l&#8217;ambient de manera independent, i sense ajuda. D&#8217;aquesta manera el mestre pot centrar-se m\u00e9s en els petits els primers dies, si b\u00e9 aquests no triguen en adaptar-se seguint i observant als seus companys m\u00e9s grans, ja que aquests es converteixen en models a seguir, a imitar (de la mateixa manera que a casa els petis imiten els seus germans m\u00e9s grans). El seu treball i moviments dins l&#8217;aula serveixen d&#8217;exemple per als m\u00e9s petits.<\/p>\n<ul>\n<li><u>Col\u00b7laboraci\u00f3, empatia, ajuda<\/u><\/li>\n<\/ul>\n<p>Els dubtes que sorgeixen durant el treball poden ser atesos, a m\u00e9s del mestre, per qualsevol dels companys que ja han treballat pr\u00e8viament en aquella feina. Qui demana ajuda, guanya en autonomia al buscar com i qui pot ajudar-lo a resoldre el seu problema; qui ajuda, guanya en seguretat al poder atendre un company i a la vegada empatitza amb ell perqu\u00e8 tamb\u00e9 va passar per la mateixa activitat i probablement li van sorgir els mateixos problemes.<\/p>\n<ul>\n<li><u>Una petita societat a l&#8217;aula, rica en valors<\/u><\/li>\n<\/ul>\n<p><strong>Una aula d&#8217;edats mixtes \u00e9s un ambient m\u00e9s natural i realista que l&#8217;aula convencional<\/strong>, en que tots, exceptuant el mestre, tenen la mateixa edat. Per qu\u00e8 acotar per edats, si en el nostre dia a dia estem rodejats de persones de diferents edats?<\/p>\n<ol start=\"3\">\n<li><strong>REFERENTS PEDAG\u00d2GICS:<\/strong><\/li>\n<\/ol>\n<p>Segons <strong>Montessori<\/strong> \u201cEl nen, enlloc del mestres, \u00e9s el focus principal a les aules. Un dels resultats de barrejar edats \u00e9s que el nen es concentra en el seu propi aprenentatge i no en el mestre.\u201d <strong>\u201cEn un grup heterogeni cada infant pot trobar un ventall molt m\u00e9s alt de moments evolutius, d\u2019interessos amb els quals connectar que no pas en un grup d\u2019edat homog\u00e8nia<\/strong>. En un grup heterogeni l\u2019individu apareix amb molta m\u00e9s for\u00e7a i resulta m\u00e9s dif\u00edcil que un infant que pugui tenir dificultats d\u2019aprenentatge s\u2019hi pugui sentir fora de lloc. <strong>El grup heterogeni per definici\u00f3 \u00e9s molt m\u00e9s acollidor de les diversitats i genera m\u00e9s inclusi\u00f3. <\/strong>En un grup heterogeni pots ser primer petit, despr\u00e9s mitj\u00e0 i m\u00e9s tard el gran del grup, donant una perspectiva diferent als infants a l\u2019hora de relacionar-se amb els altres.\u201d<\/p>\n<p><strong>Howard Gardner<\/strong> ens ho recorda a la teoria de les <strong>intel\u00b7lig\u00e8ncies m\u00faltiples<\/strong>. \u201cAgrupar als alumnes fixant-nos nom\u00e9s en el grau de domini de determinades intel\u00b7lig\u00e8ncies (principalment la l\u00f2gica-matem\u00e0tica i la ling\u00fc\u00edstica) \u00e9s deixar moltes coses pel cam\u00ed. Perdem la possibilitat que de la seva <strong>interacci\u00f3, uns estimulin als altres<\/strong>. Aquells alumnes que necessiten m\u00e9s atenci\u00f3, si no tenen altres referents , no poden aprendre del <strong>modelatge i l\u2019exemple<\/strong>. De la mateixa manera , els grups \u201cmillors\u201d solen entrar en un estat d\u2019autocomplaen\u00e7a procliu a un\u00a0<em>\u201cSplendid isolation\u201d<\/em>\u00a0poc edificant des del punt de vista de la maduraci\u00f3 personal. <strong>A l\u2019aula no nom\u00e9s s\u2019aprenen continguts<\/strong>, l\u2019educaci\u00f3 \u00e9s encara un dret universal fins als setze anys i tot el que acompanya a la <strong>conviv\u00e8ncia<\/strong> , a la <strong>gesti\u00f3 dels reptes col\u00b7lectius<\/strong> tamb\u00e9 \u00e9s formaci\u00f3 i aprenentatge i probablement ara prenen m\u00e9s import\u00e0ncia que mai. <strong>Els grups que tenen diversitat d\u2019intel\u00b7lig\u00e8ncies a l\u2019aula s\u00f3n m\u00e9s rics i es poden estimular molt millor<\/strong> que aquells en els que les fortaleses o les mancances s\u00f3n les mateixes.\u201d<\/p>\n<p><iframe loading=\"lazy\" title=\"Un dia a infantil - ESCOLA DONES D&#039;AIGUA (PORTES OBERTES 2021)\" width=\"500\" height=\"281\" src=\"https:\/\/www.youtube.com\/embed\/UG992P4EaBs?feature=oembed\" frameborder=\"0\" allow=\"accelerometer; autoplay; clipboard-write; encrypted-media; gyroscope; picture-in-picture; web-share\" referrerpolicy=\"strict-origin-when-cross-origin\" allowfullscreen><\/iframe><\/p>\n","protected":false},"excerpt":{"rendered":"<ol>\n<li>JUSTIFICACI\u00d3:<\/li>\n<\/ol>\n<ul>\n<li>Cal atendre la diversitat i oferir oportunitats d\u2019aprenentatge.<\/li>\n<li>No nom\u00e9s es tracta d\u2019un model organitzatiu sin\u00f3 d\u2019un model metodol\u00f2gic. Es tracta d\u2019inclusi\u00f3.<\/li>\n<\/ul>\n<ol start=\"2\">\n<li>AVANTATGES:<\/li>\n<\/ol>\n<ul>\n<li>Millor adaptaci\u00f3<\/li>\n<\/ul>\n<p>A l&#8217;inici de curs, el mestre compta amb la seguretat que com a m\u00ednim dos ter\u00e7os dels seus alumnes ja coneixen les normes&hellip;  <a href=\"https:\/\/agora.xtec.cat\/escoladonesdaigua\/etapa-infantil-unitat-heterogenia-p3-p4-p5\/\" title=\"Read SOM ESCOLA C\u00cdCLICA\">Llegeix m\u00e9s\u00bb<\/a><\/p>\n","protected":false},"author":7,"featured_media":0,"parent":0,"menu_order":0,"comment_status":"closed","ping_status":"closed","template":"","meta":{"_bbp_topic_count":0,"_bbp_reply_count":0,"_bbp_total_topic_count":0,"_bbp_total_reply_count":0,"_bbp_voice_count":0,"_bbp_anonymous_reply_count":0,"_bbp_topic_count_hidden":0,"_bbp_reply_count_hidden":0,"_bbp_forum_subforum_count":0,"footnotes":""},"class_list":["post-1061","page","type-page","status-publish","hentry"],"post_mailing_queue_ids":[],"_links":{"self":[{"href":"https:\/\/agora.xtec.cat\/escoladonesdaigua\/wp-json\/wp\/v2\/pages\/1061","targetHints":{"allow":["GET"]}}],"collection":[{"href":"https:\/\/agora.xtec.cat\/escoladonesdaigua\/wp-json\/wp\/v2\/pages"}],"about":[{"href":"https:\/\/agora.xtec.cat\/escoladonesdaigua\/wp-json\/wp\/v2\/types\/page"}],"author":[{"embeddable":true,"href":"https:\/\/agora.xtec.cat\/escoladonesdaigua\/wp-json\/wp\/v2\/users\/7"}],"replies":[{"embeddable":true,"href":"https:\/\/agora.xtec.cat\/escoladonesdaigua\/wp-json\/wp\/v2\/comments?post=1061"}],"version-history":[{"count":6,"href":"https:\/\/agora.xtec.cat\/escoladonesdaigua\/wp-json\/wp\/v2\/pages\/1061\/revisions"}],"predecessor-version":[{"id":1910,"href":"https:\/\/agora.xtec.cat\/escoladonesdaigua\/wp-json\/wp\/v2\/pages\/1061\/revisions\/1910"}],"wp:attachment":[{"href":"https:\/\/agora.xtec.cat\/escoladonesdaigua\/wp-json\/wp\/v2\/media?parent=1061"}],"curies":[{"name":"wp","href":"https:\/\/api.w.org\/{rel}","templated":true}]}}

SOM ESCOLA CÍCLICA

<ol>
<li><strong>JUSTIFICACIÓ:</strong></li>
</ol>
<ul>
<li>Cal atendre la diversitat i <strong>oferir oportunitats d’aprenentatge.</strong></li>
<li>No només es tracta d’un model organitzatiu sinó d’un model metodològic. <strong>Es tracta d’inclusió.</strong></li>
</ul>
<ol start="2">
<li><strong>AVANTATGES:</strong></li>
</ol>
<ul>
<li><u>Millor adaptació</u></li>
</ul>
<p>A l&#8217;inici de curs, el mestre compta amb la seguretat que com a mínim dos terços dels seus alumnes ja coneixen les normes de l&#8217;aula i saben com desenvolupar-se en l&#8217;ambient de manera independent, i sense ajuda. D&#8217;aquesta manera el mestre pot centrar-se més en els petits els primers dies, si bé aquests no triguen en adaptar-se seguint i observant als seus companys més grans, ja que aquests es converteixen en models a seguir, a imitar (de la mateixa manera que a casa els petis imiten els seus germans més grans). El seu treball i moviments dins l&#8217;aula serveixen d&#8217;exemple per als més petits.</p>
<ul>
<li><u>Col·laboració, empatia, ajuda</u></li>
</ul>
<p>Els dubtes que sorgeixen durant el treball poden ser atesos, a més del mestre, per qualsevol dels companys que ja han treballat prèviament en aquella feina. Qui demana ajuda, guanya en autonomia al buscar com i qui pot ajudar-lo a resoldre el seu problema; qui ajuda, guanya en seguretat al poder atendre un company i a la vegada empatitza amb ell perquè també va passar per la mateixa activitat i probablement li van sorgir els mateixos problemes.</p>
<ul>
<li><u>Una petita societat a l&#8217;aula, rica en valors</u></li>
</ul>
<p><strong>Una aula d&#8217;edats mixtes és un ambient més natural i realista que l&#8217;aula convencional</strong>, en que tots, exceptuant el mestre, tenen la mateixa edat. Per què acotar per edats, si en el nostre dia a dia estem rodejats de persones de diferents edats?</p>
<ol start="3">
<li><strong>REFERENTS PEDAGÒGICS:</strong></li>
</ol>
<p>Segons <strong>Montessori</strong> “El nen, enlloc del mestres, és el focus principal a les aules. Un dels resultats de barrejar edats és que el nen es concentra en el seu propi aprenentatge i no en el mestre.” <strong>“En un grup heterogeni cada infant pot trobar un ventall molt més alt de moments evolutius, d’interessos amb els quals connectar que no pas en un grup d’edat homogènia</strong>. En un grup heterogeni l’individu apareix amb molta més força i resulta més difícil que un infant que pugui tenir dificultats d’aprenentatge s’hi pugui sentir fora de lloc. <strong>El grup heterogeni per definició és molt més acollidor de les diversitats i genera més inclusió. </strong>En un grup heterogeni pots ser primer petit, després mitjà i més tard el gran del grup, donant una perspectiva diferent als infants a l’hora de relacionar-se amb els altres.”</p>
<p><strong>Howard Gardner</strong> ens ho recorda a la teoria de les <strong>intel·ligències múltiples</strong>. “Agrupar als alumnes fixant-nos només en el grau de domini de determinades intel·ligències (principalment la lògica-matemàtica i la lingüística) és deixar moltes coses pel camí. Perdem la possibilitat que de la seva <strong>interacció, uns estimulin als altres</strong>. Aquells alumnes que necessiten més atenció, si no tenen altres referents , no poden aprendre del <strong>modelatge i l’exemple</strong>. De la mateixa manera , els grups “millors” solen entrar en un estat d’autocomplaença procliu a un <em>“Splendid isolation”</em> poc edificant des del punt de vista de la maduració personal. <strong>A l’aula no només s’aprenen continguts</strong>, l’educació és encara un dret universal fins als setze anys i tot el que acompanya a la <strong>convivència</strong> , a la <strong>gestió dels reptes col·lectius</strong> també és formació i aprenentatge i probablement ara prenen més importància que mai. <strong>Els grups que tenen diversitat d’intel·ligències a l’aula són més rics i es poden estimular molt millor</strong> que aquells en els que les fortaleses o les mancances són les mateixes.”</p>
<p><iframe loading="lazy" title="Un dia a infantil - ESCOLA DONES D&#039;AIGUA (PORTES OBERTES 2021)" width="500" height="281" src="https://www.youtube.com/embed/UG992P4EaBs?feature=oembed" frameborder="0" allow="accelerometer; autoplay; clipboard-write; encrypted-media; gyroscope; picture-in-picture; web-share" referrerpolicy="strict-origin-when-cross-origin" allowfullscreen></iframe></p>

<ol>
<li>JUSTIFICACIÓ:</li>
</ol>
<ul>
<li>Cal atendre la diversitat i oferir oportunitats d’aprenentatge.</li>
<li>No només es tracta d’un model organitzatiu sinó d’un model metodològic. Es tracta d’inclusió.</li>
</ul>
<ol start="2">
<li>AVANTATGES:</li>
</ol>
<ul>
<li>Millor adaptació</li>
</ul>
<p>A l&#8217;inici de curs, el mestre compta amb la seguretat que com a mínim dos terços dels seus alumnes ja coneixen les normes&hellip;  <a href="https://agora.xtec.cat/escoladonesdaigua/etapa-infantil-unitat-heterogenia-p3-p4-p5/" title="Read SOM ESCOLA CÍCLICA">Llegeix més»</a></p>
