{"id":17494,"date":"2019-02-08T12:45:45","date_gmt":"2019-02-08T11:45:45","guid":{"rendered":"http:\/\/projectes.xtec.cat\/programacioirobotica\/?page_id=17494"},"modified":"2025-07-24T12:15:19","modified_gmt":"2025-07-24T10:15:19","slug":"modul-1-comenca-lscratch-aventura-scratch-3","status":"publish","type":"page","link":"https:\/\/agora.xtec.cat\/escoladomeny\/robotica\/scratch\/modul-1-comenca-lscratch-aventura-scratch-3\/","title":{"rendered":"Comen\u00e7a l&#8217;Scratch 3.0 (pas a pas)"},"content":{"rendered":"<p>En aquest m\u00f2dul comen\u00e7arem a treballar amb l&#8217;Scratch, un viatge al\u00b7lucinant pel cam\u00ed de la programaci\u00f3!<\/p>\n<p>Per tal de resoldre els reptes, descobrirem l&#8217;entorn de l&#8217;Scratch i la necessitat de programar. Explorarem els objectes i els personatges que seran els protagonistes. Comen\u00e7arem a programar fent un di\u00e0leg, movent els personatges per anar construint l&#8217;acci\u00f3 i animant els objectes i els personatges.<\/p>\n<table style=\"width: 99.4174%; border-style: dotted; border-color: #000000;\">\n<tbody>\n<tr style=\"border-style: dotted; border-color: #000000;\">\n<td style=\"width: 22.4047%; height: 31px; border-style: solid; border-color: #000000; background-color: #ada8a8;\">SESSI\u00d3<\/td>\n<td style=\"width: 31.0702%; height: 31px; border-style: solid; border-color: #000000; background-color: #ada8a8;\">PLANS DE TREBALL<\/td>\n<td style=\"width: 93.4204%; height: 31px; border-style: solid; border-color: #000000; background-color: #ada8a8;\">ACTIVITATS<\/td>\n<\/tr>\n<tr style=\"border-style: dotted; border-color: #000000;\">\n<td style=\"width: 22.4047%; height: 42px; border-style: dotted; border-color: #000000;\"><a href=\"https:\/\/agora.xtec.cat\/escoladomeny\/robotica\/modul-1-comenca-lscratch-aventura-scratch-3\/sessio-1-comencem-el-projecte\/\">Sessi\u00f3 1<\/a>\n<p>Comencem: el projecte<\/p>\n<\/td>\n<td style=\"width: 31.0702%; border-style: dotted; border-color: #000000;\">Qu\u00e8 \u00e9s l\u2019Scratch?\n<p>Descobrim el web de l&#8217;Scratch<\/p>\n<p>Creem un usuari per comen\u00e7ar a treballar<\/p>\n<p>Presentem el projecte<\/p>\n<\/td>\n<td style=\"width: 93.4204%; height: 42px; border-style: dotted; border-color: #000000;\">\n<ul>\n<li>Presentaci\u00f3 de l\u2019activitat<\/li>\n<li>Presentaci\u00f3 del programa Scratch<\/li>\n<li>L&#8217;espai del grup a l&#8217;Scratch: usuari i contrasenya<\/li>\n<li>Definici\u00f3 del projecte: postal interactiva<\/li>\n<li>Observaci\u00f3 d&#8217;exemples de postals a l&#8217;Scratch<\/li>\n<\/ul>\n<\/td>\n<\/tr>\n<tr style=\"border-style: dotted; border-color: #000000;\">\n<td style=\"width: 22.4047%; height: 18px; border-style: dotted; border-color: #000000;\"><a href=\"https:\/\/agora.xtec.cat\/escoladomeny\/robotica\/modul-1-comenca-lscratch-aventura-scratch-3\/sessio-2-creem-personatges-i-els-fem-parlar\/\">Sessi\u00f3 2<\/a>\n<p>Creem personatges i els fem parlar<\/p>\n<\/td>\n<td style=\"width: 31.0702%; border-style: dotted; border-color: #000000;\">Planificaci\u00f3 del projecte\n<p>L\u2019entorn de programaci\u00f3 de l\u2019Scratch<\/p>\n<p>Creaci\u00f3 de personatges<\/p>\n<p>Di\u00e0leg entre personatges<\/p>\n<\/td>\n<td style=\"width: 93.4204%; height: 18px; border-style: dotted; border-color: #000000;\">\n<ul>\n<li>Definici\u00f3 del projecte de grup<\/li>\n<li>Descoberta de la interf\u00edcie de l&#8217;Scratch<\/li>\n<li>Afegir personatges<\/li>\n<li>Di\u00e0legs entre personatges<\/li>\n<\/ul>\n<\/td>\n<\/tr>\n<tr style=\"border-style: dotted; border-color: #000000;\">\n<td style=\"width: 22.4047%; height: 141px; border-style: dotted; border-color: #000000;\"><a href=\"https:\/\/agora.xtec.cat\/escoladomeny\/robotica\/modul-1-comenca-lscratch-aventura-scratch-3\/sessio-3-movem-els-personatges\/\">Sessi\u00f3 3<\/a>\n<p>Movem els personatges<\/p>\n<\/td>\n<td style=\"width: 31.0702%; border-style: dotted; border-color: #000000;\">Els personatges es poden moure?\n<p>El bloc de moviment<\/p>\n<p>Primers moviments: mou-te, rebota, fixa la rotaci\u00f3, posici\u00f3 inicial, v\u00e9s a, llisca<\/p>\n<p>Estructura iterativa<\/p>\n<p>Direcci\u00f3 del moviment<\/p>\n<p>Personatges animats<\/p>\n<\/td>\n<td style=\"width: 93.4204%; height: 141px; border-style: dotted; border-color: #000000;\">\n<ul>\n<li>Primers moviments, rebota, fixa la rotaci\u00f3, posici\u00f3 inicial,\u00a0v\u00e9s a, llisca.<\/li>\n<li>Moviments amb canvis de vestit<\/li>\n<\/ul>\n<\/td>\n<\/tr>\n<tr style=\"border-style: dotted; border-color: #000000;\">\n<td style=\"width: 22.4047%; height: 130px; border-style: dotted; border-color: #000000;\"><a href=\"https:\/\/agora.xtec.cat\/escoladomeny\/robotica\/modul-1-comenca-lscratch-aventura-scratch-3\/sessio-4-incorporem-hi-mes-personatges\/\">Sessi\u00f3 4<\/a>\n<p>Incorporem-hi m\u00e9s personatges<\/p>\n<\/td>\n<td style=\"width: 31.0702%; border-style: dotted; border-color: #000000;\">Dibuixar personatges\n<p>Editar vestits<\/p>\n<p>Mode mapa de bits i mode vectorial<\/p>\n<p>Importaci\u00f3 de personatges<\/p>\n<p>Respecte als drets d\u2019autor<\/p>\n<p>\u00das de la c\u00e0mera per crear personatges<\/p>\n<\/td>\n<td style=\"width: 93.4204%; height: 130px; border-style: dotted; border-color: #000000;\">\n<ul>\n<li>Creaci\u00f3 de personatges<\/li>\n<li>Disseny de personatges: galeria i categories, esborrar i duplicar<\/li>\n<li>Gesti\u00f3 de l\u2019aspecte dels personatges (mida, color\u2026)<\/li>\n<li>Disseny d\u2019un personatge propi<\/li>\n<li>Drets d&#8217;autor: llic\u00e8ncies Creative Commons<\/li>\n<\/ul>\n<\/td>\n<\/tr>\n<tr style=\"border-style: dotted; border-color: #000000;\">\n<td style=\"width: 22.4047%; height: 118px; border-style: dotted; border-color: #000000;\"><a href=\"https:\/\/agora.xtec.cat\/escoladomeny\/robotica\/modul-1-comenca-lscratch-aventura-scratch-3\/sessio-5-ens-movem-en-totes-direccions\/\">Sessi\u00f3 5<\/a>\n<p>Ens movem en totes direccions<\/p>\n<\/td>\n<td style=\"width: 31.0702%; border-style: dotted; border-color: #000000;\">Propietats dels personatges\n<p>Els personatges saben dibuixar<\/p>\n<p>El bloc \u201cllapis\u201d<\/p>\n<p>Dibuixem pol\u00edgons i estrelles<\/p>\n<\/td>\n<td style=\"width: 93.4204%; height: 118px; border-style: dotted; border-color: #000000;\">\n<ul>\n<li>Propietats dels personatges<\/li>\n<li>Control de les direccions dels personatges en l&#8217;inici i el moviment<\/li>\n<li>Dibuix mitjan\u00e7ant moviment d&#8217;un personatge<\/li>\n<li>Estructura iterativa<\/li>\n<\/ul>\n<\/td>\n<\/tr>\n<tr style=\"border-style: dotted; border-color: #000000;\">\n<td style=\"width: 22.4047%; height: 29px; border-style: dotted; border-color: #000000;\"><a href=\"https:\/\/agora.xtec.cat\/escoladomeny\/robotica\/modul-1-comenca-lscratch-aventura-scratch-3\/sessio-6-dissenyem-lescenari\/\">Sessi\u00f3 6<\/a>\n<p>Dibuixem l&#8217;escenari<\/p>\n<\/td>\n<td style=\"width: 31.0702%; height: 29px; border-style: dotted; border-color: #000000;\">On s\u00f3n els personatges?<\/td>\n<td style=\"width: 93.4204%; height: 29px; border-style: dotted; border-color: #000000;\">\n<ul>\n<li>Creaci\u00f3 d&#8217;un escenari<\/li>\n<li>Disseny i modificaci\u00f3 del fons<\/li>\n<li>Efectes sobre els escenaris<\/li>\n<\/ul>\n<\/td>\n<\/tr>\n<tr style=\"border-style: dotted; border-color: #000000;\">\n<td style=\"width: 22.4047%; height: 74px; border-style: dotted; border-color: #000000;\"><a href=\"https:\/\/agora.xtec.cat\/escoladomeny\/robotica\/modul-1-comenca-lscratch-aventura-scratch-3\/sessio-7-efectes-grafics-dels-personatges\/\">Sessi\u00f3 7<\/a>\n<p>Efectes gr\u00e0fics dels personatges<\/p>\n<\/td>\n<td style=\"width: 31.0702%; border-style: dotted; border-color: #000000;\">Efectes gr\u00e0fics dels personatges\n<p>Altres propietats dels personatges<\/p>\n<p>Dibuix de figures i estampaci\u00f3 de personatges<\/p>\n<p>Nombres aleatoris<\/p>\n<p>Coordenades de l\u2019escenari<\/p>\n<\/td>\n<td style=\"width: 93.4204%; height: 74px; border-style: dotted; border-color: #000000;\">\n<ul>\n<li>Canvis d&#8217;aspecte dels personatges<\/li>\n<li>Accions aleat\u00f2ries<\/li>\n<\/ul>\n<\/td>\n<\/tr>\n<tr style=\"border-style: dotted; border-color: #000000;\">\n<td style=\"width: 22.4047%; height: 89px; border-style: dotted; border-color: #000000;\"><a href=\"https:\/\/agora.xtec.cat\/escoladomeny\/robotica\/modul-1-comenca-lscratch-aventura-scratch-3\/sessio-8-efectes-de-so-i-musica\/\">Sessi\u00f3 8<\/a>\n<p>Efectes de so<\/p>\n<\/td>\n<td style=\"width: 31.0702%; border-style: dotted; border-color: #000000;\">Afegim so des de la galeria\n<p>Enregistrament de so<\/p>\n<p>Afegim so des d&#8217;un fitxer<\/p>\n<p>Fem m\u00fasica<\/p>\n<\/td>\n<td style=\"width: 93.4204%; height: 89px; border-style: dotted; border-color: #000000;\">\n<ul>\n<li>\u00das de sons de la galeria<\/li>\n<li>Enregistrament de sons i afegir-los<\/li>\n<li>Creaci\u00f3 de m\u00fasica amb l&#8217;extensi\u00f3: instruments, notes i tempo<\/li>\n<\/ul>\n<\/td>\n<\/tr>\n<tr style=\"border-style: dotted; border-color: #000000;\">\n<td style=\"width: 22.4047%; height: 143px; border-style: dotted; border-color: #000000;\"><a href=\"https:\/\/agora.xtec.cat\/escoladomeny\/robotica\/modul-1-comenca-lscratch-aventura-scratch-3\/sessio-9-potser-si-potser-no\/\">Sessi\u00f3 9<\/a>\n<p>Potser s\u00ed, potser no<\/p>\n<\/td>\n<td style=\"width: 31.0702%; border-style: dotted; border-color: #000000;\">Estructures condicionals\n<p>Expressions l\u00f2giques<\/p>\n<p>Sensors i operadors<\/p>\n<p>Preguntes i respostes<\/p>\n<\/td>\n<td style=\"width: 93.4204%; height: 143px; border-style: dotted; border-color: #000000;\">\n<ul>\n<li><span style=\"font-weight: 400;\">C\u00f2pia i canvi de nom dels projectes<\/span><\/li>\n<li><span style=\"font-weight: 400;\">Estructura condicional. \u00das d\u2019expressions l\u00f2giques<\/span><\/li>\n<li><span style=\"font-weight: 400;\">Finalitzaci\u00f3 d\u2019una estructura iterativa amb una estructura condicional<\/span><\/li>\n<li><span style=\"font-weight: 400;\">Comunicaci\u00f3 amb l\u2019usuari<\/span><\/li>\n<\/ul>\n<\/td>\n<\/tr>\n<tr style=\"border-style: dotted; border-color: #000000;\">\n<td style=\"width: 22.4047%; height: 97px; border-style: dotted; border-color: #000000;\"><a href=\"https:\/\/agora.xtec.cat\/escoladomeny\/robotica\/modul-1-comenca-lscratch-aventura-scratch-3\/sessio-10-els-personatges-es-comuniquen\/\">Sessi\u00f3 10<\/a>\n<p>Els personatges es comuniquen<\/p>\n<\/td>\n<td style=\"width: 31.0702%; border-style: dotted; border-color: #000000;\">Esdeveniments\n<p>Enviament de missatges<\/p>\n<\/td>\n<td style=\"width: 93.4204%; height: 97px; border-style: dotted; border-color: #000000;\">\n<ul>\n<li>Enviament de missatges entre personatges<\/li>\n<li>Treballar amb les Scratch Cards<\/li>\n<\/ul>\n<p>\u00a0<\/p>\n<\/td>\n<\/tr>\n<\/tbody>\n<\/table>\n\n\n<p><\/p>\n","protected":false},"excerpt":{"rendered":"<p>En aquest m\u00f2dul comen\u00e7arem a treballar amb l&#8217;Scratch, un viatge al\u00b7lucinant pel cam\u00ed de la programaci\u00f3! Per tal de resoldre els reptes, descobrirem l&#8217;entorn de l&#8217;Scratch i la necessitat de programar. Explorarem els objectes i els personatges que seran els protagonistes. Comen\u00e7arem a programar fent un di\u00e0leg, movent els personatges per anar construint l&#8217;acci\u00f3 i [&hellip;]<\/p>\n","protected":false},"author":3,"featured_media":0,"parent":17604,"menu_order":15,"comment_status":"closed","ping_status":"closed","template":"page-templates\/side-menu.php","meta":{"_bbp_topic_count":0,"_bbp_reply_count":0,"_bbp_total_topic_count":0,"_bbp_total_reply_count":0,"_bbp_voice_count":0,"_bbp_anonymous_reply_count":0,"_bbp_topic_count_hidden":0,"_bbp_reply_count_hidden":0,"_bbp_forum_subforum_count":0,"site-sidebar-layout":"default","site-content-layout":"","ast-site-content-layout":"default","site-content-style":"default","site-sidebar-style":"default","ast-global-header-display":"","ast-banner-title-visibility":"","ast-main-header-display":"","ast-hfb-above-header-display":"","ast-hfb-below-header-display":"","ast-hfb-mobile-header-display":"","site-post-title":"","ast-breadcrumbs-content":"","ast-featured-img":"","footer-sml-layout":"","theme-transparent-header-meta":"","adv-header-id-meta":"","stick-header-meta":"","header-above-stick-meta":"","header-main-stick-meta":"","header-below-stick-meta":"","astra-migrate-meta-layouts":"set","ast-page-background-enabled":"default","ast-page-background-meta":{"desktop":{"background-color":"var(--ast-global-color-4)","background-image":"","background-repeat":"repeat","background-position":"center center","background-size":"auto","background-attachment":"scroll","background-type":"","background-media":"","overlay-type":"","overlay-color":"","overlay-opacity":"","overlay-gradient":""},"tablet":{"background-color":"","background-image":"","background-repeat":"repeat","background-position":"center center","background-size":"auto","background-attachment":"scroll","background-type":"","background-media":"","overlay-type":"","overlay-color":"","overlay-opacity":"","overlay-gradient":""},"mobile":{"background-color":"","background-image":"","background-repeat":"repeat","background-position":"center center","background-size":"auto","background-attachment":"scroll","background-type":"","background-media":"","overlay-type":"","overlay-color":"","overlay-opacity":"","overlay-gradient":""}},"ast-content-background-meta":{"desktop":{"background-color":"var(--ast-global-color-5)","background-image":"","background-repeat":"repeat","background-position":"center center","background-size":"auto","background-attachment":"scroll","background-type":"","background-media":"","overlay-type":"","overlay-color":"","overlay-opacity":"","overlay-gradient":""},"tablet":{"background-color":"var(--ast-global-color-5)","background-image":"","background-repeat":"repeat","background-position":"center center","background-size":"auto","background-attachment":"scroll","background-type":"","background-media":"","overlay-type":"","overlay-color":"","overlay-opacity":"","overlay-gradient":""},"mobile":{"background-color":"var(--ast-global-color-5)","background-image":"","background-repeat":"repeat","background-position":"center center","background-size":"auto","background-attachment":"scroll","background-type":"","background-media":"","overlay-type":"","overlay-color":"","overlay-opacity":"","overlay-gradient":""}},"footnotes":""},"class_list":["post-17494","page","type-page","status-publish","hentry"],"post_mailing_queue_ids":[],"_links":{"self":[{"href":"https:\/\/agora.xtec.cat\/escoladomeny\/wp-json\/wp\/v2\/pages\/17494","targetHints":{"allow":["GET"]}}],"collection":[{"href":"https:\/\/agora.xtec.cat\/escoladomeny\/wp-json\/wp\/v2\/pages"}],"about":[{"href":"https:\/\/agora.xtec.cat\/escoladomeny\/wp-json\/wp\/v2\/types\/page"}],"author":[{"embeddable":true,"href":"https:\/\/agora.xtec.cat\/escoladomeny\/wp-json\/wp\/v2\/users\/3"}],"replies":[{"embeddable":true,"href":"https:\/\/agora.xtec.cat\/escoladomeny\/wp-json\/wp\/v2\/comments?post=17494"}],"version-history":[{"count":6,"href":"https:\/\/agora.xtec.cat\/escoladomeny\/wp-json\/wp\/v2\/pages\/17494\/revisions"}],"predecessor-version":[{"id":20007,"href":"https:\/\/agora.xtec.cat\/escoladomeny\/wp-json\/wp\/v2\/pages\/17494\/revisions\/20007"}],"up":[{"embeddable":true,"href":"https:\/\/agora.xtec.cat\/escoladomeny\/wp-json\/wp\/v2\/pages\/17604"}],"wp:attachment":[{"href":"https:\/\/agora.xtec.cat\/escoladomeny\/wp-json\/wp\/v2\/media?parent=17494"}],"curies":[{"name":"wp","href":"https:\/\/api.w.org\/{rel}","templated":true}]}}