{"id":73,"date":"2014-09-18T14:01:51","date_gmt":"2014-09-18T13:01:51","guid":{"rendered":"http:\/\/agora.xtec.cat\/escoladoctorrobert\/?page_id=73"},"modified":"2026-04-30T09:24:30","modified_gmt":"2026-04-30T07:24:30","slug":"menjador-escolar","status":"publish","type":"page","link":"https:\/\/agora.xtec.cat\/escoladoctorrobert\/serveis\/menjador-escolar\/","title":{"rendered":"Menjador- Men\u00fas"},"content":{"rendered":"<div style=\"text-align: center;\">\n<div style=\"text-align: center;\">\n<div style=\"text-align: center;\">\n<div>\n<div style=\"text-align: center;\"><a href=\"https:\/\/agora.xtec.cat\/escoladoctorrobert\/wp-content\/uploads\/usu471\/2026\/04\/Menu-Maig.png\"><img loading=\"lazy\" decoding=\"async\" class=\"alignnone  wp-image-7469\" src=\"https:\/\/agora.xtec.cat\/escoladoctorrobert\/wp-content\/uploads\/usu471\/2026\/04\/Menu-Maig-1024x715.png\" alt=\"\" width=\"711\" height=\"497\" srcset=\"https:\/\/agora.xtec.cat\/escoladoctorrobert\/wp-content\/uploads\/usu471\/2026\/04\/Menu-Maig-1024x715.png 1024w, https:\/\/agora.xtec.cat\/escoladoctorrobert\/wp-content\/uploads\/usu471\/2026\/04\/Menu-Maig-300x210.png 300w, https:\/\/agora.xtec.cat\/escoladoctorrobert\/wp-content\/uploads\/usu471\/2026\/04\/Menu-Maig-768x536.png 768w, https:\/\/agora.xtec.cat\/escoladoctorrobert\/wp-content\/uploads\/usu471\/2026\/04\/Menu-Maig.png 1045w\" sizes=\"auto, (max-width: 711px) 100vw, 711px\" \/><\/a>\n<div style=\"text-align: center;\"><a href=\"https:\/\/agora.xtec.cat\/escoladoctorrobert\/wp-content\/uploads\/usu471\/2026\/04\/Menus-Maig.pdf\">Men\u00fas Maig<\/a><\/div>\n<div>\u00a0<\/div>\n<div style=\"text-align: center;\">\n<div style=\"text-align: center;\">\n<div style=\"text-align: center;\">\n<div>(clicar el t\u00edtol per veure&#8217;ls i descarregar-los)<\/div>\n<div>\u00a0<\/div>\n<div>\u00a0<\/div>\n<div style=\"margin: 8px 0px 4px;\">\n<div style=\"text-align: center;\">\n<p><span style=\"font-size: revert; text-align: left; color: initial;\">Servei gestionat pel Consell Comarcal del Ripoll\u00e8s.<\/span><\/p>\n<\/div>\n<\/div>\n<\/div>\n<\/div>\n<\/div>\n<\/div>\n<\/div>\n<p style=\"text-align: left;\"><strong>Horari del servei<\/strong><\/p>\n<ul>\n<li style=\"text-align: left;\">Educaci\u00f3 infantil: 12:30h &#8211; 15h<\/li>\n<li style=\"text-align: left;\">Educaci\u00f3 prim\u00e0ria: 13h &#8211; 15h<\/li>\n<\/ul>\n<p style=\"text-align: left;\"><strong>Preu del servei<\/strong><\/p>\n<ul>\n<li style=\"text-align: left;\">Alumnat fixe: 5&#8217;85\u20ac\/dia<\/li>\n<li style=\"text-align: left;\">Alumnat espor\u00e0dic: 6&#8217;44\u20ac\/dia<\/li>\n<\/ul>\n<\/div>\n<\/div>\n<\/div>\n<p><!--more--><\/p>\n\n\n<p><\/p>\n\n\n\n<p><\/p>\n\n\n\n<p><\/p>\n\n\n\n<p><\/p>\n","protected":false},"excerpt":{"rendered":"<p>Men\u00fas Maig \u00a0 (clicar el t\u00edtol per veure&#8217;ls i descarregar-los) \u00a0 \u00a0 Servei gestionat pel Consell Comarcal del Ripoll\u00e8s. Horari del servei Educaci\u00f3 infantil: 12:30h &#8211; 15h Educaci\u00f3 prim\u00e0ria: 13h &#8211; 15h Preu del servei Alumnat fixe: 5&#8217;85\u20ac\/dia Alumnat espor\u00e0dic: 6&#8217;44\u20ac\/dia<\/p>\n","protected":false},"author":1,"featured_media":0,"parent":66,"menu_order":30,"comment_status":"closed","ping_status":"closed","template":"","meta":{"_bbp_topic_count":0,"_bbp_reply_count":0,"_bbp_total_topic_count":0,"_bbp_total_reply_count":0,"_bbp_voice_count":0,"_bbp_anonymous_reply_count":0,"_bbp_topic_count_hidden":0,"_bbp_reply_count_hidden":0,"_bbp_forum_subforum_count":0,"site-sidebar-layout":"default","site-content-layout":"","ast-site-content-layout":"default","site-content-style":"default","site-sidebar-style":"default","ast-global-header-display":"","ast-banner-title-visibility":"","ast-main-header-display":"","ast-hfb-above-header-display":"","ast-hfb-below-header-display":"","ast-hfb-mobile-header-display":"","site-post-title":"","ast-breadcrumbs-content":"","ast-featured-img":"","footer-sml-layout":"","theme-transparent-header-meta":"","adv-header-id-meta":"","stick-header-meta":"","header-above-stick-meta":"","header-main-stick-meta":"","header-below-stick-meta":"","astra-migrate-meta-layouts":"set","ast-page-background-enabled":"default","ast-page-background-meta":{"desktop":{"background-color":"var(--ast-global-color-4)","background-image":"","background-repeat":"repeat","background-position":"center center","background-size":"auto","background-attachment":"scroll","background-type":"","background-media":"","overlay-type":"","overlay-color":"","overlay-opacity":"","overlay-gradient":""},"tablet":{"background-color":"","background-image":"","background-repeat":"repeat","background-position":"center center","background-size":"auto","background-attachment":"scroll","background-type":"","background-media":"","overlay-type":"","overlay-color":"","overlay-opacity":"","overlay-gradient":""},"mobile":{"background-color":"","background-image":"","background-repeat":"repeat","background-position":"center center","background-size":"auto","background-attachment":"scroll","background-type":"","background-media":"","overlay-type":"","overlay-color":"","overlay-opacity":"","overlay-gradient":""}},"ast-content-background-meta":{"desktop":{"background-color":"var(--ast-global-color-5)","background-image":"","background-repeat":"repeat","background-position":"center center","background-size":"auto","background-attachment":"scroll","background-type":"","background-media":"","overlay-type":"","overlay-color":"","overlay-opacity":"","overlay-gradient":""},"tablet":{"background-color":"var(--ast-global-color-5)","background-image":"","background-repeat":"repeat","background-position":"center center","background-size":"auto","background-attachment":"scroll","background-type":"","background-media":"","overlay-type":"","overlay-color":"","overlay-opacity":"","overlay-gradient":""},"mobile":{"background-color":"var(--ast-global-color-5)","background-image":"","background-repeat":"repeat","background-position":"center center","background-size":"auto","background-attachment":"scroll","background-type":"","background-media":"","overlay-type":"","overlay-color":"","overlay-opacity":"","overlay-gradient":""}},"footnotes":""},"class_list":["post-73","page","type-page","status-publish","hentry"],"post_mailing_queue_ids":[],"_links":{"self":[{"href":"https:\/\/agora.xtec.cat\/escoladoctorrobert\/wp-json\/wp\/v2\/pages\/73","targetHints":{"allow":["GET"]}}],"collection":[{"href":"https:\/\/agora.xtec.cat\/escoladoctorrobert\/wp-json\/wp\/v2\/pages"}],"about":[{"href":"https:\/\/agora.xtec.cat\/escoladoctorrobert\/wp-json\/wp\/v2\/types\/page"}],"author":[{"embeddable":true,"href":"https:\/\/agora.xtec.cat\/escoladoctorrobert\/wp-json\/wp\/v2\/users\/1"}],"replies":[{"embeddable":true,"href":"https:\/\/agora.xtec.cat\/escoladoctorrobert\/wp-json\/wp\/v2\/comments?post=73"}],"version-history":[{"count":6,"href":"https:\/\/agora.xtec.cat\/escoladoctorrobert\/wp-json\/wp\/v2\/pages\/73\/revisions"}],"predecessor-version":[{"id":7471,"href":"https:\/\/agora.xtec.cat\/escoladoctorrobert\/wp-json\/wp\/v2\/pages\/73\/revisions\/7471"}],"up":[{"embeddable":true,"href":"https:\/\/agora.xtec.cat\/escoladoctorrobert\/wp-json\/wp\/v2\/pages\/66"}],"wp:attachment":[{"href":"https:\/\/agora.xtec.cat\/escoladoctorrobert\/wp-json\/wp\/v2\/media?parent=73"}],"curies":[{"name":"wp","href":"https:\/\/api.w.org\/{rel}","templated":true}]}}