{"id":30,"date":"2014-09-18T12:30:23","date_gmt":"2014-09-18T11:30:23","guid":{"rendered":"http:\/\/agora.xtec.cat\/escoladetartareu\/?page_id=30"},"modified":"2022-03-26T13:38:02","modified_gmt":"2022-03-26T12:38:02","slug":"instal%c2%b7lacions","status":"publish","type":"page","link":"https:\/\/agora.xtec.cat\/escoladetartareu\/lescola\/instal%c2%b7lacions\/","title":{"rendered":"Instal\u00b7lacions"},"content":{"rendered":"<p>L\u2019Escola de Tartareu ocupa un edifici de dues plantes a l&#8217;entrada del poble de Tartareu al costat de la piscina municipal.<\/p>\n<p>Planta baixa. Hi ha una aula, un despatx, lavabos alumnes, lavabo adult, passad\u00eds i espai amb acc\u00e9s exterior per a la caldera.<\/p>\n<p>Primera planta. Aula polivalent amb\u00a0 punt TIC i biblioteca local que actualment s&#8217;utilitza per a desdoblament del grup-classe.<\/p>\n<p>Pati. El pati est\u00e0 dividit en tres parts diferenciades: una part m\u00e9s \u00e0mplia amb sorral,\u00a0 porteries de futbol i cistella de b\u00e0squet; una part annexa d&#8217;hort i per \u00faltim un parc infantil amb gronxadors, tobogan, etc&#8230;<\/p>\n","protected":false},"excerpt":{"rendered":"<p>L\u2019Escola de Tartareu ocupa un edifici de dues plantes a l&#8217;entrada del poble de Tartareu al costat de la piscina municipal.<br \/>\nPlanta baixa. Hi ha una aula, un despatx, lavabos alumnes, lavabo adult, passad\u00eds i espai amb acc\u00e9s exterior per a la caldera.<br \/>\nPrimera planta. Aula polivalent&hellip;  <a href=\"https:\/\/agora.xtec.cat\/escoladetartareu\/lescola\/instal%c2%b7lacions\/\" title=\"Read Instal\u00b7lacions\">Llegeix m\u00e9s\u00bb<\/a><\/p>\n","protected":false},"author":1,"featured_media":0,"parent":22,"menu_order":40,"comment_status":"closed","ping_status":"closed","template":"page-templates\/side-menu.php","meta":{"_bbp_topic_count":0,"_bbp_reply_count":0,"_bbp_total_topic_count":0,"_bbp_total_reply_count":0,"_bbp_voice_count":0,"_bbp_anonymous_reply_count":0,"_bbp_topic_count_hidden":0,"_bbp_reply_count_hidden":0,"_bbp_forum_subforum_count":0,"footnotes":""},"class_list":["post-30","page","type-page","status-publish","hentry"],"post_mailing_queue_ids":[],"_links":{"self":[{"href":"https:\/\/agora.xtec.cat\/escoladetartareu\/wp-json\/wp\/v2\/pages\/30","targetHints":{"allow":["GET"]}}],"collection":[{"href":"https:\/\/agora.xtec.cat\/escoladetartareu\/wp-json\/wp\/v2\/pages"}],"about":[{"href":"https:\/\/agora.xtec.cat\/escoladetartareu\/wp-json\/wp\/v2\/types\/page"}],"author":[{"embeddable":true,"href":"https:\/\/agora.xtec.cat\/escoladetartareu\/wp-json\/wp\/v2\/users\/1"}],"replies":[{"embeddable":true,"href":"https:\/\/agora.xtec.cat\/escoladetartareu\/wp-json\/wp\/v2\/comments?post=30"}],"version-history":[{"count":4,"href":"https:\/\/agora.xtec.cat\/escoladetartareu\/wp-json\/wp\/v2\/pages\/30\/revisions"}],"predecessor-version":[{"id":733,"href":"https:\/\/agora.xtec.cat\/escoladetartareu\/wp-json\/wp\/v2\/pages\/30\/revisions\/733"}],"up":[{"embeddable":true,"href":"https:\/\/agora.xtec.cat\/escoladetartareu\/wp-json\/wp\/v2\/pages\/22"}],"wp:attachment":[{"href":"https:\/\/agora.xtec.cat\/escoladetartareu\/wp-json\/wp\/v2\/media?parent=30"}],"curies":[{"name":"wp","href":"https:\/\/api.w.org\/{rel}","templated":true}]}}