{"id":2367,"date":"2026-03-02T23:15:40","date_gmt":"2026-03-02T22:15:40","guid":{"rendered":"https:\/\/agora.xtec.cat\/escoladeponts\/?page_id=2367"},"modified":"2026-03-02T23:15:40","modified_gmt":"2026-03-02T22:15:40","slug":"el-nostre-claustre","status":"publish","type":"page","link":"https:\/\/agora.xtec.cat\/escoladeponts\/el-nostre-claustre\/","title":{"rendered":"El nostre claustre"},"content":{"rendered":"\n<h2 class=\"wp-block-heading\">Equip directiu<\/h2>\n\n\n\n<div class=\"wp-block-columns is-layout-flex wp-container-core-columns-is-layout-1 wp-block-columns-is-layout-flex\">\n<div class=\"wp-block-column is-layout-flow wp-block-column-is-layout-flow\">\n<figure class=\"wp-block-image aligncenter size-full is-resized\"><a href=\"https:\/\/agora.xtec.cat\/escoladeponts\/wp-content\/uploads\/usu860\/2026\/03\/Noemi-1.jpg\"><img loading=\"lazy\" decoding=\"async\" width=\"175\" height=\"166\" src=\"https:\/\/agora.xtec.cat\/escoladeponts\/wp-content\/uploads\/usu860\/2026\/03\/Noemi-1.jpg\" alt=\"\" class=\"wp-image-2372\" style=\"width:auto;height:300px\"\/><\/a><\/figure>\n\n\n\n<p class=\"has-text-align-center\">Noem\u00ed Lahoz &#8211; DIRECTORA<\/p>\n<\/div>\n\n\n\n<div class=\"wp-block-column is-layout-flow wp-block-column-is-layout-flow\">\n<figure class=\"wp-block-image aligncenter size-full is-resized\"><a href=\"https:\/\/agora.xtec.cat\/escoladeponts\/wp-content\/uploads\/usu860\/2026\/03\/Susanna-1.jpg\"><img loading=\"lazy\" decoding=\"async\" width=\"162\" height=\"163\" src=\"https:\/\/agora.xtec.cat\/escoladeponts\/wp-content\/uploads\/usu860\/2026\/03\/Susanna-1.jpg\" alt=\"\" class=\"wp-image-2373\" style=\"width:260px;height:auto\" srcset=\"https:\/\/agora.xtec.cat\/escoladeponts\/wp-content\/uploads\/usu860\/2026\/03\/Susanna-1.jpg 162w, https:\/\/agora.xtec.cat\/escoladeponts\/wp-content\/uploads\/usu860\/2026\/03\/Susanna-1-150x150.jpg 150w\" sizes=\"auto, (max-width: 162px) 100vw, 162px\" \/><\/a><\/figure>\n\n\n\n<p class=\"has-text-align-center\">Susanna March &#8211; CAP D&#8217;ESTUDIS<\/p>\n<\/div>\n\n\n\n<div class=\"wp-block-column is-layout-flow wp-block-column-is-layout-flow\">\n<figure class=\"wp-block-image aligncenter size-full is-resized\"><a href=\"https:\/\/agora.xtec.cat\/escoladeponts\/wp-content\/uploads\/usu860\/2026\/03\/Ivet-1.jpg\"><img loading=\"lazy\" decoding=\"async\" width=\"156\" height=\"160\" src=\"https:\/\/agora.xtec.cat\/escoladeponts\/wp-content\/uploads\/usu860\/2026\/03\/Ivet-1.jpg\" alt=\"\" class=\"wp-image-2374\" style=\"width:256px;height:auto\"\/><\/a><\/figure>\n\n\n\n<p class=\"has-text-align-center\">Ivet Sol\u00e9 &#8211; SECRET\u00c0RIA<\/p>\n<\/div>\n<\/div>\n","protected":false},"excerpt":{"rendered":"<p>Equip directiu Noem\u00ed Lahoz &#8211; DIRECTORA Susanna March &#8211; CAP D&#8217;ESTUDIS Ivet Sol\u00e9 &#8211; SECRET\u00c0RIA<\/p>\n","protected":false},"author":1,"featured_media":0,"parent":0,"menu_order":0,"comment_status":"closed","ping_status":"close","template":"","meta":{"_bbp_topic_count":0,"_bbp_reply_count":0,"_bbp_total_topic_count":0,"_bbp_total_reply_count":0,"_bbp_voice_count":0,"_bbp_anonymous_reply_count":0,"_bbp_topic_count_hidden":0,"_bbp_reply_count_hidden":0,"_bbp_forum_subforum_count":0,"site-sidebar-layout":"default","site-content-layout":"","ast-site-content-layout":"default","site-content-style":"default","site-sidebar-style":"default","ast-global-header-display":"","ast-banner-title-visibility":"","ast-main-header-display":"","ast-hfb-above-header-display":"","ast-hfb-below-header-display":"","ast-hfb-mobile-header-display":"","site-post-title":"","ast-breadcrumbs-content":"","ast-featured-img":"","footer-sml-layout":"","theme-transparent-header-meta":"","adv-header-id-meta":"","stick-header-meta":"","header-above-stick-meta":"","header-main-stick-meta":"","header-below-stick-meta":"","astra-migrate-meta-layouts":"set","ast-page-background-enabled":"default","ast-page-background-meta":{"desktop":{"background-color":"var(--ast-global-color-4)","background-image":"","background-repeat":"repeat","background-position":"center center","background-size":"auto","background-attachment":"scroll","background-type":"","background-media":"","overlay-type":"","overlay-color":"","overlay-opacity":"","overlay-gradient":""},"tablet":{"background-color":"","background-image":"","background-repeat":"repeat","background-position":"center center","background-size":"auto","background-attachment":"scroll","background-type":"","background-media":"","overlay-type":"","overlay-color":"","overlay-opacity":"","overlay-gradient":""},"mobile":{"background-color":"","background-image":"","background-repeat":"repeat","background-position":"center center","background-size":"auto","background-attachment":"scroll","background-type":"","background-media":"","overlay-type":"","overlay-color":"","overlay-opacity":"","overlay-gradient":""}},"ast-content-background-meta":{"desktop":{"background-color":"var(--ast-global-color-5)","background-image":"","background-repeat":"repeat","background-position":"center center","background-size":"auto","background-attachment":"scroll","background-type":"","background-media":"","overlay-type":"","overlay-color":"","overlay-opacity":"","overlay-gradient":""},"tablet":{"background-color":"var(--ast-global-color-5)","background-image":"","background-repeat":"repeat","background-position":"center center","background-size":"auto","background-attachment":"scroll","background-type":"","background-media":"","overlay-type":"","overlay-color":"","overlay-opacity":"","overlay-gradient":""},"mobile":{"background-color":"var(--ast-global-color-5)","background-image":"","background-repeat":"repeat","background-position":"center center","background-size":"auto","background-attachment":"scroll","background-type":"","background-media":"","overlay-type":"","overlay-color":"","overlay-opacity":"","overlay-gradient":""}},"footnotes":""},"class_list":["post-2367","page","type-page","status-publish","hentry"],"post_mailing_queue_ids":[],"_links":{"self":[{"href":"https:\/\/agora.xtec.cat\/escoladeponts\/wp-json\/wp\/v2\/pages\/2367","targetHints":{"allow":["GET"]}}],"collection":[{"href":"https:\/\/agora.xtec.cat\/escoladeponts\/wp-json\/wp\/v2\/pages"}],"about":[{"href":"https:\/\/agora.xtec.cat\/escoladeponts\/wp-json\/wp\/v2\/types\/page"}],"author":[{"embeddable":true,"href":"https:\/\/agora.xtec.cat\/escoladeponts\/wp-json\/wp\/v2\/users\/1"}],"replies":[{"embeddable":true,"href":"https:\/\/agora.xtec.cat\/escoladeponts\/wp-json\/wp\/v2\/comments?post=2367"}],"version-history":[{"count":1,"href":"https:\/\/agora.xtec.cat\/escoladeponts\/wp-json\/wp\/v2\/pages\/2367\/revisions"}],"predecessor-version":[{"id":2375,"href":"https:\/\/agora.xtec.cat\/escoladeponts\/wp-json\/wp\/v2\/pages\/2367\/revisions\/2375"}],"wp:attachment":[{"href":"https:\/\/agora.xtec.cat\/escoladeponts\/wp-json\/wp\/v2\/media?parent=2367"}],"curies":[{"name":"wp","href":"https:\/\/api.w.org\/{rel}","templated":true}]}}