{"id":9862,"date":"2024-03-12T17:19:00","date_gmt":"2024-03-12T16:19:00","guid":{"rendered":"https:\/\/agora.xtec.cat\/escolademusicsijpc\/?page_id=9862"},"modified":"2024-03-12T17:25:09","modified_gmt":"2024-03-12T16:25:09","slug":"ajuts-23-24-a-la-formacio-musical-emipac-icub-de-barcelona","status":"publish","type":"page","link":"https:\/\/agora.xtec.cat\/escolademusicsijpc\/projecte-educatiu\/ajuts-23-24-a-la-formacio-musical-emipac-icub-de-barcelona\/","title":{"rendered":"Ajuts 23-24 EMIPAC-ICUB"},"content":{"rendered":"<figure class=\"wp-block-image\"><img decoding=\"async\" src=\"https:\/\/mail.google.com\/mail\/u\/1?ui=2&amp;ik=f18f09824e&amp;attid=0.0.1&amp;permmsgid=msg-f:1793226860847462596&amp;th=18e2d2543a8078c4&amp;view=fimg&amp;fur=ip&amp;sz=s0-l75-ft&amp;attbid=ANGjdJ-3FezkPeJJXgC-XZOXNU8nGGcrSHlBo_va88PhNeA_xXHtNXbxy2pBB-7gOSkOvUuXmgqtsoa3YY82xIerYm_JljpCx-dtLv7RpSVeSkZnvro2ncidU6f_02Q&amp;disp=emb&amp;realattid=ii_ltmt5qza0\" alt=\"image.png\" \/><\/figure>\n<h1 class=\"page-title\">AJUTS 23-24 A LA FORMACI\u00d3 MUSICAL EMIPAC-ICUB DE BARCELONA<\/h1>\n<p><strong>Benvolguts alumnes, mares i pares de l\u2019Escola de M\u00fasics i JPC.<\/strong><\/p>\n<p>\u00c9s un plaer per a nosaltres comunicar-vos que novament s\u2019ha signat un nou conveni de col\u2022laboraci\u00f3 entre l\u2019Ajuntament de Barcelona i l\u2019EMIPAC\u00a0per promoure una l\u00ednia d\u2019ajuts\u00a0econ\u00f2mics per l\u2019educaci\u00f3 musical, adre\u00e7at a totes aquelles fam\u00edlies amb dificultats econ\u00f2miques, amb fills, nascuts entre el gener del 2006 i el 31 de desembre de 2019, inscrits el curs 2023-24 a una escola de m\u00fasica autoritzada pel Departament d\u2019Ensenyament de la Generalitat de Catalunya, com\u00a0<strong>L\u2019Escola de M\u00fasics i JPC.<\/strong><\/p>\n<p>Les bases i la sol\u2022licitud de la convocat\u00f2ria dels\u00a0ajuts\u00a0les podreu trobar a la WEB d\u2019EMIPAC\u00a0<a href=\"https:\/\/www.emipac.org\/convocats-els-ajuts-23-24-a-la-formacio-musical-emipac-icub-de-barcelona\/\" target=\"_blank\" rel=\"noreferrer noopener\">Convocats els Ajuts 23-24 a la Formaci\u00f3 Musical EMIPAC-ICUB de Barcelona | Emipac<\/a><\/p>\n<p><strong>MOLT IMPORTANT!:<\/strong><\/p>\n<p><strong>El per\u00edode per presentar les sol\u2022licituds \u00e9s del 18 de mar\u00e7 fins al 12 d\u2019abril de 2024.<\/strong><\/p>\n<p><strong>Desena edici\u00f3 de la convocat\u00f2ria:<\/strong><\/p>\n<p>Ajuts 2023 \u2013 2024 per a la Formaci\u00f3 Musical d\u2019Alumnes d\u2019Escoles de M\u00fasica de la ciutat de Barcelona de titularitat privada inscrites al Registre de Centres del Departament d\u2019Educaci\u00f3 de la Generalitat de Catalunya.<\/p>\n<p>Enguany, com es troba indicat a les bases reguladores, la presentaci\u00f3 de sol\u00b7licituds es podr\u00e0 tramitar a trav\u00e9s del formulari web habilitat a tal efecte.<\/p>\n<p>Demanem a les fam\u00edlies que facin la sol\u00b7licitud, juntament amb la resta de documentaci\u00f3 necess\u00e0ria telem\u00e0ticament, deixant nom\u00e9s per casos excepcionals la presentaci\u00f3 presencial concertant cita pr\u00e8via per assistir, a trav\u00e9s del correu electr\u00f2nic\u00a0<a href=\"mailto:ajuts-emipac@bradlee.es\" target=\"_blank\" rel=\"noreferrer noopener\">ajuts-emipac@bradlee.es<\/a>.<\/p>\n<p>A l\u2019Espai EMIPAC de Gesti\u00f3 dels Ajuts de Barcelona trobareu les Bases Reguladores dels Ajuts convocats i tota la informaci\u00f3 \u00fatil per a la tramitaci\u00f3.\u00a0<a href=\"https:\/\/www.emipac.org\/espai-emipac-de-gestio-dels-ajuts-2023-24-a-la-formacio-musical-emipac-icub\/\" target=\"_blank\" rel=\"noreferrer noopener\">Espai Emipac de Gesti\u00f3 dels Ajuts 2023\/24 a la Formaci\u00f3 Musical EMIPAC-ICUB | Emipac<\/a><\/p>\n<p>Adjuntem les bases reguladores de la convocat\u00f2ria d\u2019ajuts a la formaci\u00f3 musical emipac \u2013 icub curs escolar 2023 \/ 2024.<\/p>\n","protected":false},"excerpt":{"rendered":"<p>AJUTS 23-24 A LA FORMACI\u00d3 MUSICAL EMIPAC-ICUB DE BARCELONA<br \/>\nBenvolguts alumnes, mares i pares de l\u2019Escola de M\u00fasics i JPC.<br \/>\n\u00c9s un plaer per a nosaltres comunicar-vos que novament s\u2019ha signat un nou conveni de col\u2022laboraci\u00f3 entre l\u2019Ajuntament de Barcelona i l\u2019EMIPAC\u00a0per promoure una l\u00ednia d\u2019ajuts\u00a0econ\u00f2mics per&hellip;  <a href=\"https:\/\/agora.xtec.cat\/escolademusicsijpc\/projecte-educatiu\/ajuts-23-24-a-la-formacio-musical-emipac-icub-de-barcelona\/\" title=\"Read Ajuts 23-24 EMIPAC-ICUB\">Llegeix m\u00e9s\u00bb<\/a><\/p>\n","protected":false},"author":3,"featured_media":0,"parent":57,"menu_order":3,"comment_status":"closed","ping_status":"closed","template":"page-templates\/side-menu.php","meta":{"_bbp_topic_count":0,"_bbp_reply_count":0,"_bbp_total_topic_count":0,"_bbp_total_reply_count":0,"_bbp_voice_count":0,"_bbp_anonymous_reply_count":0,"_bbp_topic_count_hidden":0,"_bbp_reply_count_hidden":0,"_bbp_forum_subforum_count":0,"footnotes":""},"class_list":["post-9862","page","type-page","status-publish","hentry"],"post_mailing_queue_ids":[],"_links":{"self":[{"href":"https:\/\/agora.xtec.cat\/escolademusicsijpc\/wp-json\/wp\/v2\/pages\/9862","targetHints":{"allow":["GET"]}}],"collection":[{"href":"https:\/\/agora.xtec.cat\/escolademusicsijpc\/wp-json\/wp\/v2\/pages"}],"about":[{"href":"https:\/\/agora.xtec.cat\/escolademusicsijpc\/wp-json\/wp\/v2\/types\/page"}],"author":[{"embeddable":true,"href":"https:\/\/agora.xtec.cat\/escolademusicsijpc\/wp-json\/wp\/v2\/users\/3"}],"replies":[{"embeddable":true,"href":"https:\/\/agora.xtec.cat\/escolademusicsijpc\/wp-json\/wp\/v2\/comments?post=9862"}],"version-history":[{"count":4,"href":"https:\/\/agora.xtec.cat\/escolademusicsijpc\/wp-json\/wp\/v2\/pages\/9862\/revisions"}],"predecessor-version":[{"id":9867,"href":"https:\/\/agora.xtec.cat\/escolademusicsijpc\/wp-json\/wp\/v2\/pages\/9862\/revisions\/9867"}],"up":[{"embeddable":true,"href":"https:\/\/agora.xtec.cat\/escolademusicsijpc\/wp-json\/wp\/v2\/pages\/57"}],"wp:attachment":[{"href":"https:\/\/agora.xtec.cat\/escolademusicsijpc\/wp-json\/wp\/v2\/media?parent=9862"}],"curies":[{"name":"wp","href":"https:\/\/api.w.org\/{rel}","templated":true}]}}

<figure class="wp-block-image"><img decoding="async" src="https://mail.google.com/mail/u/1?ui=2&amp;ik=f18f09824e&amp;attid=0.0.1&amp;permmsgid=msg-f:1793226860847462596&amp;th=18e2d2543a8078c4&amp;view=fimg&amp;fur=ip&amp;sz=s0-l75-ft&amp;attbid=ANGjdJ-3FezkPeJJXgC-XZOXNU8nGGcrSHlBo_va88PhNeA_xXHtNXbxy2pBB-7gOSkOvUuXmgqtsoa3YY82xIerYm_JljpCx-dtLv7RpSVeSkZnvro2ncidU6f_02Q&amp;disp=emb&amp;realattid=ii_ltmt5qza0" alt="image.png" /></figure>
<h1 class="page-title">AJUTS 23-24 A LA FORMACIÓ MUSICAL EMIPAC-ICUB DE BARCELONA</h1>
<p><strong>Benvolguts alumnes, mares i pares de l’Escola de Músics i JPC.</strong></p>
<p>És un plaer per a nosaltres comunicar-vos que novament s’ha signat un nou conveni de col•laboració entre l’Ajuntament de Barcelona i l’EMIPAC per promoure una línia d’ajuts econòmics per l’educació musical, adreçat a totes aquelles famílies amb dificultats econòmiques, amb fills, nascuts entre el gener del 2006 i el 31 de desembre de 2019, inscrits el curs 2023-24 a una escola de música autoritzada pel Departament d’Ensenyament de la Generalitat de Catalunya, com <strong>L’Escola de Músics i JPC.</strong></p>
<p>Les bases i la sol•licitud de la convocatòria dels ajuts les podreu trobar a la WEB d’EMIPAC <a href="https://www.emipac.org/convocats-els-ajuts-23-24-a-la-formacio-musical-emipac-icub-de-barcelona/" target="_blank" rel="noreferrer noopener">Convocats els Ajuts 23-24 a la Formació Musical EMIPAC-ICUB de Barcelona | Emipac</a></p>
<p><strong>MOLT IMPORTANT!:</strong></p>
<p><strong>El període per presentar les sol•licituds és del 18 de març fins al 12 d’abril de 2024.</strong></p>
<p><strong>Desena edició de la convocatòria:</strong></p>
<p>Ajuts 2023 – 2024 per a la Formació Musical d’Alumnes d’Escoles de Música de la ciutat de Barcelona de titularitat privada inscrites al Registre de Centres del Departament d’Educació de la Generalitat de Catalunya.</p>
<p>Enguany, com es troba indicat a les bases reguladores, la presentació de sol·licituds es podrà tramitar a través del formulari web habilitat a tal efecte.</p>
<p>Demanem a les famílies que facin la sol·licitud, juntament amb la resta de documentació necessària telemàticament, deixant només per casos excepcionals la presentació presencial concertant cita prèvia per assistir, a través del correu electrònic <a href="mailto:ajuts-emipac@bradlee.es" target="_blank" rel="noreferrer noopener">ajuts-emipac@bradlee.es</a>.</p>
<p>A l’Espai EMIPAC de Gestió dels Ajuts de Barcelona trobareu les Bases Reguladores dels Ajuts convocats i tota la informació útil per a la tramitació. <a href="https://www.emipac.org/espai-emipac-de-gestio-dels-ajuts-2023-24-a-la-formacio-musical-emipac-icub/" target="_blank" rel="noreferrer noopener">Espai Emipac de Gestió dels Ajuts 2023/24 a la Formació Musical EMIPAC-ICUB | Emipac</a></p>
<p>Adjuntem les bases reguladores de la convocatòria d’ajuts a la formació musical emipac – icub curs escolar 2023 / 2024.</p>

<p>AJUTS 23-24 A LA FORMACIÓ MUSICAL EMIPAC-ICUB DE BARCELONA<br />
Benvolguts alumnes, mares i pares de l’Escola de Músics i JPC.<br />
És un plaer per a nosaltres comunicar-vos que novament s’ha signat un nou conveni de col•laboració entre l’Ajuntament de Barcelona i l’EMIPAC per promoure una línia d’ajuts econòmics per&hellip;  <a href="https://agora.xtec.cat/escolademusicsijpc/projecte-educatiu/ajuts-23-24-a-la-formacio-musical-emipac-icub-de-barcelona/" title="Read Ajuts 23-24 EMIPAC-ICUB">Llegeix més»</a></p>
