{"id":9328,"date":"2023-01-09T21:22:30","date_gmt":"2023-01-09T20:22:30","guid":{"rendered":"https:\/\/agora.xtec.cat\/escolademusicsijpc\/?page_id=9328"},"modified":"2023-01-09T21:24:42","modified_gmt":"2023-01-09T20:24:42","slug":"projectes-europeus","status":"publish","type":"page","link":"https:\/\/agora.xtec.cat\/escolademusicsijpc\/projecte-educatiu\/projectes-europeus\/","title":{"rendered":"Projectes Europeus"},"content":{"rendered":"\r\n<h1 id=\"h.dxkzw0p1j8mg\" class=\"wp-block-heading\"><a href=\"https:\/\/sites.google.com\/view\/projectes-internacionals-jpc\/projectes-internacionals-lescola-de-m%C3%BAsics-i-jpc?authuser=0&amp;pli=1\">Projectes internacionals L&#8217;Escola de M\u00fasics i JPC<\/a><\/h1>\r\n\r\n\r\n\r\n<figure class=\"wp-block-image\"><img decoding=\"async\" src=\"https:\/\/lh5.googleusercontent.com\/ots9DxaM7_EJJCAIKByNKk74_2b_Qd1NDUx0FdxASSPPveqj9JX9a2G3el_1YUmF-tlrU9BIPfZkAuMuY1Xt7orZjcXIVIefk8Zx72mAX4i2rblI7Ofik4J_f5GaeroinxC-lOrXT5Qm8552FZ897_JC8ipkgZ4FwDk2xB70Y4pTBn0n1yqSKoIdy8pYF_fJ=w1280\" alt=\"\" \/><\/figure>\r\n\r\n\r\n\r\n<figure class=\"wp-block-image\"><img decoding=\"async\" src=\"https:\/\/lh3.googleusercontent.com\/EwjhvQCukpB-Gd2LxWivVyK8gnZvII18X7vV-UpQQTigsx-nbvSU_JeyJWZwIT3IyDor-A_qhiNvCzchHY7uW4noMp3La29IdQ3uW2fjkxkurlR8wYytdjAGbOaXrFL_mUjaNPqkPetALkGVg94yyaGgm8Hv46x96NLGBKyuHjVVKkO5wTqFVQBBHSADBNTi=w1280\" alt=\"\" \/><\/figure>\r\n\r\n\r\n\r\n<p>L&#8217;Escola de M\u00fasics va iniciar el seu Pla Erasmus a finals del curs 2020\/21 amb la intenci\u00f3 d&#8217;engegar el proc\u00e9s d&#8217;internacionalitzaci\u00f3 i millora de l&#8217;escola a trav\u00e9s de les oportunitats que ofereix l&#8217;UE en les diverses accions per donar suport a l\u2019educaci\u00f3, la formaci\u00f3, la joventut i l\u2019esport a Europa.<\/p>\r\n\r\n\r\n\r\n<p>Aquest programa s\u2019emmarca en les pol\u00edtiques educatives de la Uni\u00f3 Europea i segueix els objectius de l\u2019Espai Europeu d\u2019Educaci\u00f3, el Pla d\u2019acci\u00f3 d\u2019Educaci\u00f3 Digital i l\u2019Agenda de Capacitats Europea.<\/p>\r\n\r\n\r\n\r\n<p>Ofereix oportunitat de mobilitat i cooperaci\u00f3 en diversos \u00e0mbits de l&#8217;educaci\u00f3, inclosa l&#8217;educaci\u00f3 musical tant de persones adultes com de l\u2019educaci\u00f3 escolar i la joventut, \u00e0mbits en qu\u00e8 l&#8217;Escola de M\u00fasics treballa. Per al per\u00edode 2021-2027, el programa dona especial rellev\u00e0ncia a la inclusi\u00f3 social, a les transicions ecol\u00f2giques i digitals, i al foment de la participaci\u00f3 dels joves en la vida democr\u00e0tica.<\/p>\r\n\r\n\r\n\r\n<p>Erasmus+ \u00e9s un programa inclusiu, on tothom t\u00e9 cabuda, especialment les persones amb menys oportunitat i organitzacions petites.<\/p>\r\n\r\n\r\n\r\n<p>&#8212;&#8212;&#8212;&#8212;&#8212;&#8212;&#8212;&#8212;&#8212;&#8212;&#8212;&#8212;&#8212;&#8212;&#8212;&#8212;&#8212;&#8212;&#8212;&#8212;&#8212;&#8212;&#8212;&#8212;&#8212;&#8212;&#8212;&#8212;&#8212;&#8212;&#8212;&#8212;&#8212;&#8212;&#8212;&#8212;&#8212;&#8212;&#8212;&#8212;&#8212;&#8211;<\/p>\r\n\r\n\r\n\r\n<p>La Escola de Musics began its Erasmus Plan at the end of the 2020\/21 academic year with the intention of launching the process of internationalization and improvement of the school through the opportunities offered by the EU in the various actions for to support education, training, youth and sport in Europe.<\/p>\r\n\r\n\r\n\r\n<p>This program is part of the European Union\u2019s education policies and follows the objectives of the European Education Area, the Digital Education Action Plan and the European Capacities Agenda.<\/p>\r\n\r\n\r\n\r\n<p>It provides opportunities for mobility and cooperation in a variety of areas of education, including music education for both adults and school and youth education, in which the School of Musicians works. For the period 2021-2027, the program places special emphasis on social inclusion, ecological and digital transitions, and the promotion of youth participation in democratic life.<\/p>\r\n\r\n\r\n\r\n<p>Erasmus + is an inclusive program, where everyone has a place, especially those with fewer opportunities and small organizations.<\/p>\r\n\r\n\r\n\r\n<p><strong>Curs 20\/21<\/strong> <strong>Elaboraci\u00f3 Pla Erasmus i presentaci\u00f3 de propostes. \/ Creation of Pla Erasmus and proposals&#8217; presentations.<\/strong><\/p>\r\n\r\n\r\n\r\n<p><strong>Curs 21\/22<\/strong><\/p>\r\n\r\n\r\n\r\n<p><strong>Propostes aprovades\/ Approved proposals: <\/strong><a href=\"https:\/\/sites.google.com\/view\/projectes-internacionals-jpc\/ka121-adu-sharing-music-through-europe-2022?authuser=0\"><strong>KA121ADU Sharing music in Europe<\/strong><\/a><strong>.<\/strong><\/p>\r\n\r\n\r\n\r\n<p><strong>KA120ADU Acreditaci\u00f3 Erasmus \/ Erasmus Accreditation.<\/strong><\/p>\r\n\r\n\r\n\r\n<p><strong>KA122-SCH-Musicals Choir to Europe.<\/strong><\/p>\r\n\r\n<p><a href=\"https:\/\/agora.xtec.cat\/escolademusicsijpc\/wp-content\/uploads\/usu459\/2023\/01\/es_cofinanciado_por_la_union_europea_pos-1.png\"><img loading=\"lazy\" decoding=\"async\" class=\"size-medium wp-image-9330 alignleft\" src=\"https:\/\/agora.xtec.cat\/escolademusicsijpc\/wp-content\/uploads\/usu459\/2023\/01\/es_cofinanciado_por_la_union_europea_pos-1-300x63.png\" alt=\"\" width=\"300\" height=\"63\" srcset=\"https:\/\/agora.xtec.cat\/escolademusicsijpc\/wp-content\/uploads\/usu459\/2023\/01\/es_cofinanciado_por_la_union_europea_pos-1-300x63.png 300w, https:\/\/agora.xtec.cat\/escolademusicsijpc\/wp-content\/uploads\/usu459\/2023\/01\/es_cofinanciado_por_la_union_europea_pos-1-1024x215.png 1024w, https:\/\/agora.xtec.cat\/escolademusicsijpc\/wp-content\/uploads\/usu459\/2023\/01\/es_cofinanciado_por_la_union_europea_pos-1-768x161.png 768w, https:\/\/agora.xtec.cat\/escolademusicsijpc\/wp-content\/uploads\/usu459\/2023\/01\/es_cofinanciado_por_la_union_europea_pos-1-1536x322.png 1536w, https:\/\/agora.xtec.cat\/escolademusicsijpc\/wp-content\/uploads\/usu459\/2023\/01\/es_cofinanciado_por_la_union_europea_pos-1-2048x429.png 2048w\" sizes=\"auto, (max-width: 300px) 100vw, 300px\" \/><\/a> \u00a0 <img loading=\"lazy\" decoding=\"async\" class=\"\" src=\"https:\/\/lescolademusicsijpc.files.wordpress.com\/2022\/11\/cropped-cropped-316411529_638645141382801_6321070648386711498_n.jpg?w=800\" alt=\"La imagen tiene un atributo ALT vac\u00edo; su nombre de archivo es cropped-cropped-316411529_638645141382801_6321070648386711498_n.jpg\" width=\"320\" height=\"320\" \/><\/p>","protected":false},"excerpt":{"rendered":"<p><a href=\"https:\/\/sites.google.com\/view\/projectes-internacionals-jpc\/projectes-internacionals-lescola-de-m%C3%BAsics-i-jpc?authuser=0&amp;pli=1\">Projectes internacionals L&#8217;Escola de M\u00fasics i JPC<\/a><\/p>\n<p>L&#8217;Escola de M\u00fasics va iniciar el seu Pla Erasmus a finals del curs 2020\/21 amb la intenci\u00f3 d&#8217;engegar el proc\u00e9s d&#8217;internacionalitzaci\u00f3 i millora de l&#8217;escola a trav\u00e9s de les oportunitats que ofereix l&#8217;UE en les diverses accions per&hellip;  <a href=\"https:\/\/agora.xtec.cat\/escolademusicsijpc\/projecte-educatiu\/projectes-europeus\/\" title=\"Read Projectes Europeus\">Llegeix m\u00e9s\u00bb<\/a><\/p>\n","protected":false},"author":3,"featured_media":0,"parent":57,"menu_order":1,"comment_status":"closed","ping_status":"closed","template":"page-templates\/side-menu.php","meta":{"_bbp_topic_count":0,"_bbp_reply_count":0,"_bbp_total_topic_count":0,"_bbp_total_reply_count":0,"_bbp_voice_count":0,"_bbp_anonymous_reply_count":0,"_bbp_topic_count_hidden":0,"_bbp_reply_count_hidden":0,"_bbp_forum_subforum_count":0,"footnotes":""},"class_list":["post-9328","page","type-page","status-publish","hentry"],"post_mailing_queue_ids":[],"_links":{"self":[{"href":"https:\/\/agora.xtec.cat\/escolademusicsijpc\/wp-json\/wp\/v2\/pages\/9328","targetHints":{"allow":["GET"]}}],"collection":[{"href":"https:\/\/agora.xtec.cat\/escolademusicsijpc\/wp-json\/wp\/v2\/pages"}],"about":[{"href":"https:\/\/agora.xtec.cat\/escolademusicsijpc\/wp-json\/wp\/v2\/types\/page"}],"author":[{"embeddable":true,"href":"https:\/\/agora.xtec.cat\/escolademusicsijpc\/wp-json\/wp\/v2\/users\/3"}],"replies":[{"embeddable":true,"href":"https:\/\/agora.xtec.cat\/escolademusicsijpc\/wp-json\/wp\/v2\/comments?post=9328"}],"version-history":[{"count":2,"href":"https:\/\/agora.xtec.cat\/escolademusicsijpc\/wp-json\/wp\/v2\/pages\/9328\/revisions"}],"predecessor-version":[{"id":9332,"href":"https:\/\/agora.xtec.cat\/escolademusicsijpc\/wp-json\/wp\/v2\/pages\/9328\/revisions\/9332"}],"up":[{"embeddable":true,"href":"https:\/\/agora.xtec.cat\/escolademusicsijpc\/wp-json\/wp\/v2\/pages\/57"}],"wp:attachment":[{"href":"https:\/\/agora.xtec.cat\/escolademusicsijpc\/wp-json\/wp\/v2\/media?parent=9328"}],"curies":[{"name":"wp","href":"https:\/\/api.w.org\/{rel}","templated":true}]}}

<h1 id="h.dxkzw0p1j8mg" class="wp-block-heading"><a href="https://sites.google.com/view/projectes-internacionals-jpc/projectes-internacionals-lescola-de-m%C3%BAsics-i-jpc?authuser=0&amp;pli=1">Projectes internacionals L&#8217;Escola de Músics i JPC</a></h1>



<figure class="wp-block-image"><img decoding="async" src="https://lh5.googleusercontent.com/ots9DxaM7_EJJCAIKByNKk74_2b_Qd1NDUx0FdxASSPPveqj9JX9a2G3el_1YUmF-tlrU9BIPfZkAuMuY1Xt7orZjcXIVIefk8Zx72mAX4i2rblI7Ofik4J_f5GaeroinxC-lOrXT5Qm8552FZ897_JC8ipkgZ4FwDk2xB70Y4pTBn0n1yqSKoIdy8pYF_fJ=w1280" alt="" /></figure>



<figure class="wp-block-image"><img decoding="async" src="https://lh3.googleusercontent.com/EwjhvQCukpB-Gd2LxWivVyK8gnZvII18X7vV-UpQQTigsx-nbvSU_JeyJWZwIT3IyDor-A_qhiNvCzchHY7uW4noMp3La29IdQ3uW2fjkxkurlR8wYytdjAGbOaXrFL_mUjaNPqkPetALkGVg94yyaGgm8Hv46x96NLGBKyuHjVVKkO5wTqFVQBBHSADBNTi=w1280" alt="" /></figure>



<p>L&#8217;Escola de Músics va iniciar el seu Pla Erasmus a finals del curs 2020/21 amb la intenció d&#8217;engegar el procés d&#8217;internacionalització i millora de l&#8217;escola a través de les oportunitats que ofereix l&#8217;UE en les diverses accions per donar suport a l’educació, la formació, la joventut i l’esport a Europa.</p>



<p>Aquest programa s’emmarca en les polítiques educatives de la Unió Europea i segueix els objectius de l’Espai Europeu d’Educació, el Pla d’acció d’Educació Digital i l’Agenda de Capacitats Europea.</p>



<p>Ofereix oportunitat de mobilitat i cooperació en diversos àmbits de l&#8217;educació, inclosa l&#8217;educació musical tant de persones adultes com de l’educació escolar i la joventut, àmbits en què l&#8217;Escola de Músics treballa. Per al període 2021-2027, el programa dona especial rellevància a la inclusió social, a les transicions ecològiques i digitals, i al foment de la participació dels joves en la vida democràtica.</p>



<p>Erasmus+ és un programa inclusiu, on tothom té cabuda, especialment les persones amb menys oportunitat i organitzacions petites.</p>



<p>&#8212;&#8212;&#8212;&#8212;&#8212;&#8212;&#8212;&#8212;&#8212;&#8212;&#8212;&#8212;&#8212;&#8212;&#8212;&#8212;&#8212;&#8212;&#8212;&#8212;&#8212;&#8212;&#8212;&#8212;&#8212;&#8212;&#8212;&#8212;&#8212;&#8212;&#8212;&#8212;&#8212;&#8212;&#8212;&#8212;&#8212;&#8212;&#8212;&#8212;&#8212;&#8211;</p>



<p>La Escola de Musics began its Erasmus Plan at the end of the 2020/21 academic year with the intention of launching the process of internationalization and improvement of the school through the opportunities offered by the EU in the various actions for to support education, training, youth and sport in Europe.</p>



<p>This program is part of the European Union’s education policies and follows the objectives of the European Education Area, the Digital Education Action Plan and the European Capacities Agenda.</p>



<p>It provides opportunities for mobility and cooperation in a variety of areas of education, including music education for both adults and school and youth education, in which the School of Musicians works. For the period 2021-2027, the program places special emphasis on social inclusion, ecological and digital transitions, and the promotion of youth participation in democratic life.</p>



<p>Erasmus + is an inclusive program, where everyone has a place, especially those with fewer opportunities and small organizations.</p>



<p><strong>Curs 20/21</strong> <strong>Elaboració Pla Erasmus i presentació de propostes. / Creation of Pla Erasmus and proposals&#8217; presentations.</strong></p>



<p><strong>Curs 21/22</strong></p>



<p><strong>Propostes aprovades/ Approved proposals: </strong><a href="https://sites.google.com/view/projectes-internacionals-jpc/ka121-adu-sharing-music-through-europe-2022?authuser=0"><strong>KA121ADU Sharing music in Europe</strong></a><strong>.</strong></p>



<p><strong>KA120ADU Acreditació Erasmus / Erasmus Accreditation.</strong></p>



<p><strong>KA122-SCH-Musicals Choir to Europe.</strong></p>

<p><a href="https://agora.xtec.cat/escolademusicsijpc/wp-content/uploads/usu459/2023/01/es_cofinanciado_por_la_union_europea_pos-1.png"><img loading="lazy" decoding="async" class="size-medium wp-image-9330 alignleft" src="https://agora.xtec.cat/escolademusicsijpc/wp-content/uploads/usu459/2023/01/es_cofinanciado_por_la_union_europea_pos-1-300x63.png" alt="" width="300" height="63" srcset="https://agora.xtec.cat/escolademusicsijpc/wp-content/uploads/usu459/2023/01/es_cofinanciado_por_la_union_europea_pos-1-300x63.png 300w, https://agora.xtec.cat/escolademusicsijpc/wp-content/uploads/usu459/2023/01/es_cofinanciado_por_la_union_europea_pos-1-1024x215.png 1024w, https://agora.xtec.cat/escolademusicsijpc/wp-content/uploads/usu459/2023/01/es_cofinanciado_por_la_union_europea_pos-1-768x161.png 768w, https://agora.xtec.cat/escolademusicsijpc/wp-content/uploads/usu459/2023/01/es_cofinanciado_por_la_union_europea_pos-1-1536x322.png 1536w, https://agora.xtec.cat/escolademusicsijpc/wp-content/uploads/usu459/2023/01/es_cofinanciado_por_la_union_europea_pos-1-2048x429.png 2048w" sizes="auto, (max-width: 300px) 100vw, 300px" /></a>   <img loading="lazy" decoding="async" class="" src="https://lescolademusicsijpc.files.wordpress.com/2022/11/cropped-cropped-316411529_638645141382801_6321070648386711498_n.jpg?w=800" alt="La imagen tiene un atributo ALT vacío; su nombre de archivo es cropped-cropped-316411529_638645141382801_6321070648386711498_n.jpg" width="320" height="320" /></p>

<p><a href="https://sites.google.com/view/projectes-internacionals-jpc/projectes-internacionals-lescola-de-m%C3%BAsics-i-jpc?authuser=0&amp;pli=1">Projectes internacionals L&#8217;Escola de Músics i JPC</a></p>
<p>L&#8217;Escola de Músics va iniciar el seu Pla Erasmus a finals del curs 2020/21 amb la intenció d&#8217;engegar el procés d&#8217;internacionalització i millora de l&#8217;escola a través de les oportunitats que ofereix l&#8217;UE en les diverses accions per&hellip;  <a href="https://agora.xtec.cat/escolademusicsijpc/projecte-educatiu/projectes-europeus/" title="Read Projectes Europeus">Llegeix més»</a></p>
