{"id":8743,"date":"2020-10-20T17:30:38","date_gmt":"2020-10-20T15:30:38","guid":{"rendered":"http:\/\/agora.xtec.cat\/escolademusicsijpc\/?page_id=8743"},"modified":"2020-10-20T17:30:55","modified_gmt":"2020-10-20T15:30:55","slug":"musicoterapia-adults","status":"publish","type":"page","link":"https:\/\/agora.xtec.cat\/escolademusicsijpc\/the-musicakal-project\/musicoterapia-nenses\/musicoterapia-adults\/","title":{"rendered":"Musicoter\u00e0pia adults"},"content":{"rendered":"<p><em>La musicoter\u00e0pia \u00e9s l\u2019\u00fas professional de la m\u00fasica i dels seus elements en el context m\u00e8dic, educatiu i quotidi\u00e0 amb individus, grups, fam\u00edlies o comunitats, amb la finalitat d\u2019optimitzar la seva qualitat de vida i de millorar la seva salut f\u00edsica, social, comunicativa, emocional i intel\u00b7lectual i el seu benestar. [\u2026]<br \/>\n<\/em>Definici\u00f3 de la Federaci\u00f3 Mundial de Musicoter\u00e0pia.<\/p>\n<p>El nostre dia a dia de vegades ens demana anar a un altre ritme m\u00e9s enll\u00e0 del nostre natural. En les sessions de musicoter\u00e0pia obrim un espai sonor per acollir a la persona tal com \u00e9s en el \u201caqu\u00ed i ara\u201d, creant un espai per expressar-se, una illa de tranquil\u00b7litat i pau en aquest m\u00f3n tan vertigin\u00f3s i exigent.<\/p>\n<p>Les sessions de musicoter\u00e0pia estan condu\u00efdes per Rochsane Taghikhani, musicoterapeuta formada en la Universitat de Barcelona i amb estudis en terapeuta Gestalt amb diversos anys d\u2019experi\u00e8ncia amb nens i adults.<\/p>\n<p>La musicoter\u00e0pia contribueix a:<\/p>\n<ul>\n<li>Proporcionar benestar.<\/li>\n<li>Millorar la qualitat de vida.<\/li>\n<li>Con\u00e8ixer-se a si mateix a trav\u00e9s de l\u2019historial sonor.<\/li>\n<li>Integrar l\u2019expressivitat a nivell personal i familiar.<\/li>\n<li>Desenvolupar potencialitats i recuperar habilitats desconegudes o perdudes.<\/li>\n<li>Millorar la comunicaci\u00f3.<\/li>\n<li>Proporcionar maneres de relaxaci\u00f3.<\/li>\n<li>Oferir un canal de comunicaci\u00f3 alternatiu al llenguatge oral.<\/li>\n<\/ul>\n<p><strong>La musicoter\u00e0pia est\u00e0 indicada:<\/strong><\/p>\n<ul>\n<li>Per a persones amb problemes emocionals.<\/li>\n<li>En situacions de p\u00e8rdua o dol.<\/li>\n<li>En moments d\u2019estr\u00e9s.<\/li>\n<li>En quadres d\u2019ansietat.<\/li>\n<li>En situacions de depressi\u00f3.<\/li>\n<li>Per a persones amb c\u00e0ncer.<\/li>\n<li>Per a persones amb discapacitats.<\/li>\n<\/ul>\n<p><strong>On?<\/strong><br \/>\nL\u2019ESCOLA DE MUSICS I JPC.<br \/>\n<strong>Quan?<\/strong><br \/>\nA partir de setembre de 2014.<br \/>\nTrucar o enviar un correu per concertar una primera visita.<\/p>\n<p><strong>Quota adults:<\/strong><br \/>\n55 \u20ac per a una sessi\u00f3 setmanal de 60 minuts (pagament mensual).<\/p>\n<p><strong>Inscripci\u00f3:<br \/>\nA partir de juny de 2014 per correu (escolademusics@hotmail.com) o trucar al n\u00famero 93-301 07 18<\/strong><\/p>\n","protected":false},"excerpt":{"rendered":"<p>La musicoter\u00e0pia \u00e9s l\u2019\u00fas professional de la m\u00fasica i dels seus elements en el context m\u00e8dic, educatiu i quotidi\u00e0 amb individus, grups, fam\u00edlies o comunitats, amb la finalitat d\u2019optimitzar la seva qualitat de vida i de millorar la seva salut f\u00edsica, social, comunicativa, emocional i&hellip;  <a href=\"https:\/\/agora.xtec.cat\/escolademusicsijpc\/the-musicakal-project\/musicoterapia-nenses\/musicoterapia-adults\/\" title=\"Read Musicoter\u00e0pia adults\">Llegeix m\u00e9s\u00bb<\/a><\/p>\n","protected":false},"author":3,"featured_media":0,"parent":3541,"menu_order":2,"comment_status":"closed","ping_status":"closed","template":"page-templates\/side-menu.php","meta":{"_bbp_topic_count":0,"_bbp_reply_count":0,"_bbp_total_topic_count":0,"_bbp_total_reply_count":0,"_bbp_voice_count":0,"_bbp_anonymous_reply_count":0,"_bbp_topic_count_hidden":0,"_bbp_reply_count_hidden":0,"_bbp_forum_subforum_count":0,"footnotes":""},"class_list":["post-8743","page","type-page","status-publish","hentry"],"post_mailing_queue_ids":[],"_links":{"self":[{"href":"https:\/\/agora.xtec.cat\/escolademusicsijpc\/wp-json\/wp\/v2\/pages\/8743","targetHints":{"allow":["GET"]}}],"collection":[{"href":"https:\/\/agora.xtec.cat\/escolademusicsijpc\/wp-json\/wp\/v2\/pages"}],"about":[{"href":"https:\/\/agora.xtec.cat\/escolademusicsijpc\/wp-json\/wp\/v2\/types\/page"}],"author":[{"embeddable":true,"href":"https:\/\/agora.xtec.cat\/escolademusicsijpc\/wp-json\/wp\/v2\/users\/3"}],"replies":[{"embeddable":true,"href":"https:\/\/agora.xtec.cat\/escolademusicsijpc\/wp-json\/wp\/v2\/comments?post=8743"}],"version-history":[{"count":2,"href":"https:\/\/agora.xtec.cat\/escolademusicsijpc\/wp-json\/wp\/v2\/pages\/8743\/revisions"}],"predecessor-version":[{"id":8745,"href":"https:\/\/agora.xtec.cat\/escolademusicsijpc\/wp-json\/wp\/v2\/pages\/8743\/revisions\/8745"}],"up":[{"embeddable":true,"href":"https:\/\/agora.xtec.cat\/escolademusicsijpc\/wp-json\/wp\/v2\/pages\/3541"}],"wp:attachment":[{"href":"https:\/\/agora.xtec.cat\/escolademusicsijpc\/wp-json\/wp\/v2\/media?parent=8743"}],"curies":[{"name":"wp","href":"https:\/\/api.w.org\/{rel}","templated":true}]}}