{"id":8705,"date":"2020-10-15T18:22:02","date_gmt":"2020-10-15T16:22:02","guid":{"rendered":"http:\/\/agora.xtec.cat\/escolademusicsijpc\/?page_id=8705"},"modified":"2020-10-15T18:26:06","modified_gmt":"2020-10-15T16:26:06","slug":"preparacio-per-a-superior-i-classes-magistrals","status":"publish","type":"page","link":"https:\/\/agora.xtec.cat\/escolademusicsijpc\/organigrama\/preparacio-per-a-superior-i-classes-magistrals\/","title":{"rendered":"Preparaci\u00f3 per a superior"},"content":{"rendered":"<h3>PROVES D\u2019ACC\u00c9S A CONSERVATORIS SUPERIORS<\/h3>\n<p>Actualment en el panorama \u00a0musical de Catalunya, hi ha una desorientaci\u00f3 per part de l\u2019alumnat que vol accedir al grau superior de m\u00fasica dels diferents centres Catalans, Espanyols i Europeus degut als constants canvis en les legislacions educatives, en les programacions i en diversitat centres.<\/p>\n<p>Aix\u00f2 ha fet que l\u2019Escola de M\u00fasics i JPC amb la seva llarga traject\u00f2ria docent i pedag\u00f2gica, hagin copsat la necessitat d\u2019oferir uns cursos preparatoris pels estudiants\/es que vulguin accedir al Grau Superior, fer oposicions per a escoles de M\u00fasica de Catalunya , Espanya i Europa, orquestres professionals, etc.. amb m\u00e9s seguretat i garanties d\u2019\u00e8xit.<\/p>\n<p><a href=\"https:\/\/lescolademusicsijpc.files.wordpress.com\/2020\/05\/7-preparacio-superior.jpg\"><img loading=\"lazy\" decoding=\"async\" class=\"aligncenter wp-image-9777\" src=\"https:\/\/lescolademusicsijpc.files.wordpress.com\/2020\/05\/7-preparacio-superior.jpg?w=600&amp;h=461\" sizes=\"auto, (max-width: 600px) 100vw, 600px\" srcset=\"https:\/\/lescolademusicsijpc.files.wordpress.com\/2020\/05\/7-preparacio-superior.jpg?w=600&amp;h=461 600w, https:\/\/lescolademusicsijpc.files.wordpress.com\/2020\/05\/7-preparacio-superior.jpg?w=150&amp;h=115 150w, https:\/\/lescolademusicsijpc.files.wordpress.com\/2020\/05\/7-preparacio-superior.jpg?w=300&amp;h=231 300w, https:\/\/lescolademusicsijpc.files.wordpress.com\/2020\/05\/7-preparacio-superior.jpg?w=768&amp;h=590 768w, https:\/\/lescolademusicsijpc.files.wordpress.com\/2020\/05\/7-preparacio-superior.jpg?w=1024&amp;h=787 1024w, https:\/\/lescolademusicsijpc.files.wordpress.com\/2020\/05\/7-preparacio-superior.jpg 1080w\" alt=\"\" width=\"600\" height=\"461\" data-attachment-id=\"9777\" data-permalink=\"https:\/\/lescolademusicsijpc.wordpress.com\/nivells\/preparacio-per-a-superior-i-classes-magistrals\/7-preparacio-superior\/\" data-orig-file=\"https:\/\/lescolademusicsijpc.files.wordpress.com\/2020\/05\/7-preparacio-superior.jpg\" data-orig-size=\"1080,830\" data-comments-opened=\"0\" data-image-meta=\"{&quot;aperture&quot;:&quot;0&quot;,&quot;credit&quot;:&quot;&quot;,&quot;camera&quot;:&quot;&quot;,&quot;caption&quot;:&quot;&quot;,&quot;created_timestamp&quot;:&quot;0&quot;,&quot;copyright&quot;:&quot;&quot;,&quot;focal_length&quot;:&quot;0&quot;,&quot;iso&quot;:&quot;0&quot;,&quot;shutter_speed&quot;:&quot;0&quot;,&quot;title&quot;:&quot;&quot;,&quot;orientation&quot;:&quot;0&quot;}\" data-image-title=\"7- PREPARACIO SUPERIOR\" data-image-description=\"\" data-medium-file=\"https:\/\/lescolademusicsijpc.files.wordpress.com\/2020\/05\/7-preparacio-superior.jpg?w=300\" data-large-file=\"https:\/\/lescolademusicsijpc.files.wordpress.com\/2020\/05\/7-preparacio-superior.jpg?w=840\" \/><\/a><\/p>\n<h3>CLASSES MAGISTRALS<\/h3>\n<p>A l\u2019escola es programen classes magistrals, post-graus i cursos d\u2019especialitzaci\u00f3.<br \/>\nAquests cursos van dirigits a:<br \/>\nJoves m\u00fasics amb inter\u00e8s a aprofundir en el repertori instrumental.<br \/>\nProfessors d\u2019escoles de m\u00fasica i conservatoris amb inter\u00e8s en aprofundir en la pedagogia de l\u2019instrument.<br \/>\nEstudiants de nivell professional i superior que desitgin treballar la t\u00e8cnica i el repertori instrumental.<\/p>\n<div><a href=\"https:\/\/lescolademusicsijpc.files.wordpress.com\/2020\/05\/magistrals.jpg\"><img loading=\"lazy\" decoding=\"async\" class=\"aligncenter wp-image-9778\" src=\"https:\/\/lescolademusicsijpc.files.wordpress.com\/2020\/05\/magistrals.jpg?w=600&amp;h=357\" sizes=\"auto, (max-width: 600px) 100vw, 600px\" srcset=\"https:\/\/lescolademusicsijpc.files.wordpress.com\/2020\/05\/magistrals.jpg?w=600&amp;h=357 600w, https:\/\/lescolademusicsijpc.files.wordpress.com\/2020\/05\/magistrals.jpg?w=150&amp;h=89 150w, https:\/\/lescolademusicsijpc.files.wordpress.com\/2020\/05\/magistrals.jpg?w=300&amp;h=178 300w, https:\/\/lescolademusicsijpc.files.wordpress.com\/2020\/05\/magistrals.jpg?w=768&amp;h=457 768w, https:\/\/lescolademusicsijpc.files.wordpress.com\/2020\/05\/magistrals.jpg?w=1024&amp;h=609 1024w, https:\/\/lescolademusicsijpc.files.wordpress.com\/2020\/05\/magistrals.jpg 1080w\" alt=\"\" width=\"600\" height=\"357\" data-attachment-id=\"9778\" data-permalink=\"https:\/\/lescolademusicsijpc.wordpress.com\/nivells\/preparacio-per-a-superior-i-classes-magistrals\/magistrals\/\" data-orig-file=\"https:\/\/lescolademusicsijpc.files.wordpress.com\/2020\/05\/magistrals.jpg\" data-orig-size=\"1080,642\" data-comments-opened=\"0\" data-image-meta=\"{&quot;aperture&quot;:&quot;0&quot;,&quot;credit&quot;:&quot;&quot;,&quot;camera&quot;:&quot;&quot;,&quot;caption&quot;:&quot;&quot;,&quot;created_timestamp&quot;:&quot;0&quot;,&quot;copyright&quot;:&quot;&quot;,&quot;focal_length&quot;:&quot;0&quot;,&quot;iso&quot;:&quot;0&quot;,&quot;shutter_speed&quot;:&quot;0&quot;,&quot;title&quot;:&quot;&quot;,&quot;orientation&quot;:&quot;0&quot;}\" data-image-title=\"magistrals\" data-image-description=\"\" data-medium-file=\"https:\/\/lescolademusicsijpc.files.wordpress.com\/2020\/05\/magistrals.jpg?w=300\" data-large-file=\"https:\/\/lescolademusicsijpc.files.wordpress.com\/2020\/05\/magistrals.jpg?w=840\" \/><\/a><\/div>\n","protected":false},"excerpt":{"rendered":"<p>PROVES D\u2019ACC\u00c9S A CONSERVATORIS SUPERIORS<br \/>\nActualment en el panorama \u00a0musical de Catalunya, hi ha una desorientaci\u00f3 per part de l\u2019alumnat que vol accedir al grau superior de m\u00fasica dels diferents centres Catalans, Espanyols i Europeus degut als constants canvis en les legislacions educatives, en les programacions&hellip;  <a href=\"https:\/\/agora.xtec.cat\/escolademusicsijpc\/organigrama\/preparacio-per-a-superior-i-classes-magistrals\/\" title=\"Read Preparaci\u00f3 per a superior\">Llegeix m\u00e9s\u00bb<\/a><\/p>\n","protected":false},"author":3,"featured_media":0,"parent":46,"menu_order":6,"comment_status":"closed","ping_status":"closed","template":"page-templates\/side-menu.php","meta":{"_bbp_topic_count":0,"_bbp_reply_count":0,"_bbp_total_topic_count":0,"_bbp_total_reply_count":0,"_bbp_voice_count":0,"_bbp_anonymous_reply_count":0,"_bbp_topic_count_hidden":0,"_bbp_reply_count_hidden":0,"_bbp_forum_subforum_count":0,"footnotes":""},"class_list":["post-8705","page","type-page","status-publish","hentry"],"post_mailing_queue_ids":[],"_links":{"self":[{"href":"https:\/\/agora.xtec.cat\/escolademusicsijpc\/wp-json\/wp\/v2\/pages\/8705","targetHints":{"allow":["GET"]}}],"collection":[{"href":"https:\/\/agora.xtec.cat\/escolademusicsijpc\/wp-json\/wp\/v2\/pages"}],"about":[{"href":"https:\/\/agora.xtec.cat\/escolademusicsijpc\/wp-json\/wp\/v2\/types\/page"}],"author":[{"embeddable":true,"href":"https:\/\/agora.xtec.cat\/escolademusicsijpc\/wp-json\/wp\/v2\/users\/3"}],"replies":[{"embeddable":true,"href":"https:\/\/agora.xtec.cat\/escolademusicsijpc\/wp-json\/wp\/v2\/comments?post=8705"}],"version-history":[{"count":3,"href":"https:\/\/agora.xtec.cat\/escolademusicsijpc\/wp-json\/wp\/v2\/pages\/8705\/revisions"}],"predecessor-version":[{"id":8709,"href":"https:\/\/agora.xtec.cat\/escolademusicsijpc\/wp-json\/wp\/v2\/pages\/8705\/revisions\/8709"}],"up":[{"embeddable":true,"href":"https:\/\/agora.xtec.cat\/escolademusicsijpc\/wp-json\/wp\/v2\/pages\/46"}],"wp:attachment":[{"href":"https:\/\/agora.xtec.cat\/escolademusicsijpc\/wp-json\/wp\/v2\/media?parent=8705"}],"curies":[{"name":"wp","href":"https:\/\/api.w.org\/{rel}","templated":true}]}}

Preparació per a superior

<h3>PROVES D’ACCÉS A CONSERVATORIS SUPERIORS</h3>
<p>Actualment en el panorama  musical de Catalunya, hi ha una desorientació per part de l’alumnat que vol accedir al grau superior de música dels diferents centres Catalans, Espanyols i Europeus degut als constants canvis en les legislacions educatives, en les programacions i en diversitat centres.</p>
<p>Això ha fet que l’Escola de Músics i JPC amb la seva llarga trajectòria docent i pedagògica, hagin copsat la necessitat d’oferir uns cursos preparatoris pels estudiants/es que vulguin accedir al Grau Superior, fer oposicions per a escoles de Música de Catalunya , Espanya i Europa, orquestres professionals, etc.. amb més seguretat i garanties d’èxit.</p>
<p><a href="https://lescolademusicsijpc.files.wordpress.com/2020/05/7-preparacio-superior.jpg"><img loading="lazy" decoding="async" class="aligncenter wp-image-9777" src="https://lescolademusicsijpc.files.wordpress.com/2020/05/7-preparacio-superior.jpg?w=600&amp;h=461" sizes="auto, (max-width: 600px) 100vw, 600px" srcset="https://lescolademusicsijpc.files.wordpress.com/2020/05/7-preparacio-superior.jpg?w=600&amp;h=461 600w, https://lescolademusicsijpc.files.wordpress.com/2020/05/7-preparacio-superior.jpg?w=150&amp;h=115 150w, https://lescolademusicsijpc.files.wordpress.com/2020/05/7-preparacio-superior.jpg?w=300&amp;h=231 300w, https://lescolademusicsijpc.files.wordpress.com/2020/05/7-preparacio-superior.jpg?w=768&amp;h=590 768w, https://lescolademusicsijpc.files.wordpress.com/2020/05/7-preparacio-superior.jpg?w=1024&amp;h=787 1024w, https://lescolademusicsijpc.files.wordpress.com/2020/05/7-preparacio-superior.jpg 1080w" alt="" width="600" height="461" data-attachment-id="9777" data-permalink="https://lescolademusicsijpc.wordpress.com/nivells/preparacio-per-a-superior-i-classes-magistrals/7-preparacio-superior/" data-orig-file="https://lescolademusicsijpc.files.wordpress.com/2020/05/7-preparacio-superior.jpg" data-orig-size="1080,830" data-comments-opened="0" data-image-meta="{&quot;aperture&quot;:&quot;0&quot;,&quot;credit&quot;:&quot;&quot;,&quot;camera&quot;:&quot;&quot;,&quot;caption&quot;:&quot;&quot;,&quot;created_timestamp&quot;:&quot;0&quot;,&quot;copyright&quot;:&quot;&quot;,&quot;focal_length&quot;:&quot;0&quot;,&quot;iso&quot;:&quot;0&quot;,&quot;shutter_speed&quot;:&quot;0&quot;,&quot;title&quot;:&quot;&quot;,&quot;orientation&quot;:&quot;0&quot;}" data-image-title="7- PREPARACIO SUPERIOR" data-image-description="" data-medium-file="https://lescolademusicsijpc.files.wordpress.com/2020/05/7-preparacio-superior.jpg?w=300" data-large-file="https://lescolademusicsijpc.files.wordpress.com/2020/05/7-preparacio-superior.jpg?w=840" /></a></p>
<h3>CLASSES MAGISTRALS</h3>
<p>A l’escola es programen classes magistrals, post-graus i cursos d’especialització.<br />
Aquests cursos van dirigits a:<br />
Joves músics amb interès a aprofundir en el repertori instrumental.<br />
Professors d’escoles de música i conservatoris amb interès en aprofundir en la pedagogia de l’instrument.<br />
Estudiants de nivell professional i superior que desitgin treballar la tècnica i el repertori instrumental.</p>
<div><a href="https://lescolademusicsijpc.files.wordpress.com/2020/05/magistrals.jpg"><img loading="lazy" decoding="async" class="aligncenter wp-image-9778" src="https://lescolademusicsijpc.files.wordpress.com/2020/05/magistrals.jpg?w=600&amp;h=357" sizes="auto, (max-width: 600px) 100vw, 600px" srcset="https://lescolademusicsijpc.files.wordpress.com/2020/05/magistrals.jpg?w=600&amp;h=357 600w, https://lescolademusicsijpc.files.wordpress.com/2020/05/magistrals.jpg?w=150&amp;h=89 150w, https://lescolademusicsijpc.files.wordpress.com/2020/05/magistrals.jpg?w=300&amp;h=178 300w, https://lescolademusicsijpc.files.wordpress.com/2020/05/magistrals.jpg?w=768&amp;h=457 768w, https://lescolademusicsijpc.files.wordpress.com/2020/05/magistrals.jpg?w=1024&amp;h=609 1024w, https://lescolademusicsijpc.files.wordpress.com/2020/05/magistrals.jpg 1080w" alt="" width="600" height="357" data-attachment-id="9778" data-permalink="https://lescolademusicsijpc.wordpress.com/nivells/preparacio-per-a-superior-i-classes-magistrals/magistrals/" data-orig-file="https://lescolademusicsijpc.files.wordpress.com/2020/05/magistrals.jpg" data-orig-size="1080,642" data-comments-opened="0" data-image-meta="{&quot;aperture&quot;:&quot;0&quot;,&quot;credit&quot;:&quot;&quot;,&quot;camera&quot;:&quot;&quot;,&quot;caption&quot;:&quot;&quot;,&quot;created_timestamp&quot;:&quot;0&quot;,&quot;copyright&quot;:&quot;&quot;,&quot;focal_length&quot;:&quot;0&quot;,&quot;iso&quot;:&quot;0&quot;,&quot;shutter_speed&quot;:&quot;0&quot;,&quot;title&quot;:&quot;&quot;,&quot;orientation&quot;:&quot;0&quot;}" data-image-title="magistrals" data-image-description="" data-medium-file="https://lescolademusicsijpc.files.wordpress.com/2020/05/magistrals.jpg?w=300" data-large-file="https://lescolademusicsijpc.files.wordpress.com/2020/05/magistrals.jpg?w=840" /></a></div>

<p>PROVES D’ACCÉS A CONSERVATORIS SUPERIORS<br />
Actualment en el panorama  musical de Catalunya, hi ha una desorientació per part de l’alumnat que vol accedir al grau superior de música dels diferents centres Catalans, Espanyols i Europeus degut als constants canvis en les legislacions educatives, en les programacions&hellip;  <a href="https://agora.xtec.cat/escolademusicsijpc/organigrama/preparacio-per-a-superior-i-classes-magistrals/" title="Read Preparació per a superior">Llegeix més»</a></p>
