{"id":8702,"date":"2020-10-15T18:18:50","date_gmt":"2020-10-15T16:18:50","guid":{"rendered":"http:\/\/agora.xtec.cat\/escolademusicsijpc\/?page_id=8702"},"modified":"2021-02-11T16:30:27","modified_gmt":"2021-02-11T15:30:27","slug":"convalidacions","status":"publish","type":"page","link":"https:\/\/agora.xtec.cat\/escolademusicsijpc\/pagines-dinici\/pagina-dinici-buida\/preinscripcio-2019-2020\/convalidacions\/","title":{"rendered":"Convalidacions"},"content":{"rendered":"<div style=\"box-sizing: inherit; color: #303030; font-family: 'Open Sans', Tahoma, Arial; font-size: 17px;\">\n<h3 style=\"box-sizing: inherit; clear: both; margin-top: 0.75em; margin-bottom: 0.75em; font-weight: 400; font-size: 1.5rem; text-align: center;\"><span style=\"box-sizing: inherit; font-size: 1.0625rem;\">Segons la normativa vigent, els estudiants<\/span><span style=\"box-sizing: inherit; font-weight: bold; font-size: 1.0625rem;\">\u00a0d\u2019escola de m\u00fasica autoritzada<\/span><span style=\"box-sizing: inherit; font-size: 1.0625rem;\">\u00a0com \u00e9s l\u2019Escola de M\u00fasics, tenen la possibilitat de convalidar assignatures de l\u2019ESO i el Batxillerat.<\/span><\/h3>\n<\/div>\n<div style=\"box-sizing: inherit; color: #303030; font-family: 'Open Sans', Tahoma, Arial; font-size: 17px;\">\n<p style=\"box-sizing: inherit; margin-bottom: 1.5em;\"><u style=\"box-sizing: inherit;\">Qu\u00e8 es pot convalidar?<\/u><\/p>\n<ul style=\"box-sizing: inherit; margin-bottom: 1.5em; margin-left: 0px; padding-left: 1.25em; list-style-position: initial; list-style-image: initial;\">\n<li style=\"box-sizing: inherit;\">M\u00fasica (la comuna de 1r a 3r curs d\u2019ESO).<\/li>\n<li style=\"box-sizing: inherit;\">Mat\u00e8ries optatives de 1r a 3r curs d\u2019ESO (fins a un m\u00e0xim de 4 hores per curs).<\/li>\n<li style=\"box-sizing: inherit;\">Una mat\u00e8ria optativa espec\u00edfica de 4t curs d\u2019ESO. L\u2019alumne\/a cursar\u00e0 en aquest cas nom\u00e9s dues mat\u00e8ries optatives espec\u00edfiques, cap de les quals no podr\u00e0 ser la m\u00fasica. No s\u00f3n convalidables ni el treball de s\u00edntesi de 1r a 3r curs ni el projecte de recerca de 4t curs.<\/li>\n<\/ul>\n<div style=\"box-sizing: inherit;\"><u style=\"box-sizing: inherit;\">Quins documents necessitem presentar?<\/u><\/div>\n<ul style=\"box-sizing: inherit; margin-bottom: 1.5em; margin-left: 0px; padding-left: 1.25em; list-style-position: initial; list-style-image: initial;\">\n<li style=\"box-sizing: inherit;\">Demanar a lEscola de M\u00fasics i JPC el \u201cCertificat expedit pel conservatori o pel centre professional de m\u00fasica on s\u2019acredita el curs que fa l\u2019alumne\/a\u201d.<\/li>\n<li style=\"box-sizing: inherit;\">Heu de presentar al centre\/Institut on cursa l\u2019ESO, durant els dos primers mesos de classe, la \u201cSol\u00b7licitud de reducci\u00f3 de mat\u00e8ries de l\u2019educaci\u00f3 secund\u00e0ria obligat\u00f2ria (ESO) per als alumnes que cursen estudis de m\u00fasica en un conservatori o en un centre professional, o en una escola de m\u00fasica autoritzada\u201d, acompanyada del \u201cCertificat expedit pel conservatori o pel centre professional de m\u00fasica on s\u2019acredita el curs que fa l\u2019alumne\/a\u201d.<\/li>\n<li style=\"box-sizing: inherit;\">La direcci\u00f3 del centre\/Institut resol la sol\u00b7licitud d\u2019acord amb la \u201cResoluci\u00f3 per la qual es concedeix la convalidaci\u00f3 de mat\u00e8ries optatives i\/o de la mat\u00e8ria de m\u00fasica de l\u2019educaci\u00f3 secund\u00e0ria obligat\u00f2ria (ESO) als alumnes que cursen ensenyaments professionals en un conservatori o en un centre professional de m\u00fasica\u201d.<\/li>\n<li style=\"box-sizing: inherit;\">La resoluci\u00f3 us la comunicaran per escrit a les persones interessades i podeu presentar recurs en contra davant la direcci\u00f3 dels serveis territorials d\u2019Educaci\u00f3 en el termini de cinc dies h\u00e0bils a partir de l\u2019endem\u00e0 de la notificaci\u00f3 de la resoluci\u00f3.<\/li>\n<li style=\"box-sizing: inherit;\">El centre lliurar\u00e0 a l\u2019alumne\/a c\u00f2pia compulsada i entrada per registre de tota la documentaci\u00f3.<\/li>\n<li style=\"box-sizing: inherit;\">En els documents d\u2019avaluaci\u00f3 es far\u00e0 constar l\u2019adaptaci\u00f3 curricular com a pla individualitzat (PI). En els corresponents apartats d\u2019observacions es far\u00e0 constar la resoluci\u00f3.<\/li>\n<li style=\"box-sizing: inherit;\">Les mat\u00e8ries que s\u2019hagin convalidat no tenen qualificaci\u00f3 ni computen als efectes de c\u00e0lcul de la nota mitjana.<\/li>\n<\/ul>\n<\/div>\n","protected":false},"excerpt":{"rendered":"<p>Segons la normativa vigent, els estudiants\u00a0d\u2019escola de m\u00fasica autoritzada\u00a0com \u00e9s l\u2019Escola de M\u00fasics, tenen la possibilitat de convalidar assignatures de l\u2019ESO i el Batxillerat.<\/p>\n<p>Qu\u00e8 es pot convalidar?<\/p>\n<ul style=\"box-sizing: inherit; margin-bottom: 1.5em; margin-left: 0px; padding-left: 1.25em; list-style-position: initial; list-style-image: initial;\">\n<li style=\"box-sizing: inherit;\">M\u00fasica (la comuna de 1r&hellip;  <a href=\"https:\/\/agora.xtec.cat\/escolademusicsijpc\/pagines-dinici\/pagina-dinici-buida\/preinscripcio-2019-2020\/convalidacions\/\" title=\"Read Convalidacions\">Llegeix m\u00e9s\u00bb<\/a><br \/>\n","protected":false},"author":3,"featured_media":0,"parent":7540,"menu_order":1,"comment_status":"closed","ping_status":"closed","template":"page-templates\/side-menu.php","meta":{"_bbp_topic_count":0,"_bbp_reply_count":0,"_bbp_total_topic_count":0,"_bbp_total_reply_count":0,"_bbp_voice_count":0,"_bbp_anonymous_reply_count":0,"_bbp_topic_count_hidden":0,"_bbp_reply_count_hidden":0,"_bbp_forum_subforum_count":0,"footnotes":""},"class_list":["post-8702","page","type-page","status-publish","hentry"],"post_mailing_queue_ids":[],"_links":{"self":[{"href":"https:\/\/agora.xtec.cat\/escolademusicsijpc\/wp-json\/wp\/v2\/pages\/8702","targetHints":{"allow":["GET"]}}],"collection":[{"href":"https:\/\/agora.xtec.cat\/escolademusicsijpc\/wp-json\/wp\/v2\/pages"}],"about":[{"href":"https:\/\/agora.xtec.cat\/escolademusicsijpc\/wp-json\/wp\/v2\/types\/page"}],"author":[{"embeddable":true,"href":"https:\/\/agora.xtec.cat\/escolademusicsijpc\/wp-json\/wp\/v2\/users\/3"}],"replies":[{"embeddable":true,"href":"https:\/\/agora.xtec.cat\/escolademusicsijpc\/wp-json\/wp\/v2\/comments?post=8702"}],"version-history":[{"count":1,"href":"https:\/\/agora.xtec.cat\/escolademusicsijpc\/wp-json\/wp\/v2\/pages\/8702\/revisions"}],"predecessor-version":[{"id":8703,"href":"https:\/\/agora.xtec.cat\/escolademusicsijpc\/wp-json\/wp\/v2\/pages\/8702\/revisions\/8703"}],"up":[{"embeddable":true,"href":"https:\/\/agora.xtec.cat\/escolademusicsijpc\/wp-json\/wp\/v2\/pages\/7540"}],"wp:attachment":[{"href":"https:\/\/agora.xtec.cat\/escolademusicsijpc\/wp-json\/wp\/v2\/media?parent=8702"}],"curies":[{"name":"wp","href":"https:\/\/api.w.org\/{rel}","templated":true}]}}