{"id":8699,"date":"2020-10-15T18:08:46","date_gmt":"2020-10-15T16:08:46","guid":{"rendered":"http:\/\/agora.xtec.cat\/escolademusicsijpc\/?page_id=8699"},"modified":"2020-10-15T18:14:29","modified_gmt":"2020-10-15T16:14:29","slug":"escola-dadults","status":"publish","type":"page","link":"https:\/\/agora.xtec.cat\/escolademusicsijpc\/organigrama\/escola-dadults\/","title":{"rendered":"Escola d&#8217;adults"},"content":{"rendered":"<p>L\u2019Escola de M\u00fasics ofereix plans espec\u00edfics a tots aquells adults que vulguin iniciar-se de zero en el m\u00f3n de la m\u00fasica o reprendre o continuar els seus estudis musicals.<\/p>\n<p><a href=\"https:\/\/lescolademusicsijpc.files.wordpress.com\/2020\/05\/6-adults.jpg\"><img loading=\"lazy\" decoding=\"async\" class=\"aligncenter wp-image-9775\" src=\"https:\/\/lescolademusicsijpc.files.wordpress.com\/2020\/05\/6-adults.jpg?w=600&amp;h=459\" sizes=\"auto, (max-width: 600px) 100vw, 600px\" srcset=\"https:\/\/lescolademusicsijpc.files.wordpress.com\/2020\/05\/6-adults.jpg?w=600&amp;h=459 600w, https:\/\/lescolademusicsijpc.files.wordpress.com\/2020\/05\/6-adults.jpg?w=150&amp;h=115 150w, https:\/\/lescolademusicsijpc.files.wordpress.com\/2020\/05\/6-adults.jpg?w=300&amp;h=229 300w, https:\/\/lescolademusicsijpc.files.wordpress.com\/2020\/05\/6-adults.jpg?w=768&amp;h=587 768w, https:\/\/lescolademusicsijpc.files.wordpress.com\/2020\/05\/6-adults.jpg?w=1024&amp;h=783 1024w, https:\/\/lescolademusicsijpc.files.wordpress.com\/2020\/05\/6-adults.jpg 1080w\" alt=\"\" width=\"600\" height=\"459\" data-attachment-id=\"9775\" data-permalink=\"https:\/\/lescolademusicsijpc.wordpress.com\/nivells\/escola-dadults\/6-adults\/\" data-orig-file=\"https:\/\/lescolademusicsijpc.files.wordpress.com\/2020\/05\/6-adults.jpg\" data-orig-size=\"1080,826\" data-comments-opened=\"0\" data-image-meta=\"{&quot;aperture&quot;:&quot;0&quot;,&quot;credit&quot;:&quot;&quot;,&quot;camera&quot;:&quot;&quot;,&quot;caption&quot;:&quot;&quot;,&quot;created_timestamp&quot;:&quot;0&quot;,&quot;copyright&quot;:&quot;&quot;,&quot;focal_length&quot;:&quot;0&quot;,&quot;iso&quot;:&quot;0&quot;,&quot;shutter_speed&quot;:&quot;0&quot;,&quot;title&quot;:&quot;&quot;,&quot;orientation&quot;:&quot;0&quot;}\" data-image-title=\"6 ADULTS\" data-image-description=\"\" data-medium-file=\"https:\/\/lescolademusicsijpc.files.wordpress.com\/2020\/05\/6-adults.jpg?w=300\" data-large-file=\"https:\/\/lescolademusicsijpc.files.wordpress.com\/2020\/05\/6-adults.jpg?w=840\" \/><\/a><\/p>\n","protected":false},"excerpt":{"rendered":"<p>L\u2019Escola de M\u00fasics ofereix plans espec\u00edfics a tots aquells adults que vulguin iniciar-se de zero en el m\u00f3n de la m\u00fasica o reprendre o continuar els seus estudis musicals.<br \/>\n<a href=\"https:\/\/lescolademusicsijpc.files.wordpress.com\/2020\/05\/6-adults.jpg\"><\/a><\/p>\n","protected":false},"author":3,"featured_media":0,"parent":46,"menu_order":5,"comment_status":"closed","ping_status":"closed","template":"page-templates\/side-menu.php","meta":{"_bbp_topic_count":0,"_bbp_reply_count":0,"_bbp_total_topic_count":0,"_bbp_total_reply_count":0,"_bbp_voice_count":0,"_bbp_anonymous_reply_count":0,"_bbp_topic_count_hidden":0,"_bbp_reply_count_hidden":0,"_bbp_forum_subforum_count":0,"footnotes":""},"class_list":["post-8699","page","type-page","status-publish","hentry"],"post_mailing_queue_ids":[],"_links":{"self":[{"href":"https:\/\/agora.xtec.cat\/escolademusicsijpc\/wp-json\/wp\/v2\/pages\/8699","targetHints":{"allow":["GET"]}}],"collection":[{"href":"https:\/\/agora.xtec.cat\/escolademusicsijpc\/wp-json\/wp\/v2\/pages"}],"about":[{"href":"https:\/\/agora.xtec.cat\/escolademusicsijpc\/wp-json\/wp\/v2\/types\/page"}],"author":[{"embeddable":true,"href":"https:\/\/agora.xtec.cat\/escolademusicsijpc\/wp-json\/wp\/v2\/users\/3"}],"replies":[{"embeddable":true,"href":"https:\/\/agora.xtec.cat\/escolademusicsijpc\/wp-json\/wp\/v2\/comments?post=8699"}],"version-history":[{"count":1,"href":"https:\/\/agora.xtec.cat\/escolademusicsijpc\/wp-json\/wp\/v2\/pages\/8699\/revisions"}],"predecessor-version":[{"id":8700,"href":"https:\/\/agora.xtec.cat\/escolademusicsijpc\/wp-json\/wp\/v2\/pages\/8699\/revisions\/8700"}],"up":[{"embeddable":true,"href":"https:\/\/agora.xtec.cat\/escolademusicsijpc\/wp-json\/wp\/v2\/pages\/46"}],"wp:attachment":[{"href":"https:\/\/agora.xtec.cat\/escolademusicsijpc\/wp-json\/wp\/v2\/media?parent=8699"}],"curies":[{"name":"wp","href":"https:\/\/api.w.org\/{rel}","templated":true}]}}

<p>L’Escola de Músics ofereix plans específics a tots aquells adults que vulguin iniciar-se de zero en el món de la música o reprendre o continuar els seus estudis musicals.</p>
<p><a href="https://lescolademusicsijpc.files.wordpress.com/2020/05/6-adults.jpg"><img loading="lazy" decoding="async" class="aligncenter wp-image-9775" src="https://lescolademusicsijpc.files.wordpress.com/2020/05/6-adults.jpg?w=600&amp;h=459" sizes="auto, (max-width: 600px) 100vw, 600px" srcset="https://lescolademusicsijpc.files.wordpress.com/2020/05/6-adults.jpg?w=600&amp;h=459 600w, https://lescolademusicsijpc.files.wordpress.com/2020/05/6-adults.jpg?w=150&amp;h=115 150w, https://lescolademusicsijpc.files.wordpress.com/2020/05/6-adults.jpg?w=300&amp;h=229 300w, https://lescolademusicsijpc.files.wordpress.com/2020/05/6-adults.jpg?w=768&amp;h=587 768w, https://lescolademusicsijpc.files.wordpress.com/2020/05/6-adults.jpg?w=1024&amp;h=783 1024w, https://lescolademusicsijpc.files.wordpress.com/2020/05/6-adults.jpg 1080w" alt="" width="600" height="459" data-attachment-id="9775" data-permalink="https://lescolademusicsijpc.wordpress.com/nivells/escola-dadults/6-adults/" data-orig-file="https://lescolademusicsijpc.files.wordpress.com/2020/05/6-adults.jpg" data-orig-size="1080,826" data-comments-opened="0" data-image-meta="{&quot;aperture&quot;:&quot;0&quot;,&quot;credit&quot;:&quot;&quot;,&quot;camera&quot;:&quot;&quot;,&quot;caption&quot;:&quot;&quot;,&quot;created_timestamp&quot;:&quot;0&quot;,&quot;copyright&quot;:&quot;&quot;,&quot;focal_length&quot;:&quot;0&quot;,&quot;iso&quot;:&quot;0&quot;,&quot;shutter_speed&quot;:&quot;0&quot;,&quot;title&quot;:&quot;&quot;,&quot;orientation&quot;:&quot;0&quot;}" data-image-title="6 ADULTS" data-image-description="" data-medium-file="https://lescolademusicsijpc.files.wordpress.com/2020/05/6-adults.jpg?w=300" data-large-file="https://lescolademusicsijpc.files.wordpress.com/2020/05/6-adults.jpg?w=840" /></a></p>

<p>L’Escola de Músics ofereix plans específics a tots aquells adults que vulguin iniciar-se de zero en el món de la música o reprendre o continuar els seus estudis musicals.<br />
<a href="https://lescolademusicsijpc.files.wordpress.com/2020/05/6-adults.jpg"></a></p>
