{"id":7499,"date":"2019-03-20T16:33:17","date_gmt":"2019-03-20T15:33:17","guid":{"rendered":"http:\/\/agora.xtec.cat\/escolademusicsijpc\/?page_id=7499"},"modified":"2020-10-09T18:58:31","modified_gmt":"2020-10-09T16:58:31","slug":"sensibilitzacio-musical-de-1-a-5-anys","status":"publish","type":"page","link":"https:\/\/agora.xtec.cat\/escolademusicsijpc\/organigrama\/sensibilitzacio-musical-de-1-a-5-anys\/","title":{"rendered":"Sensibilitzaci\u00f3 Musical (de 1 a 5 anys)"},"content":{"rendered":"<ul>\n<li><span style=\"font-weight: 400;\">Sensibilitzar l\u2019alumne en el m\u00f3n de la M\u00fasica, aconseguir que interioritzi intu\u00eftivament els elements b\u00e0sics del ritme i la pulsaci\u00f3, altura tonal, timbre, expressi\u00f3 corporal i expressi\u00f3 cantada.<\/span><span style=\"font-weight: 400;\"><br \/>\n<\/span><\/li>\n<li style=\"font-weight: 400;\"><span style=\"font-weight: 400;\">Iniciar el desenvolupament de l\u2019o\u00efda, interioritzant uns bons patrons r\u00edtmics, mel\u00f2dics i estructurals.<\/span><span style=\"font-weight: 400;\"><br \/>\n<\/span><\/li>\n<li style=\"font-weight: 400;\"><span style=\"font-weight: 400;\">Potenciar l\u2019experi\u00e8ncia sensorial i motriu de l\u2019alumne, com a primera forma de comprensi\u00f3 i apropament a la M\u00fasica.<\/span><span style=\"font-weight: 400;\"><br \/>\n<\/span><\/li>\n<li style=\"font-weight: 400;\"><span style=\"font-weight: 400;\">Iniciar a l\u2019alumne en el m\u00f3n de la veu com a factor d\u2019aprenentatge de l\u2019expressi\u00f3 musical amb el propi cos. \u00a0<\/span><\/li>\n<li style=\"font-weight: 400;\"><span style=\"font-weight: 400;\">Aprendre a valorar la veu com un dels mitjans expressius m\u00e9s importants en el fet musical.<\/span><span style=\"font-weight: 400;\"><br \/>\n<\/span><\/li>\n<li style=\"font-weight: 400;\"><span style=\"font-weight: 400;\">Assist\u00e8ncia a audicions i audicions de peces musicals c\u00e8lebres.<\/span><span style=\"font-weight: 400;\"><br \/>\n<\/span><span style=\"font-weight: 400;\">Iniciaci\u00f3 a la M\u00fasica<\/span><\/li>\n<li style=\"font-weight: 400;\">Iniciaci\u00f3 intu\u00eftiva al comen\u00e7ament per\u00f2 progressivament m\u00e9s conceptual als elements que integren la M\u00fasica.<\/li>\n<li style=\"font-weight: 400;\">Desenvolupament de la sensibilitat musical i del sentit de l\u2019o\u00efda.<\/li>\n<li style=\"font-weight: 400;\">Apropament als s\u00edmbols musicals (codificaci\u00f3 i descodificaci\u00f3).<\/li>\n<li style=\"font-weight: 400;\">Iniciar a l\u2019alumne en el m\u00f3n de la veu com a factor d\u2019aprenentatge de l\u2019expressi\u00f3 musical amb el propi cos.<\/li>\n<\/ul>\n<p><a href=\"https:\/\/agora.xtec.cat\/escolademusicsijpc\/wp-content\/uploads\/usu459\/2020\/10\/1-nivell-sensibilitzacic393-musical.jpg\"><img loading=\"lazy\" decoding=\"async\" class=\"aligncenter wp-image-8673 size-full\" src=\"https:\/\/agora.xtec.cat\/escolademusicsijpc\/wp-content\/uploads\/usu459\/2020\/10\/1-nivell-sensibilitzacic393-musical.jpg\" alt=\"\" width=\"600\" height=\"348\" srcset=\"https:\/\/agora.xtec.cat\/escolademusicsijpc\/wp-content\/uploads\/usu459\/2020\/10\/1-nivell-sensibilitzacic393-musical.jpg 600w, https:\/\/agora.xtec.cat\/escolademusicsijpc\/wp-content\/uploads\/usu459\/2020\/10\/1-nivell-sensibilitzacic393-musical-300x174.jpg 300w\" sizes=\"auto, (max-width: 600px) 100vw, 600px\" \/><\/a><\/p>\n<h3><span style=\"font-weight: 400;\">Iniciaci\u00f3 a l\u2019nstrument (3 a 5 anys)<\/span><\/h3>\n<ul>\n<li><span style=\"font-weight: 400;\">Iniciaci\u00f3 a l\u2019aprenentatge de la t\u00e8cnica instrumental amb l\u2019aplicaci\u00f3 de ritmes, melodies, tonalitats i s\u00edmbols musicals adquirits en la sensibilitzaci\u00f3. <\/span><span style=\"font-weight: 400;\"><br \/>\n<\/span><\/li>\n<li><span style=\"font-weight: 400;\">Iniciaci\u00f3 intu\u00eftiva al comen\u00e7ament per\u00f2 progressivament m\u00e9s conceptual als elements que integren la M\u00fasica.<\/span><\/li>\n<li>Desenvolupament de la sensibilitat musical i del sentit de l\u2019o\u00efda.<\/li>\n<li>Apropament als s\u00edmbols musicals (codificaci\u00f3 i descodificaci\u00f3).<\/li>\n<li>Iniciar a l\u2019alumne en el m\u00f3n de la veu com a factor d\u2019aprenentatge de l\u2019expressi\u00f3 musical amb el propi cos.<\/li>\n<li>Iniciaci\u00f3 a l\u2019aprenentatge de la t\u00e8cnica instrumental amb l\u2019aplicaci\u00f3 de ritmes, melodies, tonalitats i s\u00edmbols musicals adquirits en la sensibilitzaci\u00f3.<\/li>\n<li>Adquisici\u00f3 d\u2019un bon so, d\u2019una bona posici\u00f3 i d\u2019una acurada interpretaci\u00f3 de les peces inicials.<\/li>\n<li>Apreciaci\u00f3 de l\u2019instrument com a mitj\u00e0 d\u2019expressi\u00f3 i com a possibilitat id\u00f2nia per gaudir de la M\u00fasica.<\/li>\n<li>Aproximaci\u00f3 (per mitj\u00e0 de contes, hist\u00f2ries\u2026) als autors cl\u00e0ssics i moderns dels quals escoltar\u00e0 obres i la hist\u00f2ria del seu instrument.<\/li>\n<li>Participaci\u00f3 en petits grups instrumentals, audicions i concerts.<\/li>\n<\/ul>\n<p><a href=\"https:\/\/agora.xtec.cat\/escolademusicsijpc\/wp-content\/uploads\/usu459\/2020\/10\/2-sensibilitzacic3b3-instrumental.jpg\"><img loading=\"lazy\" decoding=\"async\" class=\"aligncenter wp-image-8674 size-full\" src=\"https:\/\/agora.xtec.cat\/escolademusicsijpc\/wp-content\/uploads\/usu459\/2020\/10\/2-sensibilitzacic3b3-instrumental.jpg\" alt=\"\" width=\"600\" height=\"353\" srcset=\"https:\/\/agora.xtec.cat\/escolademusicsijpc\/wp-content\/uploads\/usu459\/2020\/10\/2-sensibilitzacic3b3-instrumental.jpg 600w, https:\/\/agora.xtec.cat\/escolademusicsijpc\/wp-content\/uploads\/usu459\/2020\/10\/2-sensibilitzacic3b3-instrumental-300x177.jpg 300w\" sizes=\"auto, (max-width: 600px) 100vw, 600px\" \/><\/a><\/p>\n<p style=\"text-align: center;\"><span style=\"color: #000000;\"><img loading=\"lazy\" decoding=\"async\" class=\"alignnone size-full wp-image-180\" title=\"lem\" src=\"http:\/\/lescolademusicsijpc.files.wordpress.com\/2009\/11\/lem.gif\" alt=\"lem\" width=\"45\" height=\"48\" \/><\/span><\/p>\n","protected":false},"excerpt":{"rendered":"<ul>\n<li>Sensibilitzar l\u2019alumne en el m\u00f3n de la M\u00fasica, aconseguir que interioritzi intu\u00eftivament els elements b\u00e0sics del ritme i la pulsaci\u00f3, altura tonal, timbre, expressi\u00f3 corporal i expressi\u00f3 cantada.\n<\/li>\n<li style=\"font-weight: 400;\">Iniciar el desenvolupament de l\u2019o\u00efda, interioritzant uns bons patrons r\u00edtmics, mel\u00f2dics i estructurals.\n<\/li>\n<li style=\"font-weight: 400;\">Potenciar l\u2019experi\u00e8ncia&hellip;  <a href=\"https:\/\/agora.xtec.cat\/escolademusicsijpc\/organigrama\/sensibilitzacio-musical-de-1-a-5-anys\/\" title=\"Read Sensibilitzaci\u00f3 Musical (de 1 a 5 anys)\">Llegeix m\u00e9s\u00bb<\/a><br \/>\n","protected":false},"author":3,"featured_media":0,"parent":46,"menu_order":1,"comment_status":"closed","ping_status":"closed","template":"page-templates\/side-menu.php","meta":{"_bbp_topic_count":0,"_bbp_reply_count":0,"_bbp_total_topic_count":0,"_bbp_total_reply_count":0,"_bbp_voice_count":0,"_bbp_anonymous_reply_count":0,"_bbp_topic_count_hidden":0,"_bbp_reply_count_hidden":0,"_bbp_forum_subforum_count":0,"footnotes":""},"class_list":["post-7499","page","type-page","status-publish","hentry"],"post_mailing_queue_ids":[],"_links":{"self":[{"href":"https:\/\/agora.xtec.cat\/escolademusicsijpc\/wp-json\/wp\/v2\/pages\/7499","targetHints":{"allow":["GET"]}}],"collection":[{"href":"https:\/\/agora.xtec.cat\/escolademusicsijpc\/wp-json\/wp\/v2\/pages"}],"about":[{"href":"https:\/\/agora.xtec.cat\/escolademusicsijpc\/wp-json\/wp\/v2\/types\/page"}],"author":[{"embeddable":true,"href":"https:\/\/agora.xtec.cat\/escolademusicsijpc\/wp-json\/wp\/v2\/users\/3"}],"replies":[{"embeddable":true,"href":"https:\/\/agora.xtec.cat\/escolademusicsijpc\/wp-json\/wp\/v2\/comments?post=7499"}],"version-history":[{"count":3,"href":"https:\/\/agora.xtec.cat\/escolademusicsijpc\/wp-json\/wp\/v2\/pages\/7499\/revisions"}],"predecessor-version":[{"id":8676,"href":"https:\/\/agora.xtec.cat\/escolademusicsijpc\/wp-json\/wp\/v2\/pages\/7499\/revisions\/8676"}],"up":[{"embeddable":true,"href":"https:\/\/agora.xtec.cat\/escolademusicsijpc\/wp-json\/wp\/v2\/pages\/46"}],"wp:attachment":[{"href":"https:\/\/agora.xtec.cat\/escolademusicsijpc\/wp-json\/wp\/v2\/media?parent=7499"}],"curies":[{"name":"wp","href":"https:\/\/api.w.org\/{rel}","templated":true}]}}