{"id":63,"date":"2014-09-18T10:06:31","date_gmt":"2014-09-18T10:06:31","guid":{"rendered":"http:\/\/agora.xtec.cat\/escolademusicsijpc\/?page_id=63"},"modified":"2023-01-30T19:33:18","modified_gmt":"2023-01-30T18:33:18","slug":"serveis","status":"publish","type":"page","link":"https:\/\/agora.xtec.cat\/escolademusicsijpc\/the-musicakal-project\/serveis\/","title":{"rendered":"Musicals&#8217; Choir"},"content":{"rendered":"<header class=\"entry-header\"><\/header>\n<div class=\"entry-content\">\n<p>lla molts aspectes de llengua catalana a trav\u00e9s del cant coral i de la creaci\u00f3 de dos musicals amb els alumnes de 3r i 4t d\u2019ESO.<br \/>\nAmb aquest projecte es pret\u00e9n crear un m\u00e8tode innovador on la m\u00fasica sigui un dels factors m\u00e9s caracter\u00edstics del projecte escolar.<\/p>\n<p>Musicals\u2019 Choir, \u00e9s un grup coral format per\u00a0noies i nois de Ciutat Vella, Barcelona, que s\u2019ha especialitzat en repertori musical.<\/p>\n<p>Les seves interpretacions no et deixen indiferent, la frescor, la intensitat amb que trepitgen l\u2019escenari, l\u2019alegria i sobretot les ganes d\u2019expressar el \u00a0m\u00f3n interior de cada un d\u2019ells, arriba directe al cor dels espectadors.<\/p>\n<p style=\"text-align: left;\">Per a accedir als Musicals\u2019 Choir es fa una prova d\u2019acc\u00e9s un cop l\u2019any. Actualment hi ha 60 alumnes inscrits.<\/p>\n<p style=\"text-align: center;\"><iframe loading=\"lazy\" title=\"YouTube video player\" src=\"https:\/\/www.youtube.com\/embed\/DOBcv7r3aG0\" width=\"560\" height=\"315\" frameborder=\"0\" allowfullscreen=\"allowfullscreen\"><\/iframe><\/p>\n<div id=\"info-container\" class=\"style-scope ytd-watch-metadata\" style=\"text-align: center;\"><span class=\"style-scope yt-formatted-string bold\" dir=\"auto\">3 de gen. 2023<\/span><\/div>\n<p style=\"text-align: center;\">Journey to the Past del musical &#8220;Anastasia&#8221; a l&#8217;auditori de Terrassa per el cor juvenil de l&#8217;escola de m\u00fasics Musicals&#8217; Choir<\/p>\n<div class=\"jetpack-video-wrapper\"><\/div>\n<\/div>\n<p style=\"text-align: center;\"><iframe loading=\"lazy\" src=\"https:\/\/www.youtube.com\/embed\/FcTOyWG3rQI\" width=\"560\" height=\"315\" frameborder=\"0\"><\/iframe><\/p>\n","protected":false},"excerpt":{"rendered":"<p>lla molts aspectes de llengua catalana a trav\u00e9s del cant coral i de la creaci\u00f3 de dos musicals amb els alumnes de 3r i 4t d\u2019ESO.<br \/>\nAmb aquest projecte es pret\u00e9n crear un m\u00e8tode innovador on la m\u00fasica sigui un dels factors m\u00e9s caracter\u00edstics del projecte&hellip;  <a href=\"https:\/\/agora.xtec.cat\/escolademusicsijpc\/the-musicakal-project\/serveis\/\" title=\"Read Musicals&#8217; Choir\">Llegeix m\u00e9s\u00bb<\/a><\/p>\n","protected":false},"author":1,"featured_media":0,"parent":8720,"menu_order":2,"comment_status":"closed","ping_status":"closed","template":"page-templates\/side-menu.php","meta":{"_bbp_topic_count":0,"_bbp_reply_count":0,"_bbp_total_topic_count":0,"_bbp_total_reply_count":0,"_bbp_voice_count":0,"_bbp_anonymous_reply_count":0,"_bbp_topic_count_hidden":0,"_bbp_reply_count_hidden":0,"_bbp_forum_subforum_count":0,"footnotes":""},"class_list":["post-63","page","type-page","status-publish","hentry"],"post_mailing_queue_ids":[],"_links":{"self":[{"href":"https:\/\/agora.xtec.cat\/escolademusicsijpc\/wp-json\/wp\/v2\/pages\/63","targetHints":{"allow":["GET"]}}],"collection":[{"href":"https:\/\/agora.xtec.cat\/escolademusicsijpc\/wp-json\/wp\/v2\/pages"}],"about":[{"href":"https:\/\/agora.xtec.cat\/escolademusicsijpc\/wp-json\/wp\/v2\/types\/page"}],"author":[{"embeddable":true,"href":"https:\/\/agora.xtec.cat\/escolademusicsijpc\/wp-json\/wp\/v2\/users\/1"}],"replies":[{"embeddable":true,"href":"https:\/\/agora.xtec.cat\/escolademusicsijpc\/wp-json\/wp\/v2\/comments?post=63"}],"version-history":[{"count":3,"href":"https:\/\/agora.xtec.cat\/escolademusicsijpc\/wp-json\/wp\/v2\/pages\/63\/revisions"}],"predecessor-version":[{"id":9435,"href":"https:\/\/agora.xtec.cat\/escolademusicsijpc\/wp-json\/wp\/v2\/pages\/63\/revisions\/9435"}],"up":[{"embeddable":true,"href":"https:\/\/agora.xtec.cat\/escolademusicsijpc\/wp-json\/wp\/v2\/pages\/8720"}],"wp:attachment":[{"href":"https:\/\/agora.xtec.cat\/escolademusicsijpc\/wp-json\/wp\/v2\/media?parent=63"}],"curies":[{"name":"wp","href":"https:\/\/api.w.org\/{rel}","templated":true}]}}

<header class="entry-header"></header>
<div class="entry-content">
<p>lla molts aspectes de llengua catalana a través del cant coral i de la creació de dos musicals amb els alumnes de 3r i 4t d’ESO.<br />
Amb aquest projecte es pretén crear un mètode innovador on la música sigui un dels factors més característics del projecte escolar.</p>
<p>Musicals’ Choir, és un grup coral format per noies i nois de Ciutat Vella, Barcelona, que s’ha especialitzat en repertori musical.</p>
<p>Les seves interpretacions no et deixen indiferent, la frescor, la intensitat amb que trepitgen l’escenari, l’alegria i sobretot les ganes d’expressar el  món interior de cada un d’ells, arriba directe al cor dels espectadors.</p>
<p style="text-align: left;">Per a accedir als Musicals’ Choir es fa una prova d’accés un cop l’any. Actualment hi ha 60 alumnes inscrits.</p>
<p style="text-align: center;"><iframe loading="lazy" title="YouTube video player" src="https://www.youtube.com/embed/DOBcv7r3aG0" width="560" height="315" frameborder="0" allowfullscreen="allowfullscreen"></iframe></p>
<div id="info-container" class="style-scope ytd-watch-metadata" style="text-align: center;"><span class="style-scope yt-formatted-string bold" dir="auto">3 de gen. 2023</span></div>
<p style="text-align: center;">Journey to the Past del musical &#8220;Anastasia&#8221; a l&#8217;auditori de Terrassa per el cor juvenil de l&#8217;escola de músics Musicals&#8217; Choir</p>
<div class="jetpack-video-wrapper"></div>
</div>
<p style="text-align: center;"><iframe loading="lazy" src="https://www.youtube.com/embed/FcTOyWG3rQI" width="560" height="315" frameborder="0"></iframe></p>

<p>lla molts aspectes de llengua catalana a través del cant coral i de la creació de dos musicals amb els alumnes de 3r i 4t d’ESO.<br />
Amb aquest projecte es pretén crear un mètode innovador on la música sigui un dels factors més característics del projecte&hellip;  <a href="https://agora.xtec.cat/escolademusicsijpc/the-musicakal-project/serveis/" title="Read Musicals&#8217; Choir">Llegeix més»</a></p>
