{"id":3541,"date":"2014-06-27T15:56:48","date_gmt":"2014-06-27T14:56:48","guid":{"rendered":"http:\/\/lescolademusicsijpc.wordpress.com\/?page_id=3541"},"modified":"2020-10-20T17:25:09","modified_gmt":"2020-10-20T15:25:09","slug":"musicoterapia-nenses","status":"publish","type":"page","link":"https:\/\/agora.xtec.cat\/escolademusicsijpc\/the-musicakal-project\/musicoterapia-nenses\/","title":{"rendered":"Musicoter\u00e0pia"},"content":{"rendered":"<p>L\u2019Escola de M\u00fasics i JPC comen\u00e7a enguany un nou i engrescador projecte juntament amb l\u2019escola Pere Vila i l\u2019institut Pau Claris per incorporar la m\u00fasica a les seves aules com a eina pedag\u00f2gica per millorar el rendiment de l\u2019alumnat.<br \/>\n<img loading=\"lazy\" decoding=\"async\" width=\"595\" height=\"280\" class=\"aligncenter wp-image-3672 size-full\" src=\"https:\/\/lescolademusicsijpc.files.wordpress.com\/2014\/10\/perevila.gif?w=840\" alt=\"perevila\" data-attachment-id=\"3672\" data-permalink=\"https:\/\/lescolademusicsijpc.wordpress.com\/2014\/10\/27\/projecte-pere-vila-i-pau-claris\/perevila\/\" data-orig-file=\"https:\/\/lescolademusicsijpc.files.wordpress.com\/2014\/10\/perevila.gif\" data-orig-size=\"595,280\" data-comments-opened=\"1\" data-image-meta=\"{&quot;aperture&quot;:&quot;0&quot;,&quot;credit&quot;:&quot;&quot;,&quot;camera&quot;:&quot;&quot;,&quot;caption&quot;:&quot;&quot;,&quot;created_timestamp&quot;:&quot;0&quot;,&quot;copyright&quot;:&quot;&quot;,&quot;focal_length&quot;:&quot;0&quot;,&quot;iso&quot;:&quot;0&quot;,&quot;shutter_speed&quot;:&quot;0&quot;,&quot;title&quot;:&quot;&quot;,&quot;orientation&quot;:&quot;0&quot;}\" data-image-title=\"perevila\" data-image-description=\"\" data-medium-file=\"https:\/\/lescolademusicsijpc.files.wordpress.com\/2014\/10\/perevila.gif?w=300\" data-large-file=\"https:\/\/lescolademusicsijpc.files.wordpress.com\/2014\/10\/perevila.gif?w=595\" \/>A l\u2019escola Pere Vila les nostres mestres Yolanda Mallofr\u00e9 i Irene Andreu treballen conjuntament amb els\/les professors\/es aspectes de les lleng\u00fces, les matem\u00e0tiques, el medi natural i altres assignatures a trav\u00e9s del cant coral i dels musicals.<br \/>\nA l\u2019institut Pau Claris el nostre mestre de bateria Javier Crespo comen\u00e7ar\u00e0 un projecte de batucada amb els alumnes d\u2019ESO i batxillerat, per motivar i crear m\u00e9s cohesi\u00f3 entre l\u2019alumnat i la mestra Cristina Colomer treballa molts aspectes de llengua catalana a trav\u00e9s del cant coral i de la creaci\u00f3 de dos musicals amb els alumnes de 3r i 4t d\u2019ESO.<br \/>\nAmb aquest projecte es pret\u00e9n crear un m\u00e8tode innovador on la m\u00fasica sigui un dels factors m\u00e9s caracter\u00edstics del projecte escolar.<br \/>\nEl mes de setembre es va fer la presentaci\u00f3 del claustre i aqu\u00ed us deixem el link de l\u2019escola on podreu trobar m\u00e9s informaci\u00f3.<br \/>\n<a href=\"http:\/\/www.iespauclaris.org\/index.php\/19-inauguracio-del-curs-2014-2015\" target=\"_blank\" rel=\"noopener noreferrer\">http:\/\/www.iespauclaris.org\/index.php\/19-inauguracio-del-curs-2014-2015<\/a><\/p>\n<p>27 d\u2019Octubre 2014.<\/p>\n<p>**************************************<\/p>\n<p>L\u2019Escola, a trav\u00e9s de l\u2019Associaci\u00f3 Cultural i Social LEM i JPC, s\u2019implica d\u2019una forma molt activa en totes les activitats culturals i socials en el barri del Raval i el Districte de Ciutat Vell.<\/p>\n<p>Dins del Pla Educatiu d\u2019Entorn, l\u2019Escola t\u00e9 un Programa de corals i musicals en Catal\u00e0 per tal de donar suport a la integraci\u00f3 del Catal\u00e0 a trav\u00e9s de la M\u00fasica a les escoles.<\/p>\n<p>En aquests tallers es treballen les lletres de les can\u00e7ons, m\u00fasiques, coreografies, disfresses, atrezzo, decorats i sobretot la integraci\u00f3 cultural i social entre els m\u00e9s de 2000 alumnes que formen aquest projecte.<\/p>\n<p>Un cop el projecte est\u00e0 muntat es fa un concert amb m\u00fasics professionals que els acompanyaran en directe.<\/p>\n<p>Tamb\u00e9 treballem amb musicoter\u00e0pia amb gent gran a diferents centre. Aix\u00f2 els beneficia tant en temes de salut (sobretot la millora de respiraci\u00f3 i consci\u00e8ncia del\u00a0 propi cos), com en la millora de l\u2019autoestima i de estat d\u2019\u00e0nim.<\/p>\n<p style=\"text-align: center;\"><em>\u00a0<\/em><iframe loading=\"lazy\" src=\"https:\/\/www.youtube.com\/embed\/RbTrg_JdHrc\" width=\"560\" height=\"315\" frameborder=\"0\"><\/iframe><\/p>\n","protected":false},"excerpt":{"rendered":"<p>L\u2019Escola de M\u00fasics i JPC comen\u00e7a enguany un nou i engrescador projecte juntament amb l\u2019escola Pere Vila i l\u2019institut Pau Claris per incorporar la m\u00fasica a les seves aules com a eina pedag\u00f2gica per millorar el rendiment de l\u2019alumnat.<br \/>\nA l\u2019escola Pere Vila les nostres mestres&hellip;  <a href=\"https:\/\/agora.xtec.cat\/escolademusicsijpc\/the-musicakal-project\/musicoterapia-nenses\/\" title=\"Read Musicoter\u00e0pia\">Llegeix m\u00e9s\u00bb<\/a><\/p>\n","protected":false},"author":1,"featured_media":0,"parent":8720,"menu_order":4,"comment_status":"open","ping_status":"open","template":"page-templates\/side-menu.php","meta":{"_bbp_topic_count":0,"_bbp_reply_count":0,"_bbp_total_topic_count":0,"_bbp_total_reply_count":0,"_bbp_voice_count":0,"_bbp_anonymous_reply_count":0,"_bbp_topic_count_hidden":0,"_bbp_reply_count_hidden":0,"_bbp_forum_subforum_count":0,"footnotes":""},"class_list":["post-3541","page","type-page","status-publish","hentry"],"post_mailing_queue_ids":[],"_links":{"self":[{"href":"https:\/\/agora.xtec.cat\/escolademusicsijpc\/wp-json\/wp\/v2\/pages\/3541","targetHints":{"allow":["GET"]}}],"collection":[{"href":"https:\/\/agora.xtec.cat\/escolademusicsijpc\/wp-json\/wp\/v2\/pages"}],"about":[{"href":"https:\/\/agora.xtec.cat\/escolademusicsijpc\/wp-json\/wp\/v2\/types\/page"}],"author":[{"embeddable":true,"href":"https:\/\/agora.xtec.cat\/escolademusicsijpc\/wp-json\/wp\/v2\/users\/1"}],"replies":[{"embeddable":true,"href":"https:\/\/agora.xtec.cat\/escolademusicsijpc\/wp-json\/wp\/v2\/comments?post=3541"}],"version-history":[{"count":4,"href":"https:\/\/agora.xtec.cat\/escolademusicsijpc\/wp-json\/wp\/v2\/pages\/3541\/revisions"}],"predecessor-version":[{"id":8874,"href":"https:\/\/agora.xtec.cat\/escolademusicsijpc\/wp-json\/wp\/v2\/pages\/3541\/revisions\/8874"}],"up":[{"embeddable":true,"href":"https:\/\/agora.xtec.cat\/escolademusicsijpc\/wp-json\/wp\/v2\/pages\/8720"}],"wp:attachment":[{"href":"https:\/\/agora.xtec.cat\/escolademusicsijpc\/wp-json\/wp\/v2\/media?parent=3541"}],"curies":[{"name":"wp","href":"https:\/\/api.w.org\/{rel}","templated":true}]}}

Musicoteràpia

<p>L’Escola de Músics i JPC comença enguany un nou i engrescador projecte juntament amb l’escola Pere Vila i l’institut Pau Claris per incorporar la música a les seves aules com a eina pedagògica per millorar el rendiment de l’alumnat.<br />
<img loading="lazy" decoding="async" width="595" height="280" class="aligncenter wp-image-3672 size-full" src="https://lescolademusicsijpc.files.wordpress.com/2014/10/perevila.gif?w=840" alt="perevila" data-attachment-id="3672" data-permalink="https://lescolademusicsijpc.wordpress.com/2014/10/27/projecte-pere-vila-i-pau-claris/perevila/" data-orig-file="https://lescolademusicsijpc.files.wordpress.com/2014/10/perevila.gif" data-orig-size="595,280" data-comments-opened="1" data-image-meta="{&quot;aperture&quot;:&quot;0&quot;,&quot;credit&quot;:&quot;&quot;,&quot;camera&quot;:&quot;&quot;,&quot;caption&quot;:&quot;&quot;,&quot;created_timestamp&quot;:&quot;0&quot;,&quot;copyright&quot;:&quot;&quot;,&quot;focal_length&quot;:&quot;0&quot;,&quot;iso&quot;:&quot;0&quot;,&quot;shutter_speed&quot;:&quot;0&quot;,&quot;title&quot;:&quot;&quot;,&quot;orientation&quot;:&quot;0&quot;}" data-image-title="perevila" data-image-description="" data-medium-file="https://lescolademusicsijpc.files.wordpress.com/2014/10/perevila.gif?w=300" data-large-file="https://lescolademusicsijpc.files.wordpress.com/2014/10/perevila.gif?w=595" />A l’escola Pere Vila les nostres mestres Yolanda Mallofré i Irene Andreu treballen conjuntament amb els/les professors/es aspectes de les llengües, les matemàtiques, el medi natural i altres assignatures a través del cant coral i dels musicals.<br />
A l’institut Pau Claris el nostre mestre de bateria Javier Crespo començarà un projecte de batucada amb els alumnes d’ESO i batxillerat, per motivar i crear més cohesió entre l’alumnat i la mestra Cristina Colomer treballa molts aspectes de llengua catalana a través del cant coral i de la creació de dos musicals amb els alumnes de 3r i 4t d’ESO.<br />
Amb aquest projecte es pretén crear un mètode innovador on la música sigui un dels factors més característics del projecte escolar.<br />
El mes de setembre es va fer la presentació del claustre i aquí us deixem el link de l’escola on podreu trobar més informació.<br />
<a href="http://www.iespauclaris.org/index.php/19-inauguracio-del-curs-2014-2015" target="_blank" rel="noopener noreferrer">http://www.iespauclaris.org/index.php/19-inauguracio-del-curs-2014-2015</a></p>
<p>27 d’Octubre 2014.</p>
<p>**************************************</p>
<p>L’Escola, a través de l’Associació Cultural i Social LEM i JPC, s’implica d’una forma molt activa en totes les activitats culturals i socials en el barri del Raval i el Districte de Ciutat Vell.</p>
<p>Dins del Pla Educatiu d’Entorn, l’Escola té un Programa de corals i musicals en Català per tal de donar suport a la integració del Català a través de la Música a les escoles.</p>
<p>En aquests tallers es treballen les lletres de les cançons, músiques, coreografies, disfresses, atrezzo, decorats i sobretot la integració cultural i social entre els més de 2000 alumnes que formen aquest projecte.</p>
<p>Un cop el projecte està muntat es fa un concert amb músics professionals que els acompanyaran en directe.</p>
<p>També treballem amb musicoteràpia amb gent gran a diferents centre. Això els beneficia tant en temes de salut (sobretot la millora de respiració i consciència del  propi cos), com en la millora de l’autoestima i de estat d’ànim.</p>
<p style="text-align: center;"><em> </em><iframe loading="lazy" src="https://www.youtube.com/embed/RbTrg_JdHrc" width="560" height="315" frameborder="0"></iframe></p>

<p>L’Escola de Músics i JPC comença enguany un nou i engrescador projecte juntament amb l’escola Pere Vila i l’institut Pau Claris per incorporar la música a les seves aules com a eina pedagògica per millorar el rendiment de l’alumnat.<br />
A l’escola Pere Vila les nostres mestres&hellip;  <a href="https://agora.xtec.cat/escolademusicsijpc/the-musicakal-project/musicoterapia-nenses/" title="Read Musicoteràpia">Llegeix més»</a></p>
