{"id":2109,"date":"2012-11-08T19:59:13","date_gmt":"2012-11-08T18:59:13","guid":{"rendered":"http:\/\/lescolademusicsijpc.wordpress.com\/?page_id=2109"},"modified":"2023-01-09T21:23:20","modified_gmt":"2023-01-09T20:23:20","slug":"emipac-i-tot-raval","status":"publish","type":"page","link":"https:\/\/agora.xtec.cat\/escolademusicsijpc\/projecte-educatiu\/emipac-i-tot-raval\/","title":{"rendered":"Emipac i Tot Raval"},"content":{"rendered":"<p><img loading=\"lazy\" decoding=\"async\" class=\"alignright size-thumbnail wp-image-2110\" title=\"EMIPAC\" src=\"http:\/\/agora.xtec.cat\/escolademusicsijpc\/wp-content\/uploads\/usu459\/2012\/11\/emipac.gif?w=150\" alt=\"\" width=\"150\" height=\"38\" \/><strong>EMIPAC.<\/strong><\/p>\n<p>L\u2019escola forma part de l\u2019EMIPAC (Escoles de M\u00fasica d\u2019Iniciativa Privada de Catalunya), un col\u00b7lectiu de centres d\u2019ensenyament musical del nostre pa\u00eds.<\/p>\n<p>L\u2019entitat vol ser un organisme interlocutor o representant d\u2019aquestes escoles davant les diferents administracions.<\/p>\n<p>Les seves activitats es centren principalment en oferir serveis als seus associats: aquests s\u00f3n d\u2019\u00e0mbit pedag\u00f2gic, cultural, informatiu, professional, d\u2019assessoria, empresarial etc. L\u2019associaci\u00f3 tamb\u00e9 col\u00b7labora amb la resta del m\u00f3n educatiu i cultural per a la millora i normalitzaci\u00f3 del sector i del fet musical i cultural catal\u00e0.<\/p>\n<p><img loading=\"lazy\" decoding=\"async\" class=\"alignright size-full wp-image-2112\" title=\"tot raval\" src=\"http:\/\/agora.xtec.cat\/escolademusicsijpc\/wp-content\/uploads\/usu459\/2012\/11\/totraval_logo.gif\" alt=\"\" width=\"71\" height=\"135\" \/><strong>FUNDACI\u00d3 TOT RAVAL.<\/strong><\/p>\n<p>L\u2019Escola \u00e9s part integrant de la Fundaci\u00f3 Tot Raval, una plataforma de 60 associacions, institucions, persones i empreses vinculades al Raval que es crea el 2002 amb un objectiu com\u00fa: la millora de la qualitat de vida en el barri. Es desenvolupa un treball comunitari, partint d\u2019una visi\u00f3 integral del barri, que incideix en els \u00e0mbits social, cultural, econ\u00f2mic i comercial.<\/p>\n<p>Es realitzen o impulsen projectes referents a la conviv\u00e8ncia i la cohesi\u00f3 social, el treball en xarxa, la participaci\u00f3 ciutadana, l\u2019educaci\u00f3, l\u2019ocupaci\u00f3, el foment de l\u2019associacionisme comercial, la dinamitzaci\u00f3 econ\u00f2mica i la cultura, entre d\u2019altres, per tal de contribuir a fer un barri inclusiu, din\u00e0mic i comprom\u00e8s.<\/p>\n","protected":false},"excerpt":{"rendered":"<p>EMIPAC.<br \/>\nL\u2019escola forma part de l\u2019EMIPAC (Escoles de M\u00fasica d\u2019Iniciativa Privada de Catalunya), un col\u00b7lectiu de centres d\u2019ensenyament musical del nostre pa\u00eds.<br \/>\nL\u2019entitat vol ser un organisme interlocutor o representant d\u2019aquestes escoles davant les diferents administracions.<br \/>\nLes seves activitats es centren principalment en oferir serveis als seus associats:&hellip;  <a href=\"https:\/\/agora.xtec.cat\/escolademusicsijpc\/projecte-educatiu\/emipac-i-tot-raval\/\" title=\"Read Emipac i Tot Raval\">Llegeix m\u00e9s\u00bb<\/a><\/p>\n","protected":false},"author":1,"featured_media":0,"parent":57,"menu_order":2,"comment_status":"open","ping_status":"open","template":"page-templates\/side-menu.php","meta":{"_bbp_topic_count":0,"_bbp_reply_count":0,"_bbp_total_topic_count":0,"_bbp_total_reply_count":0,"_bbp_voice_count":0,"_bbp_anonymous_reply_count":0,"_bbp_topic_count_hidden":0,"_bbp_reply_count_hidden":0,"_bbp_forum_subforum_count":0,"footnotes":""},"class_list":["post-2109","page","type-page","status-publish","hentry"],"post_mailing_queue_ids":[],"_links":{"self":[{"href":"https:\/\/agora.xtec.cat\/escolademusicsijpc\/wp-json\/wp\/v2\/pages\/2109","targetHints":{"allow":["GET"]}}],"collection":[{"href":"https:\/\/agora.xtec.cat\/escolademusicsijpc\/wp-json\/wp\/v2\/pages"}],"about":[{"href":"https:\/\/agora.xtec.cat\/escolademusicsijpc\/wp-json\/wp\/v2\/types\/page"}],"author":[{"embeddable":true,"href":"https:\/\/agora.xtec.cat\/escolademusicsijpc\/wp-json\/wp\/v2\/users\/1"}],"replies":[{"embeddable":true,"href":"https:\/\/agora.xtec.cat\/escolademusicsijpc\/wp-json\/wp\/v2\/comments?post=2109"}],"version-history":[{"count":1,"href":"https:\/\/agora.xtec.cat\/escolademusicsijpc\/wp-json\/wp\/v2\/pages\/2109\/revisions"}],"predecessor-version":[{"id":4990,"href":"https:\/\/agora.xtec.cat\/escolademusicsijpc\/wp-json\/wp\/v2\/pages\/2109\/revisions\/4990"}],"up":[{"embeddable":true,"href":"https:\/\/agora.xtec.cat\/escolademusicsijpc\/wp-json\/wp\/v2\/pages\/57"}],"wp:attachment":[{"href":"https:\/\/agora.xtec.cat\/escolademusicsijpc\/wp-json\/wp\/v2\/media?parent=2109"}],"curies":[{"name":"wp","href":"https:\/\/api.w.org\/{rel}","templated":true}]}}

<p><img loading="lazy" decoding="async" class="alignright size-thumbnail wp-image-2110" title="EMIPAC" src="http://agora.xtec.cat/escolademusicsijpc/wp-content/uploads/usu459/2012/11/emipac.gif?w=150" alt="" width="150" height="38" /><strong>EMIPAC.</strong></p>
<p>L’escola forma part de l’EMIPAC (Escoles de Música d’Iniciativa Privada de Catalunya), un col·lectiu de centres d’ensenyament musical del nostre país.</p>
<p>L’entitat vol ser un organisme interlocutor o representant d’aquestes escoles davant les diferents administracions.</p>
<p>Les seves activitats es centren principalment en oferir serveis als seus associats: aquests són d’àmbit pedagògic, cultural, informatiu, professional, d’assessoria, empresarial etc. L’associació també col·labora amb la resta del món educatiu i cultural per a la millora i normalització del sector i del fet musical i cultural català.</p>
<p><img loading="lazy" decoding="async" class="alignright size-full wp-image-2112" title="tot raval" src="http://agora.xtec.cat/escolademusicsijpc/wp-content/uploads/usu459/2012/11/totraval_logo.gif" alt="" width="71" height="135" /><strong>FUNDACIÓ TOT RAVAL.</strong></p>
<p>L’Escola és part integrant de la Fundació Tot Raval, una plataforma de 60 associacions, institucions, persones i empreses vinculades al Raval que es crea el 2002 amb un objectiu comú: la millora de la qualitat de vida en el barri. Es desenvolupa un treball comunitari, partint d’una visió integral del barri, que incideix en els àmbits social, cultural, econòmic i comercial.</p>
<p>Es realitzen o impulsen projectes referents a la convivència i la cohesió social, el treball en xarxa, la participació ciutadana, l’educació, l’ocupació, el foment de l’associacionisme comercial, la dinamització econòmica i la cultura, entre d’altres, per tal de contribuir a fer un barri inclusiu, dinàmic i compromès.</p>

<p>EMIPAC.<br />
L’escola forma part de l’EMIPAC (Escoles de Música d’Iniciativa Privada de Catalunya), un col·lectiu de centres d’ensenyament musical del nostre país.<br />
L’entitat vol ser un organisme interlocutor o representant d’aquestes escoles davant les diferents administracions.<br />
Les seves activitats es centren principalment en oferir serveis als seus associats:&hellip;  <a href="https://agora.xtec.cat/escolademusicsijpc/projecte-educatiu/emipac-i-tot-raval/" title="Read Emipac i Tot Raval">Llegeix més»</a></p>
