{"id":631,"date":"2024-12-16T16:18:01","date_gmt":"2024-12-16T15:18:01","guid":{"rendered":"https:\/\/agora.xtec.cat\/escoladeltauli\/?page_id=631"},"modified":"2025-12-18T13:36:38","modified_gmt":"2025-12-18T12:36:38","slug":"families","status":"publish","type":"page","link":"https:\/\/agora.xtec.cat\/escoladeltauli\/families\/","title":{"rendered":""},"content":{"rendered":"\n<h2 class=\"wp-block-heading\">L\u2019 Aula Hospital\u00e0ria del Taul\u00ed, va ser creada l\u2019any 1990.<\/h2>\n\n\n\n<p>Del 1990 fins al 1996 va estar ubicada a l\u2019edifici&nbsp;Nen Jes\u00fas, on es concentrava tota la Pediatria hospital\u00e0ria de Sabadell<\/p>\n\n\n\n<p>Des del 1996 est\u00e0 ubicada a l\u2019 Hospital Parc Taul\u00ed de Sabadell (actualment 3a planta,  Edifici Ridpoll)<\/p>\n\n\n\n<h2 class=\"wp-block-heading\">Els mestres des del 1990 han estat:<\/h2>\n\n\n\n<p>\u2013 Curs 1990\/92 &nbsp; Carlos Herrero .<\/p>\n\n\n\n<p>\u2013 Del curs 1992\/93 fins 1995\/96 : Carlos Herrero i Pepe Aceituno .<\/p>\n\n\n\n<p>\u2013 Curs 1996\/97: Carlos Herrero i Maite Tag\u00fce\u00f1a .<\/p>\n\n\n\n<p>\u2013 Del Curs 1997\/98 fins al 2000\/01 : Maite Tag\u00fce\u00f1a i Carmen Herraiz.<\/p>\n\n\n\n<p>\u2013 Des del 2001 fins al 2016: Anna Torrents i Aurora Fern\u00e1ndez .<\/p>\n\n\n\n<p>&#8211; A partir del curs 2016\/17 fins al 2024 :\u00a0Maite Amor\u00f3s i Aurora Fern\u00e1ndez.<\/p>\n\n\n\n<p>&#8211; Del curs 2024 a l&#8217;actualitat: Maite Amor\u00f3s i Maria Valles.<\/p>\n","protected":false},"excerpt":{"rendered":"<p>L\u2019 Aula Hospital\u00e0ria del Taul\u00ed, va ser creada l\u2019any 1990. Del 1990 fins al 1996 va estar ubicada a l\u2019edifici&nbsp;Nen Jes\u00fas, on es concentrava tota la Pediatria hospital\u00e0ria de Sabadell Des del 1996 est\u00e0 ubicada a l\u2019 Hospital Parc Taul\u00ed de Sabadell (actualment 3a planta, Edifici Ridpoll) Els mestres des del 1990 han estat: \u2013 [&hellip;]<\/p>\n","protected":false},"author":1,"featured_media":0,"parent":0,"menu_order":0,"comment_status":"closed","ping_status":"close","template":"","meta":{"site-sidebar-layout":"no-sidebar","site-content-layout":"","ast-site-content-layout":"default","site-content-style":"default","site-sidebar-style":"default","ast-global-header-display":"","ast-banner-title-visibility":"","ast-main-header-display":"","ast-hfb-above-header-display":"","ast-hfb-below-header-display":"","ast-hfb-mobile-header-display":"","site-post-title":"","ast-breadcrumbs-content":"","ast-featured-img":"","footer-sml-layout":"","theme-transparent-header-meta":"","adv-header-id-meta":"","stick-header-meta":"","header-above-stick-meta":"","header-main-stick-meta":"","header-below-stick-meta":"","astra-migrate-meta-layouts":"set","ast-page-background-enabled":"default","ast-page-background-meta":{"desktop":{"background-color":"var(--ast-global-color-4)","background-image":"","background-repeat":"repeat","background-position":"center center","background-size":"auto","background-attachment":"scroll","background-type":"","background-media":"","overlay-type":"","overlay-color":"","overlay-opacity":"","overlay-gradient":""},"tablet":{"background-color":"","background-image":"","background-repeat":"repeat","background-position":"center center","background-size":"auto","background-attachment":"scroll","background-type":"","background-media":"","overlay-type":"","overlay-color":"","overlay-opacity":"","overlay-gradient":""},"mobile":{"background-color":"","background-image":"","background-repeat":"repeat","background-position":"center center","background-size":"auto","background-attachment":"scroll","background-type":"","background-media":"","overlay-type":"","overlay-color":"","overlay-opacity":"","overlay-gradient":""}},"ast-content-background-meta":{"desktop":{"background-color":"var(--ast-global-color-5)","background-image":"","background-repeat":"repeat","background-position":"center center","background-size":"auto","background-attachment":"scroll","background-type":"","background-media":"","overlay-type":"","overlay-color":"","overlay-opacity":"","overlay-gradient":""},"tablet":{"background-color":"var(--ast-global-color-5)","background-image":"","background-repeat":"repeat","background-position":"center center","background-size":"auto","background-attachment":"scroll","background-type":"","background-media":"","overlay-type":"","overlay-color":"","overlay-opacity":"","overlay-gradient":""},"mobile":{"background-color":"var(--ast-global-color-5)","background-image":"","background-repeat":"repeat","background-position":"center center","background-size":"auto","background-attachment":"scroll","background-type":"","background-media":"","overlay-type":"","overlay-color":"","overlay-opacity":"","overlay-gradient":""}},"footnotes":""},"class_list":["post-631","page","type-page","status-publish","hentry"],"post_mailing_queue_ids":[],"_links":{"self":[{"href":"https:\/\/agora.xtec.cat\/escoladeltauli\/wp-json\/wp\/v2\/pages\/631","targetHints":{"allow":["GET"]}}],"collection":[{"href":"https:\/\/agora.xtec.cat\/escoladeltauli\/wp-json\/wp\/v2\/pages"}],"about":[{"href":"https:\/\/agora.xtec.cat\/escoladeltauli\/wp-json\/wp\/v2\/types\/page"}],"author":[{"embeddable":true,"href":"https:\/\/agora.xtec.cat\/escoladeltauli\/wp-json\/wp\/v2\/users\/1"}],"replies":[{"embeddable":true,"href":"https:\/\/agora.xtec.cat\/escoladeltauli\/wp-json\/wp\/v2\/comments?post=631"}],"version-history":[{"count":6,"href":"https:\/\/agora.xtec.cat\/escoladeltauli\/wp-json\/wp\/v2\/pages\/631\/revisions"}],"predecessor-version":[{"id":3276,"href":"https:\/\/agora.xtec.cat\/escoladeltauli\/wp-json\/wp\/v2\/pages\/631\/revisions\/3276"}],"wp:attachment":[{"href":"https:\/\/agora.xtec.cat\/escoladeltauli\/wp-json\/wp\/v2\/media?parent=631"}],"curies":[{"name":"wp","href":"https:\/\/api.w.org\/{rel}","templated":true}]}}