{"id":2339,"date":"2015-11-06T13:34:44","date_gmt":"2015-11-06T12:34:44","guid":{"rendered":"http:\/\/agora.xtec.cat\/escoladelparc\/?page_id=2339"},"modified":"2015-11-09T20:13:32","modified_gmt":"2015-11-09T19:13:32","slug":"ampliacions-de-ledifici","status":"publish","type":"page","link":"https:\/\/agora.xtec.cat\/escoladelparc\/historia\/ampliacions-de-ledifici\/","title":{"rendered":"Ampliacions de l&#8217;edifici"},"content":{"rendered":"<p><img loading=\"lazy\" decoding=\"async\" class=\"alignnone\" src=\"https:\/\/lh6.googleusercontent.com\/-CAPR-BCsHps\/URwISv-s5pI\/AAAAAAAADHg\/h2KVG4AFMjs\/w500-h346-no\/escola%2B69.jpg\" alt=\"\" width=\"500\" height=\"346\" \/><\/p>\n<p><img loading=\"lazy\" decoding=\"async\" class=\"alignnone\" src=\"https:\/\/lh6.googleusercontent.com\/-J7YFq2DNHBY\/URwIS7mVMjI\/AAAAAAAADHo\/v5DWxrzNYgU\/w500-h337-no\/escola%2B72.jpg\" alt=\"\" width=\"500\" height=\"337\" \/><\/p>\n<p>Les necessitats d\u2019escolaritzaci\u00f3 no estan satisfetes del tot i el 1963 s\u2019encarrega el projecte de construcci\u00f3 del menjador i quatre aules annexes, al propi edifici (que donen al parc).<br \/>\nPer atendre les necessitats de l\u2019ampliaci\u00f3 de l\u2019edat obligat\u00f2ria d&#8217;escolaritzaci\u00f3, l\u2019any 1982 s&#8217;inaugura \u201cel xalet\u201d, edifici de parvulari annex a l&#8217;edific principal, constru\u00eft on estaven les pistes de tennis, entre l\u2019escola i la guarderia municipal.<\/p>\n<p><img loading=\"lazy\" decoding=\"async\" class=\"alignnone\" src=\"https:\/\/lh4.googleusercontent.com\/-O7Bni2IC1NY\/URwIT_y8RAI\/AAAAAAAADH4\/cHPV_cKrOBc\/w500-h332-no\/estaci%C3%B3.jpg\" alt=\"\" width=\"500\" height=\"332\" \/><\/p>\n<p><img loading=\"lazy\" decoding=\"async\" class=\"alignnone\" src=\"https:\/\/lh4.googleusercontent.com\/-rjELLq3El8A\/URwIiN1A1aI\/AAAAAAAADJw\/GKX5vwvAm2s\/w500-h375-no\/sardana%2Bcanvi%2Bde%2Bnom.JPG\" alt=\"\" width=\"500\" height=\"375\" \/><\/p>\n<p>Amb aquesta configuraci\u00f3, l\u2019escola continuar\u00e0 la seva vida ordin\u00e0ria, durant 30 anys, fins la construcci\u00f3 de la nova escola, a l&#8217;altra banda del Parc.<\/p>\n<p>&nbsp;<\/p>\n","protected":false},"excerpt":{"rendered":"<p>Les necessitats d\u2019escolaritzaci\u00f3 no estan satisfetes del tot i el 1963 s\u2019encarrega el projecte de construcci\u00f3 del menjador i quatre aules annexes, al propi edifici (que donen al parc). Per atendre les necessitats de l\u2019ampliaci\u00f3 de l\u2019edat obligat\u00f2ria d&#8217;escolaritzaci\u00f3, l\u2019any 1982 s&#8217;inaugura \u201cel xalet\u201d, edifici de parvulari annex a l&#8217;edific principal, constru\u00eft on estaven les [&hellip;]<\/p>\n","protected":false},"author":1,"featured_media":0,"parent":26,"menu_order":0,"comment_status":"closed","ping_status":"closed","template":"","meta":{"_bbp_topic_count":0,"_bbp_reply_count":0,"_bbp_total_topic_count":0,"_bbp_total_reply_count":0,"_bbp_voice_count":0,"_bbp_anonymous_reply_count":0,"_bbp_topic_count_hidden":0,"_bbp_reply_count_hidden":0,"_bbp_forum_subforum_count":0,"site-sidebar-layout":"default","site-content-layout":"","ast-site-content-layout":"","site-content-style":"default","site-sidebar-style":"default","ast-global-header-display":"","ast-banner-title-visibility":"","ast-main-header-display":"","ast-hfb-above-header-display":"","ast-hfb-below-header-display":"","ast-hfb-mobile-header-display":"","site-post-title":"","ast-breadcrumbs-content":"","ast-featured-img":"","footer-sml-layout":"","theme-transparent-header-meta":"","adv-header-id-meta":"","stick-header-meta":"","header-above-stick-meta":"","header-main-stick-meta":"","header-below-stick-meta":"","astra-migrate-meta-layouts":"default","ast-page-background-enabled":"default","ast-page-background-meta":{"desktop":{"background-color":"var(--ast-global-color-4)","background-image":"","background-repeat":"repeat","background-position":"center center","background-size":"auto","background-attachment":"scroll","background-type":"","background-media":"","overlay-type":"","overlay-color":"","overlay-opacity":"","overlay-gradient":""},"tablet":{"background-color":"","background-image":"","background-repeat":"repeat","background-position":"center center","background-size":"auto","background-attachment":"scroll","background-type":"","background-media":"","overlay-type":"","overlay-color":"","overlay-opacity":"","overlay-gradient":""},"mobile":{"background-color":"","background-image":"","background-repeat":"repeat","background-position":"center center","background-size":"auto","background-attachment":"scroll","background-type":"","background-media":"","overlay-type":"","overlay-color":"","overlay-opacity":"","overlay-gradient":""}},"ast-content-background-meta":{"desktop":{"background-color":"var(--ast-global-color-5)","background-image":"","background-repeat":"repeat","background-position":"center center","background-size":"auto","background-attachment":"scroll","background-type":"","background-media":"","overlay-type":"","overlay-color":"","overlay-opacity":"","overlay-gradient":""},"tablet":{"background-color":"var(--ast-global-color-5)","background-image":"","background-repeat":"repeat","background-position":"center center","background-size":"auto","background-attachment":"scroll","background-type":"","background-media":"","overlay-type":"","overlay-color":"","overlay-opacity":"","overlay-gradient":""},"mobile":{"background-color":"var(--ast-global-color-5)","background-image":"","background-repeat":"repeat","background-position":"center center","background-size":"auto","background-attachment":"scroll","background-type":"","background-media":"","overlay-type":"","overlay-color":"","overlay-opacity":"","overlay-gradient":""}},"footnotes":""},"class_list":["post-2339","page","type-page","status-publish","hentry"],"post_mailing_queue_ids":[],"_links":{"self":[{"href":"https:\/\/agora.xtec.cat\/escoladelparc\/wp-json\/wp\/v2\/pages\/2339","targetHints":{"allow":["GET"]}}],"collection":[{"href":"https:\/\/agora.xtec.cat\/escoladelparc\/wp-json\/wp\/v2\/pages"}],"about":[{"href":"https:\/\/agora.xtec.cat\/escoladelparc\/wp-json\/wp\/v2\/types\/page"}],"author":[{"embeddable":true,"href":"https:\/\/agora.xtec.cat\/escoladelparc\/wp-json\/wp\/v2\/users\/1"}],"replies":[{"embeddable":true,"href":"https:\/\/agora.xtec.cat\/escoladelparc\/wp-json\/wp\/v2\/comments?post=2339"}],"version-history":[{"count":2,"href":"https:\/\/agora.xtec.cat\/escoladelparc\/wp-json\/wp\/v2\/pages\/2339\/revisions"}],"predecessor-version":[{"id":2400,"href":"https:\/\/agora.xtec.cat\/escoladelparc\/wp-json\/wp\/v2\/pages\/2339\/revisions\/2400"}],"up":[{"embeddable":true,"href":"https:\/\/agora.xtec.cat\/escoladelparc\/wp-json\/wp\/v2\/pages\/26"}],"wp:attachment":[{"href":"https:\/\/agora.xtec.cat\/escoladelparc\/wp-json\/wp\/v2\/media?parent=2339"}],"curies":[{"name":"wp","href":"https:\/\/api.w.org\/{rel}","templated":true}]}}