{"id":12976,"date":"2023-11-03T16:20:35","date_gmt":"2023-11-03T15:20:35","guid":{"rendered":"https:\/\/agora.xtec.cat\/escoladelparc\/?page_id=12976"},"modified":"2026-02-02T21:56:56","modified_gmt":"2026-02-02T20:56:56","slug":"equip-comunitat-de-grans","status":"publish","type":"page","link":"https:\/\/agora.xtec.cat\/escoladelparc\/pagina-exemple-2\/equip-docent\/equip-comunitat-de-grans\/","title":{"rendered":"Comunitat de Grans"},"content":{"rendered":"\n<figure class=\"wp-block-table\"><table><tbody><tr><td><b><i>Nom i Cognoms<\/i><\/b><\/td><td><b><i>Tutor\/a<\/i><\/b><\/td><td><b><i>Especialista<\/i><\/b><\/td><td><b><i>Mail contacte<\/i><\/b><\/td><td><b><i>C\u00e0rrec<\/i><\/b><\/td><\/tr><tr><td><span style=\"font-weight: 400;\">0.75 M\u00aa Jes\u00fas Gonz\u00e1lez<\/span><\/td><td><span style=\"font-weight: 400;\">4t A<\/span><\/td><td>&nbsp;<\/td><td><span style=\"font-weight: 400;\">mariajesusgonzalez@escoladelparc.cat<\/span><\/td><td>&nbsp;<\/td><\/tr><tr><td><span style=\"font-weight: 400;\">0.5 Nil Nogu\u00e9s<\/span><\/td><td><span style=\"font-weight: 400;\">4t A<\/span><\/td><td><span style=\"font-weight: 400;\">EF 4t<\/span><span style=\"font-weight: 400;\">Projectes 4tA<\/span><\/td><td><span style=\"font-weight: 400;\">nilnogues@escoladelparc.cat<\/span><\/td><td>&nbsp;<\/td><\/tr><tr><td><span style=\"font-weight: 400;\">Carlos Uriol<\/span><\/td><td><span style=\"font-weight: 400;\">4t B<\/span><\/td><td><span style=\"font-weight: 400;\">Angl\u00e8s 4t<\/span><\/td><td><span style=\"font-weight: 400;\">carlosuriol@escoladelparc.cat<\/span><\/td><td>&nbsp;<\/td><\/tr><tr><td><span style=\"font-weight: 400;\">Laia Aixendri<\/span><\/td><td><span style=\"font-weight: 400;\">5\u00e8 A<\/span><\/td><td><span style=\"font-weight: 400;\">EF 2n i 5\u00e8<\/span><\/td><td><span style=\"font-weight: 400;\">laiaaixendri@escoladelparc.cat<\/span><\/td><td>&nbsp;<\/td><\/tr><tr><td><span style=\"font-weight: 400;\">Clara Carrasco<\/span><\/td><td><span style=\"font-weight: 400;\">5\u00e8 B<\/span><\/td><td>&nbsp;<\/td><td><span style=\"font-weight: 400;\">claracarrasco@escoladelparc.cat<\/span><\/td><td><span style=\"font-weight: 400;\">Coordinadora Coeducaci\u00f3, Conviv\u00e8ncia i Benestar<\/span><\/td><\/tr><tr><td><span style=\"font-weight: 400;\">Albert Vesperinas<\/span><\/td><td><span style=\"font-weight: 400;\">6\u00e8 A<\/span><\/td><td>&nbsp;<\/td><td><span style=\"font-weight: 400;\">albertvesperinas<span class=\"atwho-query\">@escoladelparc.cat<\/span><\/span><\/td><td><span style=\"font-weight: 400;\">Coordinador digital<\/span><\/td><\/tr><tr><td><span style=\"font-weight: 400;\">Mireia Casades\u00fas<\/span><\/td><td><span style=\"font-weight: 400;\">6\u00e8 B<\/span><\/td><td>&nbsp;<\/td><td><span style=\"font-weight: 400;\">mireiacasadesus@escoladelparc.cat<\/span><\/td><td>&nbsp;<\/td><\/tr><tr><td>&nbsp;<\/td><td>&nbsp;<\/td><td>&nbsp;<\/td><td>&nbsp;<\/td><td>&nbsp;<\/td><\/tr><tr><td><span style=\"font-weight: 400;\">Paqui Mart\u00ednez<\/span><\/td><td>&nbsp;<\/td><td><span style=\"font-weight: 400;\">Suport<\/span><span style=\"font-weight: 400;\">Castell\u00e0 4t<\/span><\/td><td><span style=\"font-weight: 400;\">paquimartinez@escoladelparc.cat<\/span><\/td><td><span style=\"font-weight: 400;\">Cap d\u2019estudis<\/span><\/td><\/tr><tr><td><span style=\"font-weight: 400;\">Anna Par\u00e9s<\/span><\/td><td>&nbsp;<\/td><td><span style=\"font-weight: 400;\">Suport<\/span><\/td><td><span style=\"font-weight: 400;\">annapares@escoladelparc.cat<\/span><\/td><td><span style=\"font-weight: 400;\">Directora<\/span><\/td><\/tr><tr><td><span style=\"font-weight: 400;\">Mireia Puig<\/span><\/td><td>&nbsp;<\/td><td><span style=\"font-weight: 400;\">Angl\u00e8s&nbsp; 1r, 2n i 5\u00e8<\/span><\/td><td><span style=\"font-weight: 400;\">mireiapuig@escoladelparc.cat<\/span><\/td><td>&nbsp;<\/td><\/tr><tr><td><span style=\"font-weight: 400;\">Carmen Anquela<\/span><\/td><td>&nbsp;<\/td><td><span style=\"font-weight: 400;\">Angl\u00e8s 3r i 6\u00e8&nbsp;<\/span><span style=\"font-weight: 400;\">Castell\u00e0 5\u00e8 A<\/span><\/td><td><span style=\"font-weight: 400;\">carmenanquela@escoladelparc.cat<\/span><\/td><td><span style=\"font-weight: 400;\">Secret\u00e0ria<\/span><\/td><\/tr><tr><td><span style=\"font-weight: 400;\">Ione Rom\u00e1n<\/span><\/td><td>&nbsp;<\/td><td><span style=\"font-weight: 400;\">EF 3r, 5\u00e8 i 6\u00e8<\/span><span style=\"font-weight: 400;\">Suport 6\u00e8<\/span><\/td><td><span style=\"font-weight: 400;\">ioneroman@escoladelparc.cat<\/span><\/td><td><span style=\"font-weight: 400;\">Coordinadora Comunitat de grans<\/span><\/td><\/tr><tr><td><span style=\"font-weight: 400;\">M\u00aa Jos\u00e9 Lorenzo<\/span><\/td><td>&nbsp;<\/td><td><span style=\"font-weight: 400;\">M\u00fasica<\/span><\/td><td><span style=\"font-weight: 400;\">mariajoselorenzo@escoladelparc.cat<\/span><\/td><td><span style=\"font-weight: 400;\">Coordinadora Comunitat de mitjans<\/span><\/td><\/tr><tr><td><span style=\"font-weight: 400;\">Cristina Manzanares<\/span><\/td><td>&nbsp;<\/td><td><span style=\"font-weight: 400;\">Religi\u00f3<\/span><\/td><td><span style=\"font-weight: 400;\">cristinamanzanares@escoladelparc.cat<\/span><\/td><td>&nbsp;<\/td><\/tr><tr><td><span style=\"font-weight: 400;\">Ceci Cadenas<\/span><\/td><td>&nbsp;<\/td><td><span style=\"font-weight: 400;\">MESI<\/span><\/td><td><span style=\"font-weight: 400;\">cecicadenas@escoladelparc.cat<\/span><\/td><td>&nbsp;<\/td><\/tr><tr><td><span style=\"font-weight: 400;\">Juanma L\u00f3pez<\/span><\/td><td>&nbsp;<\/td><td><span style=\"font-weight: 400;\">MESI SIEI<\/span><\/td><td><span style=\"font-weight: 400;\">juanmalopez@escoladelparc.cat<\/span><\/td><td>&nbsp;<\/td><\/tr><tr><td><span style=\"font-weight: 400;\">Cristian Alcal\u00e1<\/span><\/td><td>&nbsp;<\/td><td><span style=\"font-weight: 400;\">Educador SIEI<\/span><\/td><td><span style=\"font-weight: 400;\">cristianalcala@escoladelparc.cat<\/span><\/td><td>&nbsp;<\/td><\/tr><tr><td><span style=\"font-weight: 400;\">Joana Vi\u00f1as<\/span><\/td><td>&nbsp;<\/td><td><span style=\"font-weight: 400;\">Educadora SIEI<\/span><\/td><td><span style=\"font-weight: 400;\">joanavinas@escoladelparc.cat<\/span><\/td><td>&nbsp;<\/td><\/tr><tr><td>&nbsp;<\/td><td>&nbsp;<\/td><td><span style=\"font-weight: 400;\">Auxiliar Angl\u00e8s&nbsp;<\/span><\/td><td><span style=\"font-weight: 400;\">auxiliarconversa@escoladelparc.cat<\/span><\/td><td>&nbsp;<\/td><\/tr><\/tbody><\/table><\/figure>\n","protected":false},"excerpt":{"rendered":"<p>Nom i Cognoms Tutor\/a Especialista Mail contacte C\u00e0rrec 0.75 M\u00aa Jes\u00fas Gonz\u00e1lez 4t A &nbsp; mariajesusgonzalez@escoladelparc.cat &nbsp; 0.5 Nil Nogu\u00e9s 4t A EF 4tProjectes 4tA nilnogues@escoladelparc.cat &nbsp; Carlos Uriol 4t B Angl\u00e8s 4t carlosuriol@escoladelparc.cat &nbsp; Laia Aixendri 5\u00e8 A EF 2n i 5\u00e8 laiaaixendri@escoladelparc.cat &nbsp; Clara Carrasco 5\u00e8 B &nbsp; claracarrasco@escoladelparc.cat Coordinadora Coeducaci\u00f3, Conviv\u00e8ncia i [&hellip;]<\/p>\n","protected":false},"author":1,"featured_media":0,"parent":12966,"menu_order":0,"comment_status":"closed","ping_status":"closed","template":"","meta":{"_bbp_topic_count":0,"_bbp_reply_count":0,"_bbp_total_topic_count":0,"_bbp_total_reply_count":0,"_bbp_voice_count":0,"_bbp_anonymous_reply_count":0,"_bbp_topic_count_hidden":0,"_bbp_reply_count_hidden":0,"_bbp_forum_subforum_count":0,"site-sidebar-layout":"default","site-content-layout":"","ast-site-content-layout":"default","site-content-style":"default","site-sidebar-style":"default","ast-global-header-display":"","ast-banner-title-visibility":"","ast-main-header-display":"","ast-hfb-above-header-display":"","ast-hfb-below-header-display":"","ast-hfb-mobile-header-display":"","site-post-title":"disabled","ast-breadcrumbs-content":"","ast-featured-img":"","footer-sml-layout":"","theme-transparent-header-meta":"","adv-header-id-meta":"","stick-header-meta":"","header-above-stick-meta":"","header-main-stick-meta":"","header-below-stick-meta":"","astra-migrate-meta-layouts":"set","ast-page-background-enabled":"default","ast-page-background-meta":{"desktop":{"background-color":"var(--ast-global-color-4)","background-image":"","background-repeat":"repeat","background-position":"center center","background-size":"auto","background-attachment":"scroll","background-type":"","background-media":"","overlay-type":"","overlay-color":"","overlay-opacity":"","overlay-gradient":""},"tablet":{"background-color":"","background-image":"","background-repeat":"repeat","background-position":"center center","background-size":"auto","background-attachment":"scroll","background-type":"","background-media":"","overlay-type":"","overlay-color":"","overlay-opacity":"","overlay-gradient":""},"mobile":{"background-color":"","background-image":"","background-repeat":"repeat","background-position":"center center","background-size":"auto","background-attachment":"scroll","background-type":"","background-media":"","overlay-type":"","overlay-color":"","overlay-opacity":"","overlay-gradient":""}},"ast-content-background-meta":{"desktop":{"background-color":"var(--ast-global-color-5)","background-image":"","background-repeat":"repeat","background-position":"center center","background-size":"auto","background-attachment":"scroll","background-type":"","background-media":"","overlay-type":"","overlay-color":"","overlay-opacity":"","overlay-gradient":""},"tablet":{"background-color":"var(--ast-global-color-5)","background-image":"","background-repeat":"repeat","background-position":"center center","background-size":"auto","background-attachment":"scroll","background-type":"","background-media":"","overlay-type":"","overlay-color":"","overlay-opacity":"","overlay-gradient":""},"mobile":{"background-color":"var(--ast-global-color-5)","background-image":"","background-repeat":"repeat","background-position":"center center","background-size":"auto","background-attachment":"scroll","background-type":"","background-media":"","overlay-type":"","overlay-color":"","overlay-opacity":"","overlay-gradient":""}},"footnotes":""},"class_list":["post-12976","page","type-page","status-publish","hentry"],"post_mailing_queue_ids":[],"_links":{"self":[{"href":"https:\/\/agora.xtec.cat\/escoladelparc\/wp-json\/wp\/v2\/pages\/12976","targetHints":{"allow":["GET"]}}],"collection":[{"href":"https:\/\/agora.xtec.cat\/escoladelparc\/wp-json\/wp\/v2\/pages"}],"about":[{"href":"https:\/\/agora.xtec.cat\/escoladelparc\/wp-json\/wp\/v2\/types\/page"}],"author":[{"embeddable":true,"href":"https:\/\/agora.xtec.cat\/escoladelparc\/wp-json\/wp\/v2\/users\/1"}],"replies":[{"embeddable":true,"href":"https:\/\/agora.xtec.cat\/escoladelparc\/wp-json\/wp\/v2\/comments?post=12976"}],"version-history":[{"count":6,"href":"https:\/\/agora.xtec.cat\/escoladelparc\/wp-json\/wp\/v2\/pages\/12976\/revisions"}],"predecessor-version":[{"id":15592,"href":"https:\/\/agora.xtec.cat\/escoladelparc\/wp-json\/wp\/v2\/pages\/12976\/revisions\/15592"}],"up":[{"embeddable":true,"href":"https:\/\/agora.xtec.cat\/escoladelparc\/wp-json\/wp\/v2\/pages\/12966"}],"wp:attachment":[{"href":"https:\/\/agora.xtec.cat\/escoladelparc\/wp-json\/wp\/v2\/media?parent=12976"}],"curies":[{"name":"wp","href":"https:\/\/api.w.org\/{rel}","templated":true}]}}