{"id":541,"date":"2016-11-20T12:40:48","date_gmt":"2016-11-20T11:40:48","guid":{"rendered":"http:\/\/agora.xtec.cat\/escoladelmar\/?page_id=541"},"modified":"2023-04-18T10:31:52","modified_gmt":"2023-04-18T08:31:52","slug":"parelles-lectores","status":"publish","type":"page","link":"https:\/\/agora.xtec.cat\/escoladelmar\/projectes\/biblioteca\/parelles-lectores\/","title":{"rendered":"Parelles lectores"},"content":{"rendered":"<p>Compartir la lectura \u00e9s agradable sempre, per\u00f2 a l&#8217;Escola fem que encara ho sigui m\u00e9s.<\/p>\n<p>Quan arribem a 3r, Tarongers, ens convertim el Parella lectora d&#8217;un nen o nena de la Classe de P5, Sant Nicolau.<\/p>\n<p>La nostra tasca \u00e9s molt important, perqu\u00e8, som els encarregats i encarregades, de transmetre el gust per llegir, tot compartint amb els petits i petites una estona relaxada, agradable i enriquidora de lectura.<\/p>\n<p>Compartim 20 minuts setmanals, ens distribu\u00efm per colors.<\/p>\n<p>El curs seg\u00fcent, quan passem a 4t, Nausica, mantenim la mateixa parella lectora, com ja estan a 1r, Cucut, podem gaudir del seu progr\u00e9s, \u00e9s molt emocionant!!!<\/p>\n<h5><\/h5>\n","protected":false},"excerpt":{"rendered":"<p>Compartir la lectura \u00e9s agradable sempre, per\u00f2 a l&#8217;Escola fem que encara ho sigui m\u00e9s. Quan arribem a 3r, Tarongers, ens convertim el Parella lectora d&#8217;un nen o nena de la Classe de P5, Sant Nicolau. La nostra tasca \u00e9s molt important, perqu\u00e8, som els encarregats i encarregades, de transmetre el gust per llegir, tot [&hellip;]<\/p>\n","protected":false},"author":1,"featured_media":0,"parent":539,"menu_order":0,"comment_status":"closed","ping_status":"closed","template":"page-templates\/side-menu.php","meta":{"_bbp_topic_count":0,"_bbp_reply_count":0,"_bbp_total_topic_count":0,"_bbp_total_reply_count":0,"_bbp_voice_count":0,"_bbp_anonymous_reply_count":0,"_bbp_topic_count_hidden":0,"_bbp_reply_count_hidden":0,"_bbp_forum_subforum_count":0,"site-sidebar-layout":"default","site-content-layout":"","ast-site-content-layout":"","site-content-style":"default","site-sidebar-style":"default","ast-global-header-display":"","ast-banner-title-visibility":"","ast-main-header-display":"","ast-hfb-above-header-display":"","ast-hfb-below-header-display":"","ast-hfb-mobile-header-display":"","site-post-title":"","ast-breadcrumbs-content":"","ast-featured-img":"","footer-sml-layout":"","theme-transparent-header-meta":"","adv-header-id-meta":"","stick-header-meta":"","header-above-stick-meta":"","header-main-stick-meta":"","header-below-stick-meta":"","astra-migrate-meta-layouts":"default","ast-page-background-enabled":"default","ast-page-background-meta":{"desktop":{"background-color":"var(--ast-global-color-4)","background-image":"","background-repeat":"repeat","background-position":"center center","background-size":"auto","background-attachment":"scroll","background-type":"","background-media":"","overlay-type":"","overlay-color":"","overlay-opacity":"","overlay-gradient":""},"tablet":{"background-color":"","background-image":"","background-repeat":"repeat","background-position":"center center","background-size":"auto","background-attachment":"scroll","background-type":"","background-media":"","overlay-type":"","overlay-color":"","overlay-opacity":"","overlay-gradient":""},"mobile":{"background-color":"","background-image":"","background-repeat":"repeat","background-position":"center center","background-size":"auto","background-attachment":"scroll","background-type":"","background-media":"","overlay-type":"","overlay-color":"","overlay-opacity":"","overlay-gradient":""}},"ast-content-background-meta":{"desktop":{"background-color":"var(--ast-global-color-5)","background-image":"","background-repeat":"repeat","background-position":"center center","background-size":"auto","background-attachment":"scroll","background-type":"","background-media":"","overlay-type":"","overlay-color":"","overlay-opacity":"","overlay-gradient":""},"tablet":{"background-color":"var(--ast-global-color-5)","background-image":"","background-repeat":"repeat","background-position":"center center","background-size":"auto","background-attachment":"scroll","background-type":"","background-media":"","overlay-type":"","overlay-color":"","overlay-opacity":"","overlay-gradient":""},"mobile":{"background-color":"var(--ast-global-color-5)","background-image":"","background-repeat":"repeat","background-position":"center center","background-size":"auto","background-attachment":"scroll","background-type":"","background-media":"","overlay-type":"","overlay-color":"","overlay-opacity":"","overlay-gradient":""}},"footnotes":""},"class_list":["post-541","page","type-page","status-publish","hentry"],"post_mailing_queue_ids":[],"_links":{"self":[{"href":"https:\/\/agora.xtec.cat\/escoladelmar\/wp-json\/wp\/v2\/pages\/541","targetHints":{"allow":["GET"]}}],"collection":[{"href":"https:\/\/agora.xtec.cat\/escoladelmar\/wp-json\/wp\/v2\/pages"}],"about":[{"href":"https:\/\/agora.xtec.cat\/escoladelmar\/wp-json\/wp\/v2\/types\/page"}],"author":[{"embeddable":true,"href":"https:\/\/agora.xtec.cat\/escoladelmar\/wp-json\/wp\/v2\/users\/1"}],"replies":[{"embeddable":true,"href":"https:\/\/agora.xtec.cat\/escoladelmar\/wp-json\/wp\/v2\/comments?post=541"}],"version-history":[{"count":3,"href":"https:\/\/agora.xtec.cat\/escoladelmar\/wp-json\/wp\/v2\/pages\/541\/revisions"}],"predecessor-version":[{"id":4569,"href":"https:\/\/agora.xtec.cat\/escoladelmar\/wp-json\/wp\/v2\/pages\/541\/revisions\/4569"}],"up":[{"embeddable":true,"href":"https:\/\/agora.xtec.cat\/escoladelmar\/wp-json\/wp\/v2\/pages\/539"}],"wp:attachment":[{"href":"https:\/\/agora.xtec.cat\/escoladelmar\/wp-json\/wp\/v2\/media?parent=541"}],"curies":[{"name":"wp","href":"https:\/\/api.w.org\/{rel}","templated":true}]}}