{"id":28,"date":"2014-09-18T12:29:35","date_gmt":"2014-09-18T10:29:35","guid":{"rendered":"http:\/\/agora.xtec.cat\/escoladelmar\/?page_id=28"},"modified":"2023-11-24T09:39:13","modified_gmt":"2023-11-24T08:39:13","slug":"consell-escolar","status":"publish","type":"page","link":"https:\/\/agora.xtec.cat\/escoladelmar\/qui-som\/consell-escolar\/","title":{"rendered":"Consell Escolar"},"content":{"rendered":"<div dir=\"ltr\"><\/div>\n<div class=\"sites-layout-tile sites-tile-name-header\">\n<div dir=\"ltr\"><span style=\"color: #073763; font-family: verdana, sans-serif;\">La composici\u00f3 actual del Consell Escolar \u00e9s la seg\u00fcent:<\/span><\/div>\n<\/div>\n<div dir=\"ltr\"><\/div>\n<div dir=\"ltr\"><\/div>\n<div class=\"sites-layout-tile sites-tile-name-header\">\n<div dir=\"ltr\">\n<table class=\" aligncenter\" style=\"width: 73.7363%; height: 789px;\">\n<tbody>\n<tr>\n<td style=\"width: 124.18%;\" colspan=\"2\"><\/td>\n<\/tr>\n<tr>\n<td style=\"width: 44.8669%;\"><b>Directora i presidenta\u00a0<\/b><\/p>\n<p><b>Cap d\u2019Estudis\u00a0<\/b><\/p>\n<p><b>Secretari<\/b><\/td>\n<td style=\"width: 79.313%;\"><span style=\"font-weight: 400;\">Teresa Guillaumes\u00a0<\/span><\/p>\n<p><span style=\"font-weight: 400;\">Marta Alentorn\u00a0<\/span><\/p>\n<p><span style=\"font-weight: 400;\">Sergio Bern\u00e1rdez<\/span><\/td>\n<\/tr>\n<tr>\n<td style=\"width: 44.8669%;\"><b>Representants fam\u00edlies\u00a0<\/b><\/td>\n<td style=\"width: 79.313%;\"><span style=\"font-weight: 400;\">Rebeca Alcaraz, Montse Garc\u00eda <\/span><\/p>\n<p><span style=\"font-weight: 400;\">Ana Gonz\u00e1lez, Eli Higueras\u00a0<\/span><\/p>\n<p><span style=\"font-weight: 400;\">Nat\u00e0lia Blasco, N\u00faria Ferrer<\/span><\/td>\n<\/tr>\n<tr>\n<td style=\"text-align: left; width: 44.8669%;\"><b>Representants mestres\u00a0<\/b><\/td>\n<td style=\"text-align: left; width: 79.313%;\"><span style=\"font-weight: 400;\">Anna Batista, Pol Prats<\/span><\/p>\n<p><span style=\"font-weight: 400;\">Clara Florit, Cristina Herraiz\u00a0<\/span><\/p>\n<p><span style=\"font-weight: 400;\">Sara Sevilla, Neus Chamorro<\/span><\/td>\n<\/tr>\n<tr>\n<td style=\"text-align: left; width: 44.8669%;\"><b>President\/a AFA\u00a0<\/b><\/td>\n<td style=\"text-align: left; width: 79.313%;\"><b>Fani Tardido<\/b><\/td>\n<\/tr>\n<tr>\n<td style=\"text-align: left; width: 44.8669%;\"><b>Personal d\u2019administraci\u00f3\u00a0<\/b><\/td>\n<td style=\"text-align: left; width: 79.313%;\"><span style=\"font-weight: 400;\">MariCarmen Gallardo<\/span><\/td>\n<\/tr>\n<tr>\n<td style=\"text-align: left; width: 44.8669%;\"><b>Representant municipal\u00a0<\/b><\/td>\n<td style=\"text-align: left; width: 79.313%;\"><span style=\"font-weight: 400;\">Teresa Torres<\/span><\/td>\n<\/tr>\n<\/tbody>\n<\/table>\n<\/div>\n<div dir=\"ltr\"><\/div>\n<\/div>\n<p>&nbsp;<\/p>\n","protected":false},"excerpt":{"rendered":"<p>La composici\u00f3 actual del Consell Escolar \u00e9s la seg\u00fcent: Directora i presidenta\u00a0 Cap d\u2019Estudis\u00a0 Secretari Teresa Guillaumes\u00a0 Marta Alentorn\u00a0 Sergio Bern\u00e1rdez Representants fam\u00edlies\u00a0 Rebeca Alcaraz, Montse Garc\u00eda Ana Gonz\u00e1lez, Eli Higueras\u00a0 Nat\u00e0lia Blasco, N\u00faria Ferrer Representants mestres\u00a0 Anna Batista, Pol Prats Clara Florit, Cristina Herraiz\u00a0 Sara Sevilla, Neus Chamorro President\/a AFA\u00a0 Fani Tardido Personal d\u2019administraci\u00f3\u00a0 [&hellip;]<\/p>\n","protected":false},"author":1,"featured_media":0,"parent":489,"menu_order":30,"comment_status":"closed","ping_status":"closed","template":"page-templates\/side-menu.php","meta":{"_bbp_topic_count":0,"_bbp_reply_count":0,"_bbp_total_topic_count":0,"_bbp_total_reply_count":0,"_bbp_voice_count":0,"_bbp_anonymous_reply_count":0,"_bbp_topic_count_hidden":0,"_bbp_reply_count_hidden":0,"_bbp_forum_subforum_count":0,"site-sidebar-layout":"default","site-content-layout":"","ast-site-content-layout":"","site-content-style":"default","site-sidebar-style":"default","ast-global-header-display":"","ast-banner-title-visibility":"","ast-main-header-display":"","ast-hfb-above-header-display":"","ast-hfb-below-header-display":"","ast-hfb-mobile-header-display":"","site-post-title":"","ast-breadcrumbs-content":"","ast-featured-img":"","footer-sml-layout":"","theme-transparent-header-meta":"","adv-header-id-meta":"","stick-header-meta":"","header-above-stick-meta":"","header-main-stick-meta":"","header-below-stick-meta":"","astra-migrate-meta-layouts":"default","ast-page-background-enabled":"default","ast-page-background-meta":{"desktop":{"background-color":"var(--ast-global-color-4)","background-image":"","background-repeat":"repeat","background-position":"center center","background-size":"auto","background-attachment":"scroll","background-type":"","background-media":"","overlay-type":"","overlay-color":"","overlay-opacity":"","overlay-gradient":""},"tablet":{"background-color":"","background-image":"","background-repeat":"repeat","background-position":"center center","background-size":"auto","background-attachment":"scroll","background-type":"","background-media":"","overlay-type":"","overlay-color":"","overlay-opacity":"","overlay-gradient":""},"mobile":{"background-color":"","background-image":"","background-repeat":"repeat","background-position":"center center","background-size":"auto","background-attachment":"scroll","background-type":"","background-media":"","overlay-type":"","overlay-color":"","overlay-opacity":"","overlay-gradient":""}},"ast-content-background-meta":{"desktop":{"background-color":"var(--ast-global-color-5)","background-image":"","background-repeat":"repeat","background-position":"center center","background-size":"auto","background-attachment":"scroll","background-type":"","background-media":"","overlay-type":"","overlay-color":"","overlay-opacity":"","overlay-gradient":""},"tablet":{"background-color":"var(--ast-global-color-5)","background-image":"","background-repeat":"repeat","background-position":"center center","background-size":"auto","background-attachment":"scroll","background-type":"","background-media":"","overlay-type":"","overlay-color":"","overlay-opacity":"","overlay-gradient":""},"mobile":{"background-color":"var(--ast-global-color-5)","background-image":"","background-repeat":"repeat","background-position":"center center","background-size":"auto","background-attachment":"scroll","background-type":"","background-media":"","overlay-type":"","overlay-color":"","overlay-opacity":"","overlay-gradient":""}},"footnotes":""},"class_list":["post-28","page","type-page","status-publish","hentry"],"post_mailing_queue_ids":[],"_links":{"self":[{"href":"https:\/\/agora.xtec.cat\/escoladelmar\/wp-json\/wp\/v2\/pages\/28","targetHints":{"allow":["GET"]}}],"collection":[{"href":"https:\/\/agora.xtec.cat\/escoladelmar\/wp-json\/wp\/v2\/pages"}],"about":[{"href":"https:\/\/agora.xtec.cat\/escoladelmar\/wp-json\/wp\/v2\/types\/page"}],"author":[{"embeddable":true,"href":"https:\/\/agora.xtec.cat\/escoladelmar\/wp-json\/wp\/v2\/users\/1"}],"replies":[{"embeddable":true,"href":"https:\/\/agora.xtec.cat\/escoladelmar\/wp-json\/wp\/v2\/comments?post=28"}],"version-history":[{"count":5,"href":"https:\/\/agora.xtec.cat\/escoladelmar\/wp-json\/wp\/v2\/pages\/28\/revisions"}],"predecessor-version":[{"id":6481,"href":"https:\/\/agora.xtec.cat\/escoladelmar\/wp-json\/wp\/v2\/pages\/28\/revisions\/6481"}],"up":[{"embeddable":true,"href":"https:\/\/agora.xtec.cat\/escoladelmar\/wp-json\/wp\/v2\/pages\/489"}],"wp:attachment":[{"href":"https:\/\/agora.xtec.cat\/escoladelmar\/wp-json\/wp\/v2\/media?parent=28"}],"curies":[{"name":"wp","href":"https:\/\/api.w.org\/{rel}","templated":true}]}}