{"id":26,"date":"2014-09-18T12:24:32","date_gmt":"2014-09-18T11:24:32","guid":{"rendered":"http:\/\/agora.xtec.cat\/escoladelmar\/?page_id=26"},"modified":"2025-05-23T12:18:35","modified_gmt":"2025-05-23T10:18:35","slug":"historia","status":"publish","type":"page","link":"https:\/\/agora.xtec.cat\/escoladelmar\/lescola\/historia\/","title":{"rendered":"Hist\u00f2ria"},"content":{"rendered":"\n<div>\n<p align=\"justify\"><span style=\"font-size: medium;\"><span style=\"font-family: Arial;\">L&#8217;Escola del Mar sempre ha estat una escola coneguda\u00a0 per la seva tasca pedag\u00f2gica i per la seva hist\u00f2ria.<\/span><\/span><\/p>\n<p align=\"justify\">\u00a0<span style=\"font-size: medium;\">Va ser inaugurada un 26 de gener de l&#8217;any 1922 al barri de la Barceloneta, com a escola de primera ensenyan\u00e7a destinada \u00fanicament a nens i nenes l&#8217;estat de salut dels quals, sense estar malalts, feia aconsellable una educaci\u00f3 a l&#8217;aire lliure i a prop del mar.<\/span><\/p>\n<p align=\"justify\"><span style=\"font-family: Arial; font-size: medium;\">L&#8217;Ajuntament de Barcelona, titular de l&#8217;escola, la va crear a una platja propera, en aquells moments, a la ciutat, just al final del Carrer Almirante Aixada, al costat dels Banys Orientals i mirant al mar.<\/span><\/p>\n<p align=\"justify\"><span style=\"font-size: medium;\">\u00a0<\/span><span style=\"font-family: Arial; font-size: medium;\">Van passar el anys, i una nit de gener de l&#8217;any 1938, despr\u00e9s de varios mesos de guerra, una acci\u00f3 a\u00e8ria va deixar caure una bomba just a sobre de l&#8217;Escola del Mar.<\/span><\/p>\n<p align=\"justify\">\u00a0<span style=\"font-family: Arial;\"><span style=\"font-size: medium;\">Una vegada destru\u00efda l&#8217;Escola del Mar va haver de ser traslladada a un altre\u00a0indret de la ciutat. <\/span><span style=\"font-size: medium;\">A Montju\u00efc, molt a prop de la Font del Gat, a la Rosaleda.<\/span><\/span><\/p>\n<\/div>\n\n\n\n<div align=\"justify\">\n<p align=\"justify\"><span style=\"font-family: Arial; font-size: medium;\">Aquest va ser un empla\u00e7ament provisional, un edifici que avui alberga el Museu Etnol\u00f2gic, donat que r\u00e0pidament es va veure que aquell edifici quedava for\u00e7a petit.<\/span><\/p>\n<figure><\/figure>\n<\/div>\n\n\n\n<div>\n<p align=\"justify\"><span style=\"font-size: medium;\"><span style=\"font-family: Arial;\">Aix\u00ed va ser com nou anys despr\u00e9s justament\u00a0 el novembre de 1948 es va inaugurar el tercer empla\u00e7ament de l&#8217;Escola del Mar, ara al barri del Guinard\u00f3. Es tracta d&#8217;un edifici d&#8217;una antiga resid\u00e8ncia particular que va ser adquirida per l&#8217;Ajuntament de Barcelona, envoltat de jardins que ocupa tota una illa de cases<\/span><\/span><\/p>\n<hr \/><\/div>\n\n\n\n<div>\n<div><strong><span style=\"font-size: large;\"><i><span lang=\"CA\">De resid\u00e8ncia particular a centre escolar.<\/span><\/i><\/span><\/strong><\/div>\n<div>\u00a0<\/div>\n<p style=\"text-align: justify;\"><span style=\"font-size: medium;\"><i><span lang=\"CA\">L\u2019Escola del Mar ha celebrat el seu 90\u00e8 aniversari l&#8217;any 2&#8217;012<\/span><\/i><\/span><\/p>\n<p style=\"text-align: justify;\"><span style=\"font-size: medium;\"><span lang=\"CA\">Interessant article d\u2019Isabel Busquets i Corbera, antiga mestra de l\u2019Escola del Mar, publicat a <b>EL POU<\/b> Publicaci\u00f3 del grup d\u2019estudis de la Vall d\u2019Horta i la Muntanya Pelada.<\/span><\/span><\/p>\n<p style=\"text-align: justify;\"><span style=\"font-size: medium;\"><span lang=\"CA\">\u00a0Segons confessa l\u2019autora, la curiositat personal, l\u2019esperit investigador i les freq\u00fcents preguntes dels alumnes la van conduir, l\u2019any 2008, a iniciar la recerca de la hist\u00f2ria de l\u2019edifici que allotja des de fa\u00a065 anys l\u2019Escola del Mar.<\/span><\/span><\/p>\n<p style=\"text-align: justify;\"><span style=\"font-size: medium;\"><span lang=\"CA\">\u00a0L\u2019article repassa, per una banda, la hist\u00f2ria de l\u2019Escola del Mar, des de la seva fundaci\u00f3 a la platja de la Barceloneta, al carrer de la Conc\u00f2rdia, pel pedagog i mestre Pere Verg\u00e9s i Farr\u00e9s l\u2019any 1922, fins a l\u2019actual empla\u00e7ament al carrer G\u00e8nova del Guinard\u00f3, tot relatant l\u2019ideari del projecte pedag\u00f2gic de l\u2019escola des dels seus inicis fins als nostres dies.<\/span><\/span><\/p>\n<p style=\"text-align: justify;\"><span style=\"font-size: medium;\"><span lang=\"CA\">\u00a0Per una altra banda, l\u2019autora ens presenta la seva investigaci\u00f3, una acurada recerca sobre la hist\u00f2ria de la resid\u00e8ncia particular que avui dia ocupa l\u2019escola, un estudi que s\u2019alimenta tant de la consulta de fons documentals com de la tradici\u00f3 oral. L\u2019estudi abasta des dels or\u00edgens de la casa fins a l\u2019adquisici\u00f3 de l\u2019edifici per part de l\u2019Ajuntament de Barcelona on instal\u00b7l\u00e0 l\u2019Escola del Mar l\u2019any 1948.<\/span><\/span><\/p>\n<p style=\"text-align: justify;\"><span style=\"font-size: medium;\"><span lang=\"CA\">\u00a0La investigaci\u00f3 vol contribuir a la recuperaci\u00f3 de la mem\u00f2ria hist\u00f2rica dels edificis notables del Guinard\u00f3, i, per extensi\u00f3, de la ciutat de Barcelona.<\/span><\/span><\/p>\n<figure><a href=\"https:\/\/docs.google.com\/a\/xtec.cat\/viewer?a=v&amp;pid=sites&amp;srcid=eHRlYy5jYXR8ZXNjb2xhLWRlbC1tYXJ8Z3g6NDQ1NmQ1ZGE4ZWYxM2Zl\" target=\"_blank\" rel=\"noopener\"><img loading=\"lazy\" decoding=\"async\" class=\"alignnone size-full wp-image-465\" src=\"http:\/\/agora.xtec.cat\/escoladelmar\/wp-content\/uploads\/usu1572\/2014\/09\/poup.jpg\" alt=\"poup\" width=\"200\" height=\"282\" \/><\/a><\/figure>\n<p style=\"text-align: center;\">\u00a0<\/p>\n<p style=\"text-align: left;\">*Si voleu llegir l&#8217;article \u00edntegre, feu clic a la imatge.<\/p>\n<hr \/>\n<p style=\"text-align: justify;\">Aqu\u00ed uns presentem un\u00a0vides\u00a0amb el que coneixereu una mica m\u00e9s la hist\u00f2ria de l&#8217;escola des dels seus inicis, relatada pels seus protagonistes.<\/p>\n<p><iframe loading=\"lazy\" src=\"\/\/player.vimeo.com\/video\/77693848?title=0&amp;amp;byline=0\" width=\"425\" height=\"350\" allowfullscreen=\"allowfullscreen\"><\/iframe><\/p>\n<p><a href=\"https:\/\/vimeo.com\/77693848\" rel=\"nofollow\">Han bombardejat una escola<\/a> from <a href=\"https:\/\/vimeo.com\/user16901949\" rel=\"nofollow\">Mireia Corbera<\/a> on <a href=\"https:\/\/vimeo.com\/\" rel=\"nofollow\">Vimeo<\/a>.<\/p>\n<p style=\"text-align: justify;\">Han bombardejat una escola \u00e9s un documental dirigit per Mireia Corbera, Sandra Olsina i Anna Morej\u00f3n. Explica, a trav\u00e9s de les viv\u00e8ncies d\u2019antigues i antics alumnes, la hist\u00f2ria de l\u2019Escola del Mar i el que va suposar la seva destrucci\u00f3, originada per un bombardeig de l\u2019aviaci\u00f3 franquista el gener de 1938. L\u2019escola, inaugurada el 1922, va ser creada per l\u2019arquitecte Josep Goday i dirigida pel pedagog Pere Verg\u00e9s. La qualitat i l\u2019originalitat de la seva proposta pedag\u00f2gica la va convertir en una refer\u00e8ncia mundial en el camp de l\u2019educaci\u00f3. L\u2019esperit de l\u2019escola no va morir amb el bombardeig, ans al contrari; el projecte, fruit del gran impuls que l\u2019Ajuntament de Barcelona va donar a l\u2019educaci\u00f3 a inicis del segle XX, encara \u00e9s viu.<\/p>\n<hr \/><\/div>\n\n\n\n<div><strong>&nbsp;Altres videos de l&#8217;Escola del Mar<\/strong><\/div>\n\n\n\n<div>&nbsp;<\/div>\n\n\n\n<div>Pere Verg\u00e9s<\/div>\n\n\n\n<div>&nbsp;<\/div>\n\n\n\n<div style=\"text-align: center;\"><iframe loading=\"lazy\" src=\"\/\/www.youtube.com\/embed\/sQWJ2heOh-0\" width=\"420\" height=\"315\" frameborder=\"0\" allowfullscreen=\"allowfullscreen\"><\/iframe><\/div>\n\n\n\n<div>\u00a0<\/div>\n\n\n\n<div>\u00a0<\/div>\n\n\n\n<div><hr \/>\n<p><strong>L&#8217;Escola del Mar el 1972 al NO-DO<\/strong><\/p>\n<\/div>\n\n\n\n<div>\u00a0<\/div>\n\n\n\n<div style=\"text-align: center;\"><iframe loading=\"lazy\" src=\"\/\/www.youtube.com\/embed\/_R74L8wO9Dc\" width=\"560\" height=\"315\" frameborder=\"0\" allowfullscreen=\"allowfullscreen\"><\/iframe><\/div>\n","protected":false},"excerpt":{"rendered":"<p>L&#8217;Escola del Mar sempre ha estat una escola coneguda\u00a0 per la seva tasca pedag\u00f2gica i per la seva hist\u00f2ria. \u00a0Va ser inaugurada un 26 de gener de l&#8217;any 1922 al barri de la Barceloneta, com a escola de primera ensenyan\u00e7a destinada \u00fanicament a nens i nenes l&#8217;estat de salut dels quals, sense estar malalts, feia [&hellip;]<\/p>\n","protected":false},"author":1,"featured_media":0,"parent":22,"menu_order":20,"comment_status":"closed","ping_status":"closed","template":"","meta":{"_bbp_topic_count":0,"_bbp_reply_count":0,"_bbp_total_topic_count":0,"_bbp_total_reply_count":0,"_bbp_voice_count":0,"_bbp_anonymous_reply_count":0,"_bbp_topic_count_hidden":0,"_bbp_reply_count_hidden":0,"_bbp_forum_subforum_count":0,"site-sidebar-layout":"default","site-content-layout":"","ast-site-content-layout":"default","site-content-style":"default","site-sidebar-style":"default","ast-global-header-display":"","ast-banner-title-visibility":"","ast-main-header-display":"","ast-hfb-above-header-display":"","ast-hfb-below-header-display":"","ast-hfb-mobile-header-display":"","site-post-title":"","ast-breadcrumbs-content":"","ast-featured-img":"","footer-sml-layout":"","theme-transparent-header-meta":"","adv-header-id-meta":"","stick-header-meta":"","header-above-stick-meta":"","header-main-stick-meta":"","header-below-stick-meta":"","astra-migrate-meta-layouts":"set","ast-page-background-enabled":"default","ast-page-background-meta":{"desktop":{"background-color":"var(--ast-global-color-4)","background-image":"","background-repeat":"repeat","background-position":"center center","background-size":"auto","background-attachment":"scroll","background-type":"","background-media":"","overlay-type":"","overlay-color":"","overlay-opacity":"","overlay-gradient":""},"tablet":{"background-color":"","background-image":"","background-repeat":"repeat","background-position":"center center","background-size":"auto","background-attachment":"scroll","background-type":"","background-media":"","overlay-type":"","overlay-color":"","overlay-opacity":"","overlay-gradient":""},"mobile":{"background-color":"","background-image":"","background-repeat":"repeat","background-position":"center center","background-size":"auto","background-attachment":"scroll","background-type":"","background-media":"","overlay-type":"","overlay-color":"","overlay-opacity":"","overlay-gradient":""}},"ast-content-background-meta":{"desktop":{"background-color":"var(--ast-global-color-5)","background-image":"","background-repeat":"repeat","background-position":"center center","background-size":"auto","background-attachment":"scroll","background-type":"","background-media":"","overlay-type":"","overlay-color":"","overlay-opacity":"","overlay-gradient":""},"tablet":{"background-color":"var(--ast-global-color-5)","background-image":"","background-repeat":"repeat","background-position":"center center","background-size":"auto","background-attachment":"scroll","background-type":"","background-media":"","overlay-type":"","overlay-color":"","overlay-opacity":"","overlay-gradient":""},"mobile":{"background-color":"var(--ast-global-color-5)","background-image":"","background-repeat":"repeat","background-position":"center center","background-size":"auto","background-attachment":"scroll","background-type":"","background-media":"","overlay-type":"","overlay-color":"","overlay-opacity":"","overlay-gradient":""}},"footnotes":""},"class_list":["post-26","page","type-page","status-publish","hentry"],"post_mailing_queue_ids":[],"_links":{"self":[{"href":"https:\/\/agora.xtec.cat\/escoladelmar\/wp-json\/wp\/v2\/pages\/26","targetHints":{"allow":["GET"]}}],"collection":[{"href":"https:\/\/agora.xtec.cat\/escoladelmar\/wp-json\/wp\/v2\/pages"}],"about":[{"href":"https:\/\/agora.xtec.cat\/escoladelmar\/wp-json\/wp\/v2\/types\/page"}],"author":[{"embeddable":true,"href":"https:\/\/agora.xtec.cat\/escoladelmar\/wp-json\/wp\/v2\/users\/1"}],"replies":[{"embeddable":true,"href":"https:\/\/agora.xtec.cat\/escoladelmar\/wp-json\/wp\/v2\/comments?post=26"}],"version-history":[{"count":4,"href":"https:\/\/agora.xtec.cat\/escoladelmar\/wp-json\/wp\/v2\/pages\/26\/revisions"}],"predecessor-version":[{"id":11489,"href":"https:\/\/agora.xtec.cat\/escoladelmar\/wp-json\/wp\/v2\/pages\/26\/revisions\/11489"}],"up":[{"embeddable":true,"href":"https:\/\/agora.xtec.cat\/escoladelmar\/wp-json\/wp\/v2\/pages\/22"}],"wp:attachment":[{"href":"https:\/\/agora.xtec.cat\/escoladelmar\/wp-json\/wp\/v2\/media?parent=26"}],"curies":[{"name":"wp","href":"https:\/\/api.w.org\/{rel}","templated":true}]}}

Història

<div>
<p align="justify"><span style="font-size: medium;"><span style="font-family: Arial;">L&#8217;Escola del Mar sempre ha estat una escola coneguda  per la seva tasca pedagògica i per la seva història.</span></span></p>
<p align="justify"> <span style="font-size: medium;">Va ser inaugurada un 26 de gener de l&#8217;any 1922 al barri de la Barceloneta, com a escola de primera ensenyança destinada únicament a nens i nenes l&#8217;estat de salut dels quals, sense estar malalts, feia aconsellable una educació a l&#8217;aire lliure i a prop del mar.</span></p>
<p align="justify"><span style="font-family: Arial; font-size: medium;">L&#8217;Ajuntament de Barcelona, titular de l&#8217;escola, la va crear a una platja propera, en aquells moments, a la ciutat, just al final del Carrer Almirante Aixada, al costat dels Banys Orientals i mirant al mar.</span></p>
<p align="justify"><span style="font-size: medium;"> </span><span style="font-family: Arial; font-size: medium;">Van passar el anys, i una nit de gener de l&#8217;any 1938, després de varios mesos de guerra, una acció aèria va deixar caure una bomba just a sobre de l&#8217;Escola del Mar.</span></p>
<p align="justify"> <span style="font-family: Arial;"><span style="font-size: medium;">Una vegada destruïda l&#8217;Escola del Mar va haver de ser traslladada a un altre indret de la ciutat. </span><span style="font-size: medium;">A Montjuïc, molt a prop de la Font del Gat, a la Rosaleda.</span></span></p>
</div>



<div align="justify">
<p align="justify"><span style="font-family: Arial; font-size: medium;">Aquest va ser un emplaçament provisional, un edifici que avui alberga el Museu Etnològic, donat que ràpidament es va veure que aquell edifici quedava força petit.</span></p>
<figure></figure>
</div>



<div>
<p align="justify"><span style="font-size: medium;"><span style="font-family: Arial;">Així va ser com nou anys després justament  el novembre de 1948 es va inaugurar el tercer emplaçament de l&#8217;Escola del Mar, ara al barri del Guinardó. Es tracta d&#8217;un edifici d&#8217;una antiga residència particular que va ser adquirida per l&#8217;Ajuntament de Barcelona, envoltat de jardins que ocupa tota una illa de cases</span></span></p>
<hr /></div>



<div>
<div><strong><span style="font-size: large;"><i><span lang="CA">De residència particular a centre escolar.</span></i></span></strong></div>
<div> </div>
<p style="text-align: justify;"><span style="font-size: medium;"><i><span lang="CA">L’Escola del Mar ha celebrat el seu 90è aniversari l&#8217;any 2&#8217;012</span></i></span></p>
<p style="text-align: justify;"><span style="font-size: medium;"><span lang="CA">Interessant article d’Isabel Busquets i Corbera, antiga mestra de l’Escola del Mar, publicat a <b>EL POU</b> Publicació del grup d’estudis de la Vall d’Horta i la Muntanya Pelada.</span></span></p>
<p style="text-align: justify;"><span style="font-size: medium;"><span lang="CA"> Segons confessa l’autora, la curiositat personal, l’esperit investigador i les freqüents preguntes dels alumnes la van conduir, l’any 2008, a iniciar la recerca de la història de l’edifici que allotja des de fa 65 anys l’Escola del Mar.</span></span></p>
<p style="text-align: justify;"><span style="font-size: medium;"><span lang="CA"> L’article repassa, per una banda, la història de l’Escola del Mar, des de la seva fundació a la platja de la Barceloneta, al carrer de la Concòrdia, pel pedagog i mestre Pere Vergés i Farrés l’any 1922, fins a l’actual emplaçament al carrer Gènova del Guinardó, tot relatant l’ideari del projecte pedagògic de l’escola des dels seus inicis fins als nostres dies.</span></span></p>
<p style="text-align: justify;"><span style="font-size: medium;"><span lang="CA"> Per una altra banda, l’autora ens presenta la seva investigació, una acurada recerca sobre la història de la residència particular que avui dia ocupa l’escola, un estudi que s’alimenta tant de la consulta de fons documentals com de la tradició oral. L’estudi abasta des dels orígens de la casa fins a l’adquisició de l’edifici per part de l’Ajuntament de Barcelona on instal·là l’Escola del Mar l’any 1948.</span></span></p>
<p style="text-align: justify;"><span style="font-size: medium;"><span lang="CA"> La investigació vol contribuir a la recuperació de la memòria històrica dels edificis notables del Guinardó, i, per extensió, de la ciutat de Barcelona.</span></span></p>
<figure><a href="https://docs.google.com/a/xtec.cat/viewer?a=v&amp;pid=sites&amp;srcid=eHRlYy5jYXR8ZXNjb2xhLWRlbC1tYXJ8Z3g6NDQ1NmQ1ZGE4ZWYxM2Zl" target="_blank" rel="noopener"><img loading="lazy" decoding="async" class="alignnone size-full wp-image-465" src="http://agora.xtec.cat/escoladelmar/wp-content/uploads/usu1572/2014/09/poup.jpg" alt="poup" width="200" height="282" /></a></figure>
<p style="text-align: center;"> </p>
<p style="text-align: left;">*Si voleu llegir l&#8217;article íntegre, feu clic a la imatge.</p>
<hr />
<p style="text-align: justify;">Aquí uns presentem un vides amb el que coneixereu una mica més la història de l&#8217;escola des dels seus inicis, relatada pels seus protagonistes.</p>
<p><iframe loading="lazy" src="//player.vimeo.com/video/77693848?title=0&amp;amp;byline=0" width="425" height="350" allowfullscreen="allowfullscreen"></iframe></p>
<p><a href="https://vimeo.com/77693848" rel="nofollow">Han bombardejat una escola</a> from <a href="https://vimeo.com/user16901949" rel="nofollow">Mireia Corbera</a> on <a href="https://vimeo.com/" rel="nofollow">Vimeo</a>.</p>
<p style="text-align: justify;">Han bombardejat una escola és un documental dirigit per Mireia Corbera, Sandra Olsina i Anna Morejón. Explica, a través de les vivències d’antigues i antics alumnes, la història de l’Escola del Mar i el que va suposar la seva destrucció, originada per un bombardeig de l’aviació franquista el gener de 1938. L’escola, inaugurada el 1922, va ser creada per l’arquitecte Josep Goday i dirigida pel pedagog Pere Vergés. La qualitat i l’originalitat de la seva proposta pedagògica la va convertir en una referència mundial en el camp de l’educació. L’esperit de l’escola no va morir amb el bombardeig, ans al contrari; el projecte, fruit del gran impuls que l’Ajuntament de Barcelona va donar a l’educació a inicis del segle XX, encara és viu.</p>
<hr /></div>



<div><strong>&nbsp;Altres videos de l&#8217;Escola del Mar</strong></div>



<div>&nbsp;</div>



<div>Pere Vergés</div>



<div>&nbsp;</div>



<div style="text-align: center;"><iframe loading="lazy" src="//www.youtube.com/embed/sQWJ2heOh-0" width="420" height="315" frameborder="0" allowfullscreen="allowfullscreen"></iframe></div>



<div> </div>



<div> </div>



<div><hr />
<p><strong>L&#8217;Escola del Mar el 1972 al NO-DO</strong></p>
</div>



<div> </div>



<div style="text-align: center;"><iframe loading="lazy" src="//www.youtube.com/embed/_R74L8wO9Dc" width="560" height="315" frameborder="0" allowfullscreen="allowfullscreen"></iframe></div>

<p>L&#8217;Escola del Mar sempre ha estat una escola coneguda  per la seva tasca pedagògica i per la seva història.  Va ser inaugurada un 26 de gener de l&#8217;any 1922 al barri de la Barceloneta, com a escola de primera ensenyança destinada únicament a nens i nenes l&#8217;estat de salut dels quals, sense estar malalts, feia [&hellip;]</p>
