{"id":28,"date":"2014-09-18T12:29:35","date_gmt":"2014-09-18T12:29:35","guid":{"rendered":"http:\/\/agora.xtec.cat\/escoladelbosc\/?page_id=28"},"modified":"2026-03-06T10:00:39","modified_gmt":"2026-03-06T09:00:39","slug":"consell-escolar","status":"publish","type":"page","link":"https:\/\/agora.xtec.cat\/escoladelbosc\/consell-escolar\/","title":{"rendered":"Consell escolar"},"content":{"rendered":"\n<div class=\"wp-block-getwid-tabs\" data-active-tab=\"0\"><ul class=\"wp-block-getwid-tabs__nav-links\"><\/ul>\n<div class=\"wp-block-getwid-tabs__nav-link\"><h6 class=\"wp-block-getwid-tabs__title-wrapper\"><a href=\"#\"><span class=\"wp-block-getwid-tabs__title\">Qu\u00e8 \u00e9s?<\/span><\/a><\/h6><\/div><div class=\"wp-block-getwid-tabs__tab-content-wrapper\"><div class=\"wp-block-getwid-tabs__tab-content\">\n<p>El consell escolar de centre \u00e9s un \u00f2rgan de govern col\u00b7legiat on es troba representat tota la comunitat educativa. \u00c9s un \u00f2rgan de decisi\u00f3 i participaci\u00f3 que juga un paper important en el funcionament del centre.<\/p>\n\n\n\n<figure class=\"wp-block-image aligncenter\"><img loading=\"lazy\" decoding=\"async\" width=\"300\" height=\"160\" src=\"http:\/\/agora.xtec.cat\/escoladelbosc\/wp-content\/uploads\/usu166\/2014\/09\/descarga-300x160.jpg\" alt=\"descarga\" class=\"wp-image-236\" srcset=\"https:\/\/agora.xtec.cat\/escoladelbosc\/wp-content\/uploads\/usu166\/2014\/09\/descarga-300x160.jpg 300w, https:\/\/agora.xtec.cat\/escoladelbosc\/wp-content\/uploads\/usu166\/2014\/09\/descarga.jpg 307w\" sizes=\"auto, (max-width: 300px) 100vw, 300px\" \/><\/figure>\n<\/div><\/div>\n\n\n\n<div class=\"wp-block-getwid-tabs__nav-link\"><h6 class=\"wp-block-getwid-tabs__title-wrapper\"><a href=\"#\"><span class=\"wp-block-getwid-tabs__title\"><strong>Compet\u00e8ncies del Consell escolar<\/strong><\/span><\/a><\/h6><\/div><div class=\"wp-block-getwid-tabs__tab-content-wrapper\"><div class=\"wp-block-getwid-tabs__tab-content\">\n<ol class=\"wp-block-list\">\n<li>Formular propostes a l\u2019equip directiu sobre la programaci\u00f3 anual del centre i aprovar el projecte educatiu, sense perjudici de les compet\u00e8ncies del claustre en relaci\u00f3 amb la planificaci\u00f3 i l\u2019organitzaci\u00f3 docent.<\/li>\n\n\n\n<li>Elaborar informes, a petici\u00f3 de l\u2019administraci\u00f3 competent, sobre el funcionament&nbsp; del centre i sobre aquells altres aspectes relacionats amb la seva activitat.<\/li>\n\n\n\n<li>Participar en el proc\u00e9s d\u2019admissi\u00f3 d\u2019alumnes i vetllar per a que es realitzi segons marca la llei.<\/li>\n\n\n\n<li>Aprovar el Reglament de R\u00e8gim Intern del centre.<\/li>\n\n\n\n<li>Con\u00e8ixer la resoluci\u00f3 de con\ufb02ictes disciplinaris i la imposici\u00f3 de sancions i vetllar perqu\u00e8 s\u2019atenguin a la llei vigent. Quan les mesures disciplin\u00e0ries adoptades per la directora corresponguin a conductes dels alumnes que perjudiquin greument la conviv\u00e8ncia del centre, el consell escolar, a inst\u00e0ncia de pares o tutors, pot revisar la decisi\u00f3 adoptada i proposar, si s\u2019escau, les mesures oportunes.<\/li>\n\n\n\n<li>Aprovar el projecte de pressupost del centre i la seva liquidaci\u00f3.<\/li>\n\n\n\n<li>Promoure la conservaci\u00f3 i renovaci\u00f3 de les instal\u00b7lacions i equip escolar i aprovar l\u2019obtenci\u00f3 de recursos complementaris d\u2019acord amb el que estableix l\u2019article 122.3.<\/li>\n\n\n\n<li>Proposar les directrius per a la col\u00b7laboraci\u00f3, amb \ufb01nalitats educatives i culturals, amb altres centres, entitats i organismes.<\/li>\n\n\n\n<li>Analitzar i valorar el funcionament general del centre, l&#8217;evoluci\u00f3 del rendiment&nbsp; escolar i els resultats de l\u2019avaluaci\u00f3 del centre que faci l\u2019administraci\u00f3 educativa.<\/li>\n\n\n\n<li>Participar en la selecci\u00f3 de el\/la director\/a del centre en els termes que estableix aquesta Llei. Ser informat del nomenament i cessament dels altres membres de l\u2019equip directiu. Si s\u2019escau, amb l\u2019acord previ dels seus membres, adoptat per majoria de dos ter\u00e7os, proposar la revocaci\u00f3 del nomenament de el\/la director\/a.<\/li>\n\n\n\n<li>Proposar mesures i iniciatives que afavoreixin la conviv\u00e8ncia en el centre, la igualtat entre homes i dones i la resoluci\u00f3 pac\u00edfica de con\ufb02ictes en tots els \u00e0mbits de la vida&nbsp; personal, familiar i social.<\/li>\n\n\n\n<li>Qualsevol altra que li sigui atorgada per l\u2019administraci\u00f3 educativa.<\/li>\n\n\n\n<li>L\u2019establiment del nombre total de representants de cada sector en el consell&nbsp; escolar, tot respectant els criteris generals.<\/li>\n\n\n\n<li>Elecci\u00f3 dels representants, un d\u2019entre els quals haur\u00e0 de ser del sector dels pares i mares, per a la nova comissi\u00f3 de selecci\u00f3 de director.<\/li>\n\n\n\n<li>Els consells escolars de centre podran establir convenis de col\u00b7laboraci\u00f3 amb associacions culturals o entitats sense \u00e0nim de lucre per al desplegament d\u2019activitats extraescolars i complement\u00e0ries, en virtut d\u2019all\u00f2 que disposin les Administracions&nbsp; educatives.<\/li>\n<\/ol>\n<\/div><\/div>\n\n\n\n<div class=\"wp-block-getwid-tabs__nav-link\"><h6 class=\"wp-block-getwid-tabs__title-wrapper\"><a href=\"#\"><span class=\"wp-block-getwid-tabs__title\"><strong>Composici\u00f3 del Consell escolar<\/strong><\/span><\/a><\/h6><\/div><div class=\"wp-block-getwid-tabs__tab-content-wrapper\"><div class=\"wp-block-getwid-tabs__tab-content\">\n<p>El consell escolar del nostre centre docent est\u00e0 format per:<\/p>\n\n\n\n<div class=\"wp-block-media-text has-media-on-the-right is-stacked-on-mobile\"><div class=\"wp-block-media-text__content\">\n<ul class=\"wp-block-list\">\n<li>La directora (que n\u2019exerceix la presid\u00e8ncia).<\/li>\n\n\n\n<li>La cap d\u2019estudis.<\/li>\n\n\n\n<li>La secret\u00e0ria (amb veu i sense vot).<\/li>\n\n\n\n<li>Una representant de l\u2019Ajuntament.<\/li>\n\n\n\n<li>Una representant del PAS (personal d\u2019administraci\u00f3 i serveis).<\/li>\n\n\n\n<li>Una representant de l\u2019AMPA.<\/li>\n\n\n\n<li>Quatre mestres del claustre.<\/li>\n\n\n\n<li>Quatre pares o mares d\u2019alumnes.<\/li>\n<\/ul>\n<\/div><figure class=\"wp-block-media-text__media\"><img loading=\"lazy\" decoding=\"async\" width=\"291\" height=\"173\" src=\"https:\/\/agora.xtec.cat\/escoladelbosc\/wp-content\/uploads\/usu166\/2014\/09\/descarga-1.jpg\" alt=\"\" class=\"wp-image-235 size-full\"\/><\/figure><\/div>\n<\/div><\/div>\n\n\n\n<div class=\"wp-block-getwid-tabs__nav-link\"><h6 class=\"wp-block-getwid-tabs__title-wrapper\"><a href=\"#\"><span class=\"wp-block-getwid-tabs__title\">Membres del consell escolar &#8211;  Curs 2025-2026<\/span><\/a><\/h6><\/div><div class=\"wp-block-getwid-tabs__tab-content-wrapper\"><div class=\"wp-block-getwid-tabs__tab-content\">\n<figure class=\"wp-block-table is-style-stripes has-small-font-size\"><table class=\"has-border-color has-ast-global-color-0-border-color\" style=\"border-width:1px\"><thead><tr><th>Cognom, Nom<\/th><th class=\"has-text-align-center\" data-align=\"center\">Curs<\/th><th>Sector<\/th><th class=\"has-text-align-center\" data-align=\"center\">Comissi\u00f3 Permanent<\/th><th class=\"has-text-align-center\" data-align=\"center\">Comissi\u00f3 Econ\u00f2mica<\/th><th class=\"has-text-align-center\" data-align=\"center\">Comissi\u00f3 de Conviv\u00e8ncia<\/th><\/tr><\/thead><tbody><tr><td>Jim\u00e9nez Romero, Natalia<\/td><td class=\"has-text-align-center\" data-align=\"center\">&nbsp;<\/td><td>Representant AMPA<\/td><td class=\"has-text-align-center\" data-align=\"center\">\u00d7&nbsp;<\/td><td class=\"has-text-align-center\" data-align=\"center\">&nbsp;<\/td><td class=\"has-text-align-center\" data-align=\"center\">&nbsp;<\/td><\/tr><tr><td>Laia Requena Ram\u00edrez<\/td><td class=\"has-text-align-center\" data-align=\"center\">&nbsp;<\/td><td>Pares<\/td><td class=\"has-text-align-center\" data-align=\"center\">&nbsp;<\/td><td class=\"has-text-align-center\" data-align=\"center\">\u00d7&nbsp;<\/td><td class=\"has-text-align-center\" data-align=\"center\">&nbsp;<\/td><\/tr><tr><td>Alarc\u00f3n Alfaro, Ana<\/td><td class=\"has-text-align-center\" data-align=\"center\">&nbsp;<\/td><td>Pares<\/td><td class=\"has-text-align-center\" data-align=\"center\">\u00d7<\/td><td class=\"has-text-align-center\" data-align=\"center\">&nbsp;<\/td><td class=\"has-text-align-center\" data-align=\"center\">&nbsp;<\/td><\/tr><tr><td>Jhonnatan&nbsp;Peinado Toro<\/td><td class=\"has-text-align-center\" data-align=\"center\">&nbsp;<\/td><td>Pares<\/td><td class=\"has-text-align-center\" data-align=\"center\">&nbsp;<\/td><td class=\"has-text-align-center\" data-align=\"center\">&nbsp;<\/td><td class=\"has-text-align-center\" data-align=\"center\"><\/td><\/tr><tr><td>Rut Guardado Romero<\/td><td class=\"has-text-align-center\" data-align=\"center\">&nbsp;<\/td><td>Pares<\/td><td class=\"has-text-align-center\" data-align=\"center\">&nbsp;<\/td><td class=\"has-text-align-center\" data-align=\"center\"><\/td><td class=\"has-text-align-center\" data-align=\"center\">\u00d7&nbsp;<\/td><\/tr><tr><td>Barrientos Lima, Silvia<\/td><td class=\"has-text-align-center\" data-align=\"center\">&nbsp;<\/td><td>Personal d&#8217;administraci\u00f3 i serveis<\/td><td class=\"has-text-align-center\" data-align=\"center\">&nbsp;<\/td><td class=\"has-text-align-center\" data-align=\"center\">&nbsp;<\/td><td class=\"has-text-align-center\" data-align=\"center\">&nbsp;<\/td><\/tr><tr><td>Mart\u00ednez Curiel, M\u00f2nica<\/td><td class=\"has-text-align-center\" data-align=\"center\"><\/td><td>Ajuntament de Mollet del Vall\u00e8s<\/td><td class=\"has-text-align-center\" data-align=\"center\"><\/td><td class=\"has-text-align-center\" data-align=\"center\">&nbsp;<\/td><td class=\"has-text-align-center\" data-align=\"center\">&nbsp;<\/td><\/tr><tr><td>Ramirez Herrera, Daniel<\/td><td class=\"has-text-align-center\" data-align=\"center\"><\/td><td>Mestres<\/td><td class=\"has-text-align-center\" data-align=\"center\">&nbsp;<\/td><td class=\"has-text-align-center\" data-align=\"center\">\u00d7<\/td><td class=\"has-text-align-center\" data-align=\"center\">&nbsp;<\/td><\/tr><tr><td>Medina Ortiz, Raquel<\/td><td class=\"has-text-align-center\" data-align=\"center\">2n<\/td><td>Mestres<\/td><td class=\"has-text-align-center\" data-align=\"center\">\u00d7&nbsp;<\/td><td class=\"has-text-align-center\" data-align=\"center\"><\/td><td class=\"has-text-align-center\" data-align=\"center\">&nbsp;<\/td><\/tr><tr><td>Oliva Valldeoriola, Mireia<\/td><td class=\"has-text-align-center\" data-align=\"center\">4t<\/td><td>Mestres<\/td><td class=\"has-text-align-center\" data-align=\"center\">&nbsp;<\/td><td class=\"has-text-align-center\" data-align=\"center\">&nbsp;<\/td><td class=\"has-text-align-center\" data-align=\"center\">\u00d7<\/td><\/tr><tr><td>V\u00edlchez S\u00e1nchez, Beatriu<\/td><td class=\"has-text-align-center\" data-align=\"center\">1r<\/td><td>Mestres<\/td><td class=\"has-text-align-center\" data-align=\"center\">&nbsp;<\/td><td class=\"has-text-align-center\" data-align=\"center\">&nbsp;<\/td><td class=\"has-text-align-center\" data-align=\"center\">&nbsp;<\/td><\/tr><tr><td>Vicente Monfort, Maria Montserrat<\/td><td class=\"has-text-align-center\" data-align=\"center\">i3<\/td><td>Mestres<\/td><td class=\"has-text-align-center\" data-align=\"center\"><\/td><td class=\"has-text-align-center\" data-align=\"center\"><\/td><td class=\"has-text-align-center\" data-align=\"center\"><\/td><\/tr><tr><td>G\u00f3mez Torras, Olatz<\/td><td class=\"has-text-align-center\" data-align=\"center\">&nbsp;<\/td><td>Cap d\u2019estudis<\/td><td class=\"has-text-align-center\" data-align=\"center\">\u00d7<\/td><td class=\"has-text-align-center\" data-align=\"center\"><\/td><td class=\"has-text-align-center\" data-align=\"center\">&nbsp;\u00d7<\/td><\/tr><tr><td>P\u00e9rez Vidal, Rosa Ana<\/td><td class=\"has-text-align-center\" data-align=\"center\">&nbsp;<\/td><td>Presidenta<\/td><td class=\"has-text-align-center\" data-align=\"center\">\u00d7<\/td><td class=\"has-text-align-center\" data-align=\"center\">\u00d7<\/td><td class=\"has-text-align-center\" data-align=\"center\">\u00d7&nbsp;<\/td><\/tr><tr><td>Salvat S\u00e1nchez, Natalia<\/td><td class=\"has-text-align-center\" data-align=\"center\"><\/td><td>Secret\u00e0ria<\/td><td class=\"has-text-align-center\" data-align=\"center\">\u00d7<\/td><td class=\"has-text-align-center\" data-align=\"center\">\u00d7<\/td><td class=\"has-text-align-center\" data-align=\"center\">\u00d7<\/td><\/tr><\/tbody><\/table><\/figure>\n<\/div><\/div>\n\n\n\n<div class=\"wp-block-getwid-tabs__nav-link\"><span class=\"wp-block-getwid-tabs__title-wrapper\"><a href=\"#\"><span class=\"wp-block-getwid-tabs__title\"><strong>Actes (Curs 2025 &#8211; 2026)<\/strong><\/span><\/a><\/span><\/div><div class=\"wp-block-getwid-tabs__tab-content-wrapper\"><div class=\"wp-block-getwid-tabs__tab-content\">\n<p><\/p>\n<\/div><\/div>\n<\/div>\n","protected":false},"excerpt":{"rendered":"","protected":false},"author":2,"featured_media":0,"parent":0,"menu_order":0,"comment_status":"closed","ping_status":"closed","template":"","meta":{"_bbp_topic_count":0,"_bbp_reply_count":0,"_bbp_total_topic_count":0,"_bbp_total_reply_count":0,"_bbp_voice_count":0,"_bbp_anonymous_reply_count":0,"_bbp_topic_count_hidden":0,"_bbp_reply_count_hidden":0,"_bbp_forum_subforum_count":0,"site-sidebar-layout":"no-sidebar","site-content-layout":"","ast-site-content-layout":"default","site-content-style":"default","site-sidebar-style":"default","ast-global-header-display":"","ast-banner-title-visibility":"","ast-main-header-display":"","ast-hfb-above-header-display":"","ast-hfb-below-header-display":"","ast-hfb-mobile-header-display":"","site-post-title":"","ast-breadcrumbs-content":"","ast-featured-img":"","footer-sml-layout":"","theme-transparent-header-meta":"","adv-header-id-meta":"","stick-header-meta":"","header-above-stick-meta":"","header-main-stick-meta":"","header-below-stick-meta":"","astra-migrate-meta-layouts":"set","ast-page-background-enabled":"default","ast-page-background-meta":{"desktop":{"background-color":"var(--ast-global-color-4)","background-image":"","background-repeat":"repeat","background-position":"center center","background-size":"auto","background-attachment":"scroll","background-type":"","background-media":"","overlay-type":"","overlay-color":"","overlay-opacity":"","overlay-gradient":""},"tablet":{"background-color":"","background-image":"","background-repeat":"repeat","background-position":"center center","background-size":"auto","background-attachment":"scroll","background-type":"","background-media":"","overlay-type":"","overlay-color":"","overlay-opacity":"","overlay-gradient":""},"mobile":{"background-color":"","background-image":"","background-repeat":"repeat","background-position":"center center","background-size":"auto","background-attachment":"scroll","background-type":"","background-media":"","overlay-type":"","overlay-color":"","overlay-opacity":"","overlay-gradient":""}},"ast-content-background-meta":{"desktop":{"background-color":"var(--ast-global-color-5)","background-image":"","background-repeat":"repeat","background-position":"center center","background-size":"auto","background-attachment":"scroll","background-type":"","background-media":"","overlay-type":"","overlay-color":"","overlay-opacity":"","overlay-gradient":""},"tablet":{"background-color":"var(--ast-global-color-5)","background-image":"","background-repeat":"repeat","background-position":"center center","background-size":"auto","background-attachment":"scroll","background-type":"","background-media":"","overlay-type":"","overlay-color":"","overlay-opacity":"","overlay-gradient":""},"mobile":{"background-color":"var(--ast-global-color-5)","background-image":"","background-repeat":"repeat","background-position":"center center","background-size":"auto","background-attachment":"scroll","background-type":"","background-media":"","overlay-type":"","overlay-color":"","overlay-opacity":"","overlay-gradient":""}},"footnotes":""},"class_list":["post-28","page","type-page","status-publish","hentry"],"post_mailing_queue_ids":[],"_links":{"self":[{"href":"https:\/\/agora.xtec.cat\/escoladelbosc\/wp-json\/wp\/v2\/pages\/28","targetHints":{"allow":["GET"]}}],"collection":[{"href":"https:\/\/agora.xtec.cat\/escoladelbosc\/wp-json\/wp\/v2\/pages"}],"about":[{"href":"https:\/\/agora.xtec.cat\/escoladelbosc\/wp-json\/wp\/v2\/types\/page"}],"author":[{"embeddable":true,"href":"https:\/\/agora.xtec.cat\/escoladelbosc\/wp-json\/wp\/v2\/users\/2"}],"replies":[{"embeddable":true,"href":"https:\/\/agora.xtec.cat\/escoladelbosc\/wp-json\/wp\/v2\/comments?post=28"}],"version-history":[{"count":6,"href":"https:\/\/agora.xtec.cat\/escoladelbosc\/wp-json\/wp\/v2\/pages\/28\/revisions"}],"predecessor-version":[{"id":6019,"href":"https:\/\/agora.xtec.cat\/escoladelbosc\/wp-json\/wp\/v2\/pages\/28\/revisions\/6019"}],"wp:attachment":[{"href":"https:\/\/agora.xtec.cat\/escoladelbosc\/wp-json\/wp\/v2\/media?parent=28"}],"curies":[{"name":"wp","href":"https:\/\/api.w.org\/{rel}","templated":true}]}}