{"id":87,"date":"2014-09-18T14:28:12","date_gmt":"2014-09-18T13:28:12","guid":{"rendered":"http:\/\/agora.xtec.cat\/escoladelaconcepcio\/?page_id=87"},"modified":"2025-04-22T08:52:06","modified_gmt":"2025-04-22T06:52:06","slug":"nivells","status":"publish","type":"page","link":"https:\/\/agora.xtec.cat\/escoladelaconcepcio\/nivells\/","title":{"rendered":"Nivells"},"content":{"rendered":"<p class=\"\" data-start=\"88\" data-end=\"250\">A la nostra escola, cada curs t\u00e9 la seva pr\u00f2pia p\u00e0gina dins del web. A cada una d\u2019aquestes p\u00e0gines trobareu tota la informaci\u00f3 espec\u00edfica del curs, incloent-hi:<\/p>\n<ul data-start=\"252\" data-end=\"366\">\n<li class=\"\" data-start=\"252\" data-end=\"280\">\n<p class=\"\" data-start=\"254\" data-end=\"280\"><strong data-start=\"254\" data-end=\"275\">Horari de classes<\/strong>.<\/p>\n<\/li>\n<li class=\"\" data-start=\"281\" data-end=\"326\">\n<p class=\"\" data-start=\"283\" data-end=\"326\"><strong data-start=\"283\" data-end=\"320\">Excursions i sortides programades<\/strong>.<\/p>\n<\/li>\n<li class=\"\" data-start=\"327\" data-end=\"366\">\n<p class=\"\" data-start=\"329\" data-end=\"366\"><strong data-start=\"329\" data-end=\"361\">Not\u00edcies.<\/strong><\/p>\n<\/li>\n<\/ul>\n<p class=\"\" data-start=\"368\" data-end=\"618\">Aquest espai est\u00e0 pensat per mantenir les fam\u00edlies informades i facilitar l\u2019acc\u00e9s a tota la informaci\u00f3 rellevant del curs dels vostres fills i filles. Us animem a visitar regularment la p\u00e0gina del vostre curs per estar al dia de totes les novetats!<\/p>\n<p class=\"\" data-start=\"368\" data-end=\"618\"><strong data-start=\"623\" data-end=\"686\" data-is-last-node=\"\">Accediu a la p\u00e0gina del vostre curs des del men\u00fa principal.<\/strong><\/p>\n","protected":false},"excerpt":{"rendered":"<p>A la nostra escola, cada curs t\u00e9 la seva pr\u00f2pia p\u00e0gina dins del web. A cada una d\u2019aquestes p\u00e0gines trobareu tota la informaci\u00f3 espec\u00edfica del curs, incloent-hi:<\/p>\n<ul data-start=\"252\" data-end=\"366\">\n<li class=\"\" data-start=\"252\" data-end=\"280\">\nHorari de classes.\n<\/li>\n<li class=\"\" data-start=\"281\" data-end=\"326\">\nExcursions i sortides programades.\n<\/li>\n<li class=\"\" data-start=\"327\" data-end=\"366\">\nNot\u00edcies.\n<\/li>\n<\/ul>\n<p>Aquest espai est\u00e0&hellip;  <a href=\"https:\/\/agora.xtec.cat\/escoladelaconcepcio\/nivells\/\" title=\"Read Nivells\">Llegeix m\u00e9s\u00bb<\/a><\/p>\n","protected":false},"author":1,"featured_media":0,"parent":0,"menu_order":0,"comment_status":"closed","ping_status":"closed","template":"page-templates\/side-menu.php","meta":{"_bbp_topic_count":0,"_bbp_reply_count":0,"_bbp_total_topic_count":0,"_bbp_total_reply_count":0,"_bbp_voice_count":0,"_bbp_anonymous_reply_count":0,"_bbp_topic_count_hidden":0,"_bbp_reply_count_hidden":0,"_bbp_forum_subforum_count":0,"footnotes":""},"class_list":["post-87","page","type-page","status-publish","hentry"],"post_mailing_queue_ids":[],"_links":{"self":[{"href":"https:\/\/agora.xtec.cat\/escoladelaconcepcio\/wp-json\/wp\/v2\/pages\/87","targetHints":{"allow":["GET"]}}],"collection":[{"href":"https:\/\/agora.xtec.cat\/escoladelaconcepcio\/wp-json\/wp\/v2\/pages"}],"about":[{"href":"https:\/\/agora.xtec.cat\/escoladelaconcepcio\/wp-json\/wp\/v2\/types\/page"}],"author":[{"embeddable":true,"href":"https:\/\/agora.xtec.cat\/escoladelaconcepcio\/wp-json\/wp\/v2\/users\/1"}],"replies":[{"embeddable":true,"href":"https:\/\/agora.xtec.cat\/escoladelaconcepcio\/wp-json\/wp\/v2\/comments?post=87"}],"version-history":[{"count":5,"href":"https:\/\/agora.xtec.cat\/escoladelaconcepcio\/wp-json\/wp\/v2\/pages\/87\/revisions"}],"predecessor-version":[{"id":3592,"href":"https:\/\/agora.xtec.cat\/escoladelaconcepcio\/wp-json\/wp\/v2\/pages\/87\/revisions\/3592"}],"wp:attachment":[{"href":"https:\/\/agora.xtec.cat\/escoladelaconcepcio\/wp-json\/wp\/v2\/media?parent=87"}],"curies":[{"name":"wp","href":"https:\/\/api.w.org\/{rel}","templated":true}]}}