{"id":464,"date":"2016-04-06T22:28:01","date_gmt":"2016-04-06T21:28:01","guid":{"rendered":"http:\/\/agora.xtec.cat\/escoladelaconcepcio\/?page_id=464"},"modified":"2026-03-26T15:30:23","modified_gmt":"2026-03-26T14:30:23","slug":"musica","status":"publish","type":"page","link":"https:\/\/agora.xtec.cat\/escoladelaconcepcio\/musica\/","title":{"rendered":"La m\u00fasica a la Concepci\u00f3"},"content":{"rendered":"<p><a href=\"http:\/\/agora.xtec.cat\/escoladelaconcepcio\/wp-content\/uploads\/usu1008\/2016\/04\/DSC00590.jpg\"><img loading=\"lazy\" decoding=\"async\" class=\"wp-image-1324 size-medium aligncenter\" src=\"http:\/\/agora.xtec.cat\/escoladelaconcepcio\/wp-content\/uploads\/usu1008\/2016\/04\/DSC00590-300x169.jpg\" alt=\"dsc00590\" width=\"300\" height=\"169\" srcset=\"https:\/\/agora.xtec.cat\/escoladelaconcepcio\/wp-content\/uploads\/usu1008\/2016\/04\/DSC00590-300x169.jpg 300w, https:\/\/agora.xtec.cat\/escoladelaconcepcio\/wp-content\/uploads\/usu1008\/2016\/04\/DSC00590-768x433.jpg 768w, https:\/\/agora.xtec.cat\/escoladelaconcepcio\/wp-content\/uploads\/usu1008\/2016\/04\/DSC00590-1024x577.jpg 1024w\" sizes=\"auto, (max-width: 300px) 100vw, 300px\" \/><\/a><\/p>\n<p>A l\u2019Escola de la Concepci\u00f3 entenem l\u2019\u00e0rea de m\u00fasica com una part essencial de l\u2019educaci\u00f3 global dels infants, ja que connecta amb moltes altres disciplines i contribueix al seu desenvolupament integral.<\/p>\n<p>A trav\u00e9s de la m\u00fasica, fomentem diferents capacitats i valors:<\/p>\n<ul>\n<li>Amb la can\u00e7\u00f3, es treballen les relacions interpersonals, l\u2019expressi\u00f3 afectiva i la mem\u00f2ria.<\/li>\n<li>\u00a0Amb el ritme, es desenvolupen les habilitats psicomotrius, l\u2019equilibri personal i s\u2019estableixen connexions amb les matem\u00e0tiques.<\/li>\n<li>Amb el llenguatge musical, l\u2019alumnat descobreix una nova forma de comunicaci\u00f3 amb m\u00faltiples possibilitats expressives.<\/li>\n<li>Amb la dansa, es potencia la consci\u00e8ncia corporal, l\u2019organitzaci\u00f3 en l\u2019espai i la cohesi\u00f3 de grup.<\/li>\n<\/ul>\n<p>Diversos estudis han demostrat que la m\u00fasica tamb\u00e9 afavoreix l\u2019aprenentatge de la lectura, la llengua i la resoluci\u00f3 de problemes, alhora que fomenta la creativitat i la sensibilitat art\u00edstica. A m\u00e9s, \u00e9s una eina sense l\u00edmits per educar en el rigor, l\u2019expressi\u00f3, la comunicaci\u00f3 art\u00edstica i el desenvolupament personal.<\/p>\n<p><strong>Un aprenentatge progressiu<\/strong><br \/>\nA educaci\u00f3 infantil, els infants s\u2019introdueixen en el m\u00f3n de la m\u00fasica a trav\u00e9s d\u2019experi\u00e8ncies sensorials. A prim\u00e0ria, aquest aprenentatge s\u2019amplia, combinant la pr\u00e0ctica vocal i r\u00edtmica amb la introducci\u00f3 als instruments musicals. Algunes sessions es fan en grups redu\u00efts per facilitar un acompanyament m\u00e9s personalitzat.<\/p>\n<p>A partir del cicle mitj\u00e0, l\u2019alumnat comen\u00e7a a tocar un instrument i a formar part de la<strong> Big Band.<\/strong> Des de 3r fins a 6\u00e8 de prim\u00e0ria, cada classe t\u00e9 la seva pr\u00f2pia banda, donant lloc a quatre Big Bands dins de l\u2019escola. Els instruments que s\u2019hi toquen s\u00f3n:<\/p>\n<ul>\n<li style=\"text-align: center;\"><em>Flauta travessera, clarinet, saxo, trompeta, tromb\u00f3, piano, teclat, guitarra el\u00e8ctrica, baix el\u00e8ctric, bateria i percussi\u00f3.<\/em><\/li>\n<\/ul>\n<p><strong>Un projecte col\u00b7laboratiu<\/strong><br \/>\nAquest projecte musical \u00e9s possible gr\u00e0cies al professorat especialitzat de l\u2019escola i al suport del Consorci d\u2019Educaci\u00f3 de Barcelona, que aporta professionals per a l\u2019ensenyament d\u2019instruments dins l\u2019horari lectiu.<\/p>\n<p>A m\u00e9s, l\u2019alumnat participa en audicions en viu i concerts tant dins com fora de l\u2019escola, compartint la seva m\u00fasica amb les fam\u00edlies i la comunitat. Tamb\u00e9 oferim actuacions per a entitats, associacions i plataformes que ens ho sol\u00b7licitin.<\/p>\n<p><strong>Seguiu-nos a la web de m\u00fasica<\/strong><br \/>\nPerqu\u00e8 pugueu estar al dia de totes les activitats musicals, hem creat una web espec\u00edfica amb informaci\u00f3 i novetats. Podeu accedir-hi a trav\u00e9s d\u2019aquest enlla\u00e7:<\/p>\n<p>\ud83d\udd17<a href=\"https:\/\/sites.google.com\/escoladelaconcepcio.cat\/lamsicaalaconcepci23-24\/inicio?pli=1\"> [ENLLA\u00c7 A LA WEB DE M\u00daSICA]<\/a><\/p>\n<p>&nbsp;<\/p>\n","protected":false},"excerpt":{"rendered":"<p><a href=\"http:\/\/agora.xtec.cat\/escoladelaconcepcio\/wp-content\/uploads\/usu1008\/2016\/04\/DSC00590.jpg\"><\/a><br \/>\nA l\u2019Escola de la Concepci\u00f3 entenem l\u2019\u00e0rea de m\u00fasica com una part essencial de l\u2019educaci\u00f3 global dels infants, ja que connecta amb moltes altres disciplines i contribueix al seu desenvolupament integral.<br \/>\nA trav\u00e9s de la m\u00fasica, fomentem diferents capacitats i valors:<\/p>\n<ul>\n<li>Amb la can\u00e7\u00f3, es treballen&hellip;  <a href=\"https:\/\/agora.xtec.cat\/escoladelaconcepcio\/musica\/\" title=\"Read La m\u00fasica a la Concepci\u00f3\">Llegeix m\u00e9s\u00bb<\/a><br \/>\n","protected":false},"author":1,"featured_media":0,"parent":0,"menu_order":0,"comment_status":"closed","ping_status":"closed","template":"page-templates\/side-menu.php","meta":{"_bbp_topic_count":0,"_bbp_reply_count":0,"_bbp_total_topic_count":0,"_bbp_total_reply_count":0,"_bbp_voice_count":0,"_bbp_anonymous_reply_count":0,"_bbp_topic_count_hidden":0,"_bbp_reply_count_hidden":0,"_bbp_forum_subforum_count":0,"footnotes":""},"class_list":["post-464","page","type-page","status-publish","hentry"],"post_mailing_queue_ids":[],"_links":{"self":[{"href":"https:\/\/agora.xtec.cat\/escoladelaconcepcio\/wp-json\/wp\/v2\/pages\/464","targetHints":{"allow":["GET"]}}],"collection":[{"href":"https:\/\/agora.xtec.cat\/escoladelaconcepcio\/wp-json\/wp\/v2\/pages"}],"about":[{"href":"https:\/\/agora.xtec.cat\/escoladelaconcepcio\/wp-json\/wp\/v2\/types\/page"}],"author":[{"embeddable":true,"href":"https:\/\/agora.xtec.cat\/escoladelaconcepcio\/wp-json\/wp\/v2\/users\/1"}],"replies":[{"embeddable":true,"href":"https:\/\/agora.xtec.cat\/escoladelaconcepcio\/wp-json\/wp\/v2\/comments?post=464"}],"version-history":[{"count":6,"href":"https:\/\/agora.xtec.cat\/escoladelaconcepcio\/wp-json\/wp\/v2\/pages\/464\/revisions"}],"predecessor-version":[{"id":3700,"href":"https:\/\/agora.xtec.cat\/escoladelaconcepcio\/wp-json\/wp\/v2\/pages\/464\/revisions\/3700"}],"wp:attachment":[{"href":"https:\/\/agora.xtec.cat\/escoladelaconcepcio\/wp-json\/wp\/v2\/media?parent=464"}],"curies":[{"name":"wp","href":"https:\/\/api.w.org\/{rel}","templated":true}]}}