{"id":442,"date":"2016-02-26T22:17:20","date_gmt":"2016-02-26T21:17:20","guid":{"rendered":"http:\/\/agora.xtec.cat\/escoladelaconcepcio\/?page_id=442"},"modified":"2025-12-11T15:30:56","modified_gmt":"2025-12-11T14:30:56","slug":"projecte-educatiu","status":"publish","type":"page","link":"https:\/\/agora.xtec.cat\/escoladelaconcepcio\/lescola\/projecte-educatiu\/","title":{"rendered":"Documentaci\u00f3 d&#8217;escola"},"content":{"rendered":"<p>A continuaci\u00f3, podeu consultar els documents que defineixen el funcionament i els principis pedag\u00f2gics de la nostra escola. Aquests documents s\u00f3n una guia essencial per entendre el nostre projecte educatiu i les normes que regeixen la conviv\u00e8ncia i l\u2019\u00fas dels dispositius digitals al centre.<\/p>\n<h5><strong>Projecte Educatiu de Centre (PEC)<\/strong><\/h5>\n<p>El PEC recull la identitat, els valors i els objectius de l\u2019escola, aix\u00ed com les l\u00ednies metodol\u00f2giques i organitzatives que seguim per garantir una educaci\u00f3 de qualitat.<\/p>\n<p data-pm-slice=\"1 1 []\"><a>\ud83d\udd17 <\/a><strong><a href=\"https:\/\/agora.xtec.cat\/escoladelaconcepcio\/wp-content\/uploads\/usu1008\/2019\/03\/PEC-Escola-de-la-Concepci%C3%B3.pdf\" target=\"_blank\" rel=\"noopener\">Consulta el PEC<\/a><\/strong><\/p>\n<h5><strong>Estrat\u00e8gia Digital de Centre<\/strong><\/h5>\n<p>Aquest document estableix les l\u00ednies d\u2019actuaci\u00f3 per integrar les tecnologies digitals en el proc\u00e9s d\u2019ensenyament-aprenentatge, garantint-ne un \u00fas responsable i eficient.<\/p>\n<p data-pm-slice=\"1 1 []\"><a>\ud83d\udd17 <\/a><strong><a href=\"https:\/\/sites.google.com\/escoladelaconcepcio.cat\/edc-escola-de-la-concepci\/inici\" target=\"_blank\" rel=\"noopener\">Consulta l&#8217;Estrat\u00e8gia Digital<\/a><\/strong><\/p>\n<p>En aquest altre enlla\u00e7, hi podeu trobar una web feta per l\u2019escola, sobre \u00fas saludable i segur de les diferents tecnologies.<\/p>\n<p data-pm-slice=\"1 1 []\"><strong><a>\ud83d\udd17 <\/a><a href=\"https:\/\/sites.google.com\/escoladelaconcepcio.cat\/internetipantalles\/internet-i-pantalles-a-la-concepci%C3%B3\" target=\"_blank\" rel=\"noopener\">Internet i pantalles a la Concepci\u00f3<\/a><\/strong><\/p>\n<h5><strong>Projecte de Conviv\u00e8ncia<\/strong><\/h5>\n<p>El projecte de conviv\u00e8ncia de centre ha estat un treball conjunt entre fam\u00edlies i escola. Finalment, ha estat aprovat en Consell Escolar el 14 de juny de 2021. Ha de ser un document viu, revisable curs a curs per la millora de la conviv\u00e8ncia del centre.<\/p>\n<p data-pm-slice=\"1 1 []\"><a>\ud83d\udd17 <\/a><strong><a href=\"https:\/\/agora.xtec.cat\/escoladelaconcepcio\/wp-content\/uploads\/usu1008\/2021\/07\/Projecte-de-conviv%C3%A8ncia.pdf\" target=\"_blank\" rel=\"noopener\">Consulta el Projecte de Conviv\u00e8ncia<\/a><\/strong><\/p>\n<h5><strong>Projecte Ling\u00fc\u00edstic<\/strong><\/h5>\n<p>Especifica l\u2019organitzaci\u00f3 i el tractament de les lleng\u00fces a l\u2019escola, garantint un enfocament inclusiu i respectu\u00f3s amb la diversitat ling\u00fc\u00edstica.<\/p>\n<p data-pm-slice=\"1 1 []\"><a>\ud83d\udd17 <\/a><strong><a href=\"https:\/\/agora.xtec.cat\/escoladelaconcepcio\/wp-content\/uploads\/usu1008\/2019\/03\/Proj.Ling%C3%BC%C3%ADstic-Concepci%C3%B3-2018.pdf\" target=\"_blank\" rel=\"noopener\">Consulta el Projecte Ling\u00fc\u00edstic<\/a><\/strong><\/p>\n<h5><strong>Normes d\u2019Organitzaci\u00f3 i Funcionament del Centre (NOFC)<\/strong><\/h5>\n<p>Aquestes normes regulen l\u2019organitzaci\u00f3 i la conviv\u00e8ncia a l\u2019escola. Inclouen una extensi\u00f3 espec\u00edfica sobre l\u2019\u00fas dels dispositius digitals per garantir-ne un \u00fas adequat i pedag\u00f2gic.<\/p>\n<p data-pm-slice=\"1 1 []\"><strong><a>\ud83d\udd17 <\/a><a href=\"https:\/\/agora.xtec.cat\/escoladelaconcepcio\/wp-content\/uploads\/usu1008\/2019\/11\/NOFC-2.pdf\" target=\"_blank\" rel=\"noopener\">Consulta les NOFC\u00a0<\/a><\/strong><\/p>\n<p data-pm-slice=\"1 1 []\"><strong><a href=\"https:\/\/drive.google.com\/file\/d\/1Iec0sYYBym1YcCyu6aolWOlE40wZhpKV\/view?usp=drive_link\" target=\"_blank\" rel=\"noopener\">\ud83d\udd17 Consulta l&#8217;Annex de les NOFC amb relaci\u00f3 amb les faltes de l\u2019alumnat, mesures correctores i sancions<\/a><\/strong><\/p>\n<p data-pm-slice=\"1 1 []\"><strong><a>\ud83d\udd17 <\/a><a href=\"https:\/\/agora.xtec.cat\/escoladelaconcepcio\/wp-content\/uploads\/usu1008\/2023\/06\/Annex-NOFC-CONCEPCIO-1.pdf\" target=\"_blank\" rel=\"noopener\">Consulta l&#8217;Annex de les NOFC amb relaci\u00f3 a les Normes d&#8217;\u00das de Dispositius Digitals<\/a><\/strong><\/p>\n<p>Per a qualsevol dubte o aclariment, podeu contactar amb l\u2019escola.<\/p>\n<p>&nbsp;<\/p>\n","protected":false},"excerpt":{"rendered":"<p>A continuaci\u00f3, podeu consultar els documents que defineixen el funcionament i els principis pedag\u00f2gics de la nostra escola. Aquests documents s\u00f3n una guia essencial per entendre el nostre projecte educatiu i les normes que regeixen la conviv\u00e8ncia i l\u2019\u00fas dels dispositius digitals al centre.<br \/>\nProjecte Educatiu&hellip;  <a href=\"https:\/\/agora.xtec.cat\/escoladelaconcepcio\/lescola\/projecte-educatiu\/\" title=\"Read Documentaci\u00f3 d&#8217;escola\">Llegeix m\u00e9s\u00bb<\/a><\/p>\n","protected":false},"author":1,"featured_media":0,"parent":22,"menu_order":6,"comment_status":"closed","ping_status":"closed","template":"page-templates\/side-menu.php","meta":{"_bbp_topic_count":0,"_bbp_reply_count":0,"_bbp_total_topic_count":0,"_bbp_total_reply_count":0,"_bbp_voice_count":0,"_bbp_anonymous_reply_count":0,"_bbp_topic_count_hidden":0,"_bbp_reply_count_hidden":0,"_bbp_forum_subforum_count":0,"footnotes":""},"class_list":["post-442","page","type-page","status-publish","hentry"],"post_mailing_queue_ids":[],"_links":{"self":[{"href":"https:\/\/agora.xtec.cat\/escoladelaconcepcio\/wp-json\/wp\/v2\/pages\/442","targetHints":{"allow":["GET"]}}],"collection":[{"href":"https:\/\/agora.xtec.cat\/escoladelaconcepcio\/wp-json\/wp\/v2\/pages"}],"about":[{"href":"https:\/\/agora.xtec.cat\/escoladelaconcepcio\/wp-json\/wp\/v2\/types\/page"}],"author":[{"embeddable":true,"href":"https:\/\/agora.xtec.cat\/escoladelaconcepcio\/wp-json\/wp\/v2\/users\/1"}],"replies":[{"embeddable":true,"href":"https:\/\/agora.xtec.cat\/escoladelaconcepcio\/wp-json\/wp\/v2\/comments?post=442"}],"version-history":[{"count":6,"href":"https:\/\/agora.xtec.cat\/escoladelaconcepcio\/wp-json\/wp\/v2\/pages\/442\/revisions"}],"predecessor-version":[{"id":3683,"href":"https:\/\/agora.xtec.cat\/escoladelaconcepcio\/wp-json\/wp\/v2\/pages\/442\/revisions\/3683"}],"up":[{"embeddable":true,"href":"https:\/\/agora.xtec.cat\/escoladelaconcepcio\/wp-json\/wp\/v2\/pages\/22"}],"wp:attachment":[{"href":"https:\/\/agora.xtec.cat\/escoladelaconcepcio\/wp-json\/wp\/v2\/media?parent=442"}],"curies":[{"name":"wp","href":"https:\/\/api.w.org\/{rel}","templated":true}]}}