{"id":3576,"date":"2025-04-15T08:59:51","date_gmt":"2025-04-15T06:59:51","guid":{"rendered":"https:\/\/agora.xtec.cat\/escoladelaconcepcio\/?page_id=3576"},"modified":"2025-05-29T15:28:42","modified_gmt":"2025-05-29T13:28:42","slug":"podcast","status":"publish","type":"page","link":"https:\/\/agora.xtec.cat\/escoladelaconcepcio\/projectes\/podcast\/","title":{"rendered":"Podcast"},"content":{"rendered":"<p>Des del curs 2022-2023, a l\u2019escola hem engegat un projecte que cada vegada t\u00e9 m\u00e9s for\u00e7a: <strong>la creaci\u00f3 de p\u00f2dcasts amb l\u2019alumnat de 6\u00e8<\/strong>. Una proposta que va n\u00e9ixer amb la voluntat de potenciar l\u2019expressi\u00f3 oral, l\u2019autonomia i la creativitat del nostre alumnat, i que s\u2019ha convertit en un espai d\u2019aprenentatge significatiu i compartit.<\/p>\n<p>A cada trimestre ens endinsem en un format diferent: comencem amb les <strong>entrevistes,<\/strong> continuem amb les<strong> not\u00edcies<\/strong> i, finalment, donem llibertat perqu\u00e8 l\u2019alumnat decideixi quin <strong>contingut personalitzat<\/strong> vol compartir. Cada grup tria el tema, escriu el seu gui\u00f3, fa la recerca d\u2019informaci\u00f3 necess\u00e0ria i s\u2019organitza per dur a terme totes les tasques. Un proc\u00e9s que requereix planificaci\u00f3, treball en equip i molta implicaci\u00f3.<\/p>\n<p>Des dels inicis del projecte hem anat incorporant progressivament el material t\u00e8cnic necessari per poder gravar i editar amb qualitat. Actualment, disposem d&#8217;un bon equip de gravaci\u00f3 que ens permet portar a terme la feina de manera aut\u00f2noma i amb molt bons resultats.<\/p>\n<p>Un dels aspectes m\u00e9s enriquidors del projecte \u00e9s que l\u2019alumnat no nom\u00e9s crea els continguts, sin\u00f3 que<strong> apr\u00e8n a editar les seves pr\u00f2pies gravacions i ent\u00e9n el proc\u00e9s comunicatiu de principi a fi<\/strong>. Aquesta experi\u00e8ncia fomenta la responsabilitat, l\u2019escolta activa, la gesti\u00f3 del temps i el respecte per la feina col\u00b7lectiva.<\/p>\n<p>El p\u00f2dcast de 6\u00e8 \u00e9s, sens dubte, un projecte que deixa empremta. Una proposta viva, participativa i engrescadora que dona veu als nois i noies en un moment en qu\u00e8 tenen molt a dir. I nosaltres, com a comunitat educativa, ens aturem per escoltar-los. A m\u00e9s, a la web del centre trobareu un <a href=\"https:\/\/open.spotify.com\/show\/5ILli3terA9PlC2Z8hwKcx?si=7f5f77d9f3dd44f5&amp;nd=1&amp;dlsi=55130b4e8a4e43a0\" target=\"_blank\" rel=\"noopener\">enlla\u00e7<\/a> on podeu escoltar els p\u00f2dcasts realitzats en cursos anteriors.<\/p>\n<p>Us animem a descobrir-los!<\/p>\n<p>&nbsp;<\/p>\n","protected":false},"excerpt":{"rendered":"<p>Des del curs 2022-2023, a l\u2019escola hem engegat un projecte que cada vegada t\u00e9 m\u00e9s for\u00e7a: la creaci\u00f3 de p\u00f2dcasts amb l\u2019alumnat de 6\u00e8. Una proposta que va n\u00e9ixer amb la voluntat de potenciar l\u2019expressi\u00f3 oral, l\u2019autonomia i la creativitat del nostre alumnat, i que&hellip;  <a href=\"https:\/\/agora.xtec.cat\/escoladelaconcepcio\/projectes\/podcast\/\" title=\"Read Podcast\">Llegeix m\u00e9s\u00bb<\/a><\/p>\n","protected":false},"author":1,"featured_media":0,"parent":1320,"menu_order":0,"comment_status":"closed","ping_status":"closed","template":"","meta":{"_bbp_topic_count":0,"_bbp_reply_count":0,"_bbp_total_topic_count":0,"_bbp_total_reply_count":0,"_bbp_voice_count":0,"_bbp_anonymous_reply_count":0,"_bbp_topic_count_hidden":0,"_bbp_reply_count_hidden":0,"_bbp_forum_subforum_count":0,"footnotes":""},"class_list":["post-3576","page","type-page","status-publish","hentry"],"post_mailing_queue_ids":[],"_links":{"self":[{"href":"https:\/\/agora.xtec.cat\/escoladelaconcepcio\/wp-json\/wp\/v2\/pages\/3576","targetHints":{"allow":["GET"]}}],"collection":[{"href":"https:\/\/agora.xtec.cat\/escoladelaconcepcio\/wp-json\/wp\/v2\/pages"}],"about":[{"href":"https:\/\/agora.xtec.cat\/escoladelaconcepcio\/wp-json\/wp\/v2\/types\/page"}],"author":[{"embeddable":true,"href":"https:\/\/agora.xtec.cat\/escoladelaconcepcio\/wp-json\/wp\/v2\/users\/1"}],"replies":[{"embeddable":true,"href":"https:\/\/agora.xtec.cat\/escoladelaconcepcio\/wp-json\/wp\/v2\/comments?post=3576"}],"version-history":[{"count":3,"href":"https:\/\/agora.xtec.cat\/escoladelaconcepcio\/wp-json\/wp\/v2\/pages\/3576\/revisions"}],"predecessor-version":[{"id":3625,"href":"https:\/\/agora.xtec.cat\/escoladelaconcepcio\/wp-json\/wp\/v2\/pages\/3576\/revisions\/3625"}],"up":[{"embeddable":true,"href":"https:\/\/agora.xtec.cat\/escoladelaconcepcio\/wp-json\/wp\/v2\/pages\/1320"}],"wp:attachment":[{"href":"https:\/\/agora.xtec.cat\/escoladelaconcepcio\/wp-json\/wp\/v2\/media?parent=3576"}],"curies":[{"name":"wp","href":"https:\/\/api.w.org\/{rel}","templated":true}]}}

<p>Des del curs 2022-2023, a l’escola hem engegat un projecte que cada vegada té més força: <strong>la creació de pòdcasts amb l’alumnat de 6è</strong>. Una proposta que va néixer amb la voluntat de potenciar l’expressió oral, l’autonomia i la creativitat del nostre alumnat, i que s’ha convertit en un espai d’aprenentatge significatiu i compartit.</p>
<p>A cada trimestre ens endinsem en un format diferent: comencem amb les <strong>entrevistes,</strong> continuem amb les<strong> notícies</strong> i, finalment, donem llibertat perquè l’alumnat decideixi quin <strong>contingut personalitzat</strong> vol compartir. Cada grup tria el tema, escriu el seu guió, fa la recerca d’informació necessària i s’organitza per dur a terme totes les tasques. Un procés que requereix planificació, treball en equip i molta implicació.</p>
<p>Des dels inicis del projecte hem anat incorporant progressivament el material tècnic necessari per poder gravar i editar amb qualitat. Actualment, disposem d&#8217;un bon equip de gravació que ens permet portar a terme la feina de manera autònoma i amb molt bons resultats.</p>
<p>Un dels aspectes més enriquidors del projecte és que l’alumnat no només crea els continguts, sinó que<strong> aprèn a editar les seves pròpies gravacions i entén el procés comunicatiu de principi a fi</strong>. Aquesta experiència fomenta la responsabilitat, l’escolta activa, la gestió del temps i el respecte per la feina col·lectiva.</p>
<p>El pòdcast de 6è és, sens dubte, un projecte que deixa empremta. Una proposta viva, participativa i engrescadora que dona veu als nois i noies en un moment en què tenen molt a dir. I nosaltres, com a comunitat educativa, ens aturem per escoltar-los. A més, a la web del centre trobareu un <a href="https://open.spotify.com/show/5ILli3terA9PlC2Z8hwKcx?si=7f5f77d9f3dd44f5&amp;nd=1&amp;dlsi=55130b4e8a4e43a0" target="_blank" rel="noopener">enllaç</a> on podeu escoltar els pòdcasts realitzats en cursos anteriors.</p>
<p>Us animem a descobrir-los!</p>
<p>&nbsp;</p>

<p>Des del curs 2022-2023, a l’escola hem engegat un projecte que cada vegada té més força: la creació de pòdcasts amb l’alumnat de 6è. Una proposta que va néixer amb la voluntat de potenciar l’expressió oral, l’autonomia i la creativitat del nostre alumnat, i que&hellip;  <a href="https://agora.xtec.cat/escoladelaconcepcio/projectes/podcast/" title="Read Podcast">Llegeix més»</a></p>
