{"id":22,"date":"2014-09-18T12:19:57","date_gmt":"2014-09-18T11:19:57","guid":{"rendered":"http:\/\/agora.xtec.cat\/escoladelaconcepcio\/?page_id=22"},"modified":"2016-04-06T22:02:12","modified_gmt":"2016-04-06T21:02:12","slug":"lescola","status":"publish","type":"page","link":"https:\/\/agora.xtec.cat\/escoladelaconcepcio\/lescola\/","title":{"rendered":"L&#8217;escola"},"content":{"rendered":"<h4>Cent anys d&#8217;hist\u00f2ria<\/h4>\n<p>FA MOLTS ANYS&#8230; al 1891, es va crear una escola de p\u00e0rvuls en una illa de l\u2019Eixample. Al seu costat hi havia el Mercat de la Concepci\u00f3, la Tin\u00e8ncia d\u2019Alcaldia (avui, Consell de Districte) i el conservatori Superior de M\u00fasica.<\/p>\n<p>Encara hi s\u00f3n: el mercat, el consell, el conservatori i l\u2019escola.<\/p>\n<p>\u00c9s la nostra escola, una escola centen\u00e0ria que ha estat testimoni de l\u2019evoluci\u00f3 social, dels esdeveniments hist\u00f2rics i dels moviments pedag\u00f2gics de Catalunya i que \u2014encara que ha passat per moltes i diverses circumst\u00e0ncies i ha tingut moltes denominacions\u2014 ha fet prevaler el nom de la Concepci\u00f3 com un element d\u2019identificaci\u00f3 amb el barri.<\/p>\n<p>L\u2019Escola de la Concepci\u00f3 \u00e9s una escola p\u00fablica, oberta, plural, democr\u00e0tica, laica, catalana i respectuosa amb les respectives lleng\u00fces de l&#8217;alumnat; una escola de formaci\u00f3 integral i, tamb\u00e9, una escola petita i per tant familiar, entranyable, solid\u00e0ria i d\u2019aprenentatge rec\u00edproc: entre tots fem escola, entre tots fem persones i entre tots fem conviv\u00e8ncia i toler\u00e0ncia.<\/p>\n<p>La nostra escola \u00e9s una escola d&#8217;educaci\u00f3 infantil i prim\u00e0ria, des de P3 fins a 6\u00e8 d&#8217;ESO, d&#8217;una sola l\u00ednia, on l&#8217;ensenyament de la m\u00fasica s&#8217;intensifica, conviu i s&#8217;interrelaciona amb les altres mat\u00e8ries curriculars, fet que li d\u00f3na singularitat.<\/p>\n<h4>Projecte educatiu<\/h4>\n<h5>Una escola oberta<\/h5>\n<p>La nostra pedagogia \u00e9s integradora i incorpora la col\u00b7laboraci\u00f3\u00a0 de les fam\u00edlies i de les institucions culturals i socials de l\u2019entorn.<\/p>\n<h5>Una educaci\u00f3 integral<\/h5>\n<p>Entenem l\u2019educaci\u00f3 com un proc\u00e9s que compr\u00e8n els diferents aspectes que integren la personalitat de l\u2019alumne ique l\u2019ajuda a desenvolupar les seves potencialitats cognitives, f\u00edsiques i afectives. Fomentem una educaci\u00f3 basada en el respecte a un mateix i als altres.<\/p>\n<h5>Una educaci\u00f3 en els valors democr\u00e0tics<\/h5>\n<p>L\u2019escola treballa per integrar els nens i nenes en una societat plural, i fomenta l\u2019educaci\u00f3 en els valors de la toler\u00e0ncia, la solidaritat i de tots els que caracteritzen una societat democr\u00e0tica. La escola es declara laica.<\/p>\n<h5>Una escola catalana<\/h5>\n<p>L\u2019Escola utilitza el catal\u00e0 com a llengua vehicular i d\u2019aprenentatge en l\u2019\u00e0mbit escolar, i treballa perqu\u00e8 l\u2019alumnat conegui i respecti la realitat social catalana. L\u2019Escola integra totes les persones pertanyents a d\u2019altres identitats culturals i ling\u00fc\u00edstiques, i garanteix a l\u2019alumnat de parla no catalana el respecte per la seva llengua.<\/p>\n<h5>Una escola respectuosa amb la diversitat<\/h5>\n<p>L\u2019escola assumeix els diferents ritmes evolutius i capacitats de l&#8217;alumnat personalitzant l\u2019acci\u00f3 educativa, i treballa en la integraci\u00f3 de l\u2019alumnat amb dificultats sensorials, f\u00edsiques,ps\u00edquiques, socials o culturals.<\/p>\n<h5>Una escola que educa en la igualtat<\/h5>\n<p>Entenem que \u00e9s funci\u00f3 de l\u2019escola educar noies i nois en la igualtat de drets i deures, tot acceptant les difer\u00e8ncies per\u00f2 treballant per a la superaci\u00f3 de mites, tab\u00fas i diferenciaci\u00f3 de rols assignats hist\u00f2ricament a la dona i a l\u2019home.<\/p>\n<h5>Una escola democr\u00e0tica i participativa<\/h5>\n<p>La gesti\u00f3 de l\u2019escola \u00e9s democr\u00e0tica i participativa. Els diversos sectors de la comunitat educativa prenen part en els diferents \u00f2rgans de govern que preveuen les lleis org\u00e0niques corresponents.<\/p>\n<h4>Equipaments<\/h4>\n<ul>\n<li>Menjador<\/li>\n<li>Sala de descans (P3)<\/li>\n<li>Gimn\u00e0s<\/li>\n<li>Sala de psicomotricitat<\/li>\n<\/ul>\n<ul>\n<li>3 aules de m\u00fasica i dansa<\/li>\n<li>Laboratori de ci\u00e8ncies<\/li>\n<li>Biblioteca<\/li>\n<\/ul>\n<ul>\n<li>2 patis<\/li>\n<li>Pista poliesportiva amb vestidors<\/li>\n<li>Aula d\u2019inform\u00e0tica amb estaci\u00f3 meteorol\u00f2gica<\/li>\n<\/ul>\n","protected":false},"excerpt":{"rendered":"<p>Cent anys d&#8217;hist\u00f2ria<br \/>\nFA MOLTS ANYS&#8230; al 1891, es va crear una escola de p\u00e0rvuls en una illa de l\u2019Eixample. Al seu costat hi havia el Mercat de la Concepci\u00f3, la Tin\u00e8ncia d\u2019Alcaldia (avui, Consell de Districte) i el conservatori Superior de M\u00fasica.<br \/>\nEncara hi s\u00f3n: el&hellip;  <a href=\"https:\/\/agora.xtec.cat\/escoladelaconcepcio\/lescola\/\" title=\"Read L&#8217;escola\">Llegeix m\u00e9s\u00bb<\/a><\/p>\n","protected":false},"author":1,"featured_media":0,"parent":0,"menu_order":0,"comment_status":"closed","ping_status":"closed","template":"page-templates\/side-menu.php","meta":{"_bbp_topic_count":0,"_bbp_reply_count":0,"_bbp_total_topic_count":0,"_bbp_total_reply_count":0,"_bbp_voice_count":0,"_bbp_anonymous_reply_count":0,"_bbp_topic_count_hidden":0,"_bbp_reply_count_hidden":0,"_bbp_forum_subforum_count":0,"footnotes":""},"class_list":["post-22","page","type-page","status-publish","hentry"],"post_mailing_queue_ids":[],"_links":{"self":[{"href":"https:\/\/agora.xtec.cat\/escoladelaconcepcio\/wp-json\/wp\/v2\/pages\/22","targetHints":{"allow":["GET"]}}],"collection":[{"href":"https:\/\/agora.xtec.cat\/escoladelaconcepcio\/wp-json\/wp\/v2\/pages"}],"about":[{"href":"https:\/\/agora.xtec.cat\/escoladelaconcepcio\/wp-json\/wp\/v2\/types\/page"}],"author":[{"embeddable":true,"href":"https:\/\/agora.xtec.cat\/escoladelaconcepcio\/wp-json\/wp\/v2\/users\/1"}],"replies":[{"embeddable":true,"href":"https:\/\/agora.xtec.cat\/escoladelaconcepcio\/wp-json\/wp\/v2\/comments?post=22"}],"version-history":[{"count":3,"href":"https:\/\/agora.xtec.cat\/escoladelaconcepcio\/wp-json\/wp\/v2\/pages\/22\/revisions"}],"predecessor-version":[{"id":455,"href":"https:\/\/agora.xtec.cat\/escoladelaconcepcio\/wp-json\/wp\/v2\/pages\/22\/revisions\/455"}],"wp:attachment":[{"href":"https:\/\/agora.xtec.cat\/escoladelaconcepcio\/wp-json\/wp\/v2\/media?parent=22"}],"curies":[{"name":"wp","href":"https:\/\/api.w.org\/{rel}","templated":true}]}}

<h4>Cent anys d&#8217;història</h4>
<p>FA MOLTS ANYS&#8230; al 1891, es va crear una escola de pàrvuls en una illa de l’Eixample. Al seu costat hi havia el Mercat de la Concepció, la Tinència d’Alcaldia (avui, Consell de Districte) i el conservatori Superior de Música.</p>
<p>Encara hi són: el mercat, el consell, el conservatori i l’escola.</p>
<p>És la nostra escola, una escola centenària que ha estat testimoni de l’evolució social, dels esdeveniments històrics i dels moviments pedagògics de Catalunya i que —encara que ha passat per moltes i diverses circumstàncies i ha tingut moltes denominacions— ha fet prevaler el nom de la Concepció com un element d’identificació amb el barri.</p>
<p>L’Escola de la Concepció és una escola pública, oberta, plural, democràtica, laica, catalana i respectuosa amb les respectives llengües de l&#8217;alumnat; una escola de formació integral i, també, una escola petita i per tant familiar, entranyable, solidària i d’aprenentatge recíproc: entre tots fem escola, entre tots fem persones i entre tots fem convivència i tolerància.</p>
<p>La nostra escola és una escola d&#8217;educació infantil i primària, des de P3 fins a 6è d&#8217;ESO, d&#8217;una sola línia, on l&#8217;ensenyament de la música s&#8217;intensifica, conviu i s&#8217;interrelaciona amb les altres matèries curriculars, fet que li dóna singularitat.</p>
<h4>Projecte educatiu</h4>
<h5>Una escola oberta</h5>
<p>La nostra pedagogia és integradora i incorpora la col·laboració  de les famílies i de les institucions culturals i socials de l’entorn.</p>
<h5>Una educació integral</h5>
<p>Entenem l’educació com un procés que comprèn els diferents aspectes que integren la personalitat de l’alumne ique l’ajuda a desenvolupar les seves potencialitats cognitives, físiques i afectives. Fomentem una educació basada en el respecte a un mateix i als altres.</p>
<h5>Una educació en els valors democràtics</h5>
<p>L’escola treballa per integrar els nens i nenes en una societat plural, i fomenta l’educació en els valors de la tolerància, la solidaritat i de tots els que caracteritzen una societat democràtica. La escola es declara laica.</p>
<h5>Una escola catalana</h5>
<p>L’Escola utilitza el català com a llengua vehicular i d’aprenentatge en l’àmbit escolar, i treballa perquè l’alumnat conegui i respecti la realitat social catalana. L’Escola integra totes les persones pertanyents a d’altres identitats culturals i lingüístiques, i garanteix a l’alumnat de parla no catalana el respecte per la seva llengua.</p>
<h5>Una escola respectuosa amb la diversitat</h5>
<p>L’escola assumeix els diferents ritmes evolutius i capacitats de l&#8217;alumnat personalitzant l’acció educativa, i treballa en la integració de l’alumnat amb dificultats sensorials, físiques,psíquiques, socials o culturals.</p>
<h5>Una escola que educa en la igualtat</h5>
<p>Entenem que és funció de l’escola educar noies i nois en la igualtat de drets i deures, tot acceptant les diferències però treballant per a la superació de mites, tabús i diferenciació de rols assignats històricament a la dona i a l’home.</p>
<h5>Una escola democràtica i participativa</h5>
<p>La gestió de l’escola és democràtica i participativa. Els diversos sectors de la comunitat educativa prenen part en els diferents òrgans de govern que preveuen les lleis orgàniques corresponents.</p>
<h4>Equipaments</h4>
<ul>
<li>Menjador</li>
<li>Sala de descans (P3)</li>
<li>Gimnàs</li>
<li>Sala de psicomotricitat</li>
</ul>
<ul>
<li>3 aules de música i dansa</li>
<li>Laboratori de ciències</li>
<li>Biblioteca</li>
</ul>
<ul>
<li>2 patis</li>
<li>Pista poliesportiva amb vestidors</li>
<li>Aula d’informàtica amb estació meteorològica</li>
</ul>

<p>Cent anys d&#8217;història<br />
FA MOLTS ANYS&#8230; al 1891, es va crear una escola de pàrvuls en una illa de l’Eixample. Al seu costat hi havia el Mercat de la Concepció, la Tinència d’Alcaldia (avui, Consell de Districte) i el conservatori Superior de Música.<br />
Encara hi són: el&hellip;  <a href="https://agora.xtec.cat/escoladelaconcepcio/lescola/" title="Read L&#8217;escola">Llegeix més»</a></p>
