{"id":32,"date":"2014-09-18T12:31:33","date_gmt":"2014-09-18T11:31:33","guid":{"rendered":"http:\/\/agora.xtec.cat\/escoladecalders\/?page_id=32"},"modified":"2021-05-21T02:31:29","modified_gmt":"2021-05-21T00:31:29","slug":"calendari-del-curs","status":"publish","type":"page","link":"https:\/\/agora.xtec.cat\/escoladecalders\/lescola\/calendari-del-curs\/","title":{"rendered":"Calendari del curs"},"content":{"rendered":"<h4><strong>Inici de curs:<\/strong><\/h4>\n<p>14-9-20<\/p>\n<h4><strong>Vacances:<\/strong><\/h4>\n<p>Del 22 de desembre de 2020 al 8 de gener de 2021\u00a0 (ambd\u00f3s inclosos)<\/p>\n<p>Del 27 de mar\u00e7 al 5 d\u2019abril de 2021 (ambd\u00f3s inclosos)<\/p>\n<p>A partir del 23 de juny vacances d&#8217;estiu<\/p>\n<p><strong>JORNADA COMPACTADA<\/strong><\/p>\n<p>A partir del\u00a0 7 de juny de 2021 fins a final de curs &#8211; JORNADA INTENSIVA (nom\u00e9s matins de 8:30 a 13h. Els alumnes que utilitzen el servei de menjador surten a les 15:00h.)<\/p>\n<h4><strong>Dies festius de lliure disposici\u00f3:<\/strong><\/h4>\n<p style=\"font-weight: 400;\">2 de novembre de 2020<\/p>\n<p style=\"font-weight: 400;\">7 de desembre de 2020<\/p>\n<p style=\"font-weight: 400;\">22 de febrer de 2021<\/p>\n<p style=\"font-weight: 400;\">30 d&#8217;abril de 2021<\/p>\n<p>Per als alumnes que inicien l\u2019escolaritzaci\u00f3 a P3 s\u2019organitza un breu per\u00edode d\u2019adaptaci\u00f3 que suposa una certa modificaci\u00f3 dels horaris dels dos primers dies de classe, i que es fa saber a les fam\u00edlies en les reunions pr\u00e8vies corresponents.<\/p>\n","protected":false},"excerpt":{"rendered":"<p>Inici de curs:<br \/>\n14-9-20<br \/>\nVacances:<br \/>\nDel 22 de desembre de 2020 al 8 de gener de 2021\u00a0 (ambd\u00f3s inclosos)<br \/>\nDel 27 de mar\u00e7 al 5 d\u2019abril de 2021 (ambd\u00f3s inclosos)<br \/>\nA partir del 23 de juny vacances d&#8217;estiu<br \/>\nJORNADA COMPACTADA<br \/>\nA partir del\u00a0 7 de juny de 2021 fins a final de&hellip;  <a href=\"https:\/\/agora.xtec.cat\/escoladecalders\/lescola\/calendari-del-curs\/\" title=\"Read Calendari del curs\">Llegeix m\u00e9s\u00bb<\/a><\/p>\n","protected":false},"author":1,"featured_media":0,"parent":22,"menu_order":50,"comment_status":"closed","ping_status":"closed","template":"page-templates\/side-menu.php","meta":{"_bbp_topic_count":0,"_bbp_reply_count":0,"_bbp_total_topic_count":0,"_bbp_total_reply_count":0,"_bbp_voice_count":0,"_bbp_anonymous_reply_count":0,"_bbp_topic_count_hidden":0,"_bbp_reply_count_hidden":0,"_bbp_forum_subforum_count":0,"footnotes":""},"class_list":["post-32","page","type-page","status-publish","hentry"],"post_mailing_queue_ids":[],"_links":{"self":[{"href":"https:\/\/agora.xtec.cat\/escoladecalders\/wp-json\/wp\/v2\/pages\/32","targetHints":{"allow":["GET"]}}],"collection":[{"href":"https:\/\/agora.xtec.cat\/escoladecalders\/wp-json\/wp\/v2\/pages"}],"about":[{"href":"https:\/\/agora.xtec.cat\/escoladecalders\/wp-json\/wp\/v2\/types\/page"}],"author":[{"embeddable":true,"href":"https:\/\/agora.xtec.cat\/escoladecalders\/wp-json\/wp\/v2\/users\/1"}],"replies":[{"embeddable":true,"href":"https:\/\/agora.xtec.cat\/escoladecalders\/wp-json\/wp\/v2\/comments?post=32"}],"version-history":[{"count":2,"href":"https:\/\/agora.xtec.cat\/escoladecalders\/wp-json\/wp\/v2\/pages\/32\/revisions"}],"predecessor-version":[{"id":1230,"href":"https:\/\/agora.xtec.cat\/escoladecalders\/wp-json\/wp\/v2\/pages\/32\/revisions\/1230"}],"up":[{"embeddable":true,"href":"https:\/\/agora.xtec.cat\/escoladecalders\/wp-json\/wp\/v2\/pages\/22"}],"wp:attachment":[{"href":"https:\/\/agora.xtec.cat\/escoladecalders\/wp-json\/wp\/v2\/media?parent=32"}],"curies":[{"name":"wp","href":"https:\/\/api.w.org\/{rel}","templated":true}]}}