{"id":275,"date":"2015-07-16T15:22:58","date_gmt":"2015-07-16T13:22:58","guid":{"rendered":"http:\/\/agora.xtec.cat\/escoladebosc\/?page_id=275"},"modified":"2016-12-20T11:50:28","modified_gmt":"2016-12-20T10:50:28","slug":"reutilitzacio-llibres-de-text","status":"publish","type":"page","link":"https:\/\/agora.xtec.cat\/escoladebosc\/ampa\/reutilitzacio-llibres-de-text\/","title":{"rendered":"Reutilitzaci\u00f3 llibres de text"},"content":{"rendered":"<p><img loading=\"lazy\" decoding=\"async\" class=\"alignleft size-medium wp-image-382\" src=\"http:\/\/agora.xtec.cat\/escoladebosc\/wp-content\/uploads\/usu454\/2015\/08\/Llibres04-300x199.jpg\" alt=\"Llibres04\" width=\"300\" height=\"199\" srcset=\"https:\/\/agora.xtec.cat\/escoladebosc\/wp-content\/uploads\/usu454\/2015\/08\/Llibres04-300x199.jpg 300w, https:\/\/agora.xtec.cat\/escoladebosc\/wp-content\/uploads\/usu454\/2015\/08\/Llibres04.jpg 1024w\" sizes=\"auto, (max-width: 300px) 100vw, 300px\" \/>Des del punt de vista de l\u2019educaci\u00f3 en valors volem transmetre als nostres alumnes actituds positives i valors fonamentals. La conservaci\u00f3 responsable dels llibres de text i el material d\u2019\u00fas com\u00fa els permet aprendre a compartir els recursos disponibles.<\/p>\n<p>Amb aquesta iniciativa volem: Fomentar el valor de la responsabilitat i la cura del material complementari, promovent la cultura del reciclatge i la reutilitzaci\u00f3 dels recursos;\u00a0 educar des de la pr\u00e0ctica en el consum racional i sostenible, i per a l\u2019estalvi ecol\u00f2gic i econ\u00f2mic; reduir la despesa econ\u00f2mica que les fam\u00edlies tenen a l\u2019inici del curs escolar per l\u2019adquisici\u00f3 dels llibres de text, afavorint la cohesi\u00f3 social i l\u2019equitat educativa per garantir la igualtat en les condicions d\u2019escolaritzaci\u00f3 a tot l\u2019alumnat.<\/p>\n<p>Trobareu m\u00e9s informaci\u00f3 a la <a href=\"http:\/\/ampaescoladeboscmontjuic.org\/socialitzacio-llibres\/\" target=\"_blank\">web <\/a>de l\u2019AMPA<\/p>\n<p><strong>Contacte<\/strong>:\u00a0<a href=\"mailto:%20ampaescolaboscmontjuic@gmail.com\">ampaescolaboscmontjuic@gmail.com<\/a><\/p>\n","protected":false},"excerpt":{"rendered":"<p>Des del punt de vista de l\u2019educaci\u00f3 en valors volem transmetre als nostres alumnes actituds positives i valors fonamentals. La conservaci\u00f3 responsable dels llibres de text i el material d\u2019\u00fas com\u00fa els permet aprendre a compartir els recursos disponibles.<br \/>\nAmb aquesta iniciativa volem: Fomentar el valor&hellip;  <a href=\"https:\/\/agora.xtec.cat\/escoladebosc\/ampa\/reutilitzacio-llibres-de-text\/\" title=\"Read Reutilitzaci\u00f3 llibres de text\">Llegeix m\u00e9s\u00bb<\/a><\/p>\n","protected":false},"author":1,"featured_media":0,"parent":66,"menu_order":40,"comment_status":"closed","ping_status":"closed","template":"page-templates\/side-menu.php","meta":{"_bbp_topic_count":0,"_bbp_reply_count":0,"_bbp_total_topic_count":0,"_bbp_total_reply_count":0,"_bbp_voice_count":0,"_bbp_anonymous_reply_count":0,"_bbp_topic_count_hidden":0,"_bbp_reply_count_hidden":0,"_bbp_forum_subforum_count":0,"footnotes":""},"class_list":["post-275","page","type-page","status-publish","hentry"],"post_mailing_queue_ids":[],"_links":{"self":[{"href":"https:\/\/agora.xtec.cat\/escoladebosc\/wp-json\/wp\/v2\/pages\/275","targetHints":{"allow":["GET"]}}],"collection":[{"href":"https:\/\/agora.xtec.cat\/escoladebosc\/wp-json\/wp\/v2\/pages"}],"about":[{"href":"https:\/\/agora.xtec.cat\/escoladebosc\/wp-json\/wp\/v2\/types\/page"}],"author":[{"embeddable":true,"href":"https:\/\/agora.xtec.cat\/escoladebosc\/wp-json\/wp\/v2\/users\/1"}],"replies":[{"embeddable":true,"href":"https:\/\/agora.xtec.cat\/escoladebosc\/wp-json\/wp\/v2\/comments?post=275"}],"version-history":[{"count":3,"href":"https:\/\/agora.xtec.cat\/escoladebosc\/wp-json\/wp\/v2\/pages\/275\/revisions"}],"predecessor-version":[{"id":891,"href":"https:\/\/agora.xtec.cat\/escoladebosc\/wp-json\/wp\/v2\/pages\/275\/revisions\/891"}],"up":[{"embeddable":true,"href":"https:\/\/agora.xtec.cat\/escoladebosc\/wp-json\/wp\/v2\/pages\/66"}],"wp:attachment":[{"href":"https:\/\/agora.xtec.cat\/escoladebosc\/wp-json\/wp\/v2\/media?parent=275"}],"curies":[{"name":"wp","href":"https:\/\/api.w.org\/{rel}","templated":true}]}}