{"id":267,"date":"2015-07-16T15:20:45","date_gmt":"2015-07-16T13:20:45","guid":{"rendered":"http:\/\/agora.xtec.cat\/escoladebosc\/?page_id=267"},"modified":"2016-12-20T11:51:37","modified_gmt":"2016-12-20T10:51:37","slug":"relacio-familia-escola","status":"publish","type":"page","link":"https:\/\/agora.xtec.cat\/escoladebosc\/projecte-educatiu\/relacio-familia-escola\/","title":{"rendered":"Relaci\u00f3 familia-escola"},"content":{"rendered":"<p style=\"text-align: justify;\">Fam\u00edlia i escola formen un t\u00e0ndem en la funci\u00f3 educativa dels nostres alumnes.<\/p>\n<p style=\"text-align: justify;\">En el moment en que l\u2019alumne arriba a l\u2019escola ho fa amb un bagatge educatiu familiar i amb unes condicions que el situen en una posici\u00f3 concreta davant l\u2019aprenentatge. La col\u00b7laboraci\u00f3 de la fam\u00edlia amb l\u2019escola, com a m\u00e0xima coneixedora de la individualitat dels seus fills i filles, obre un ventall d\u2019oportunitats en els processos escolars que l\u2019escola no pot desaprofitar. Per aquest motiu, \u00e9s necessari que escola i fam\u00edlia treballin plegats amb un objectiu com\u00fa: l\u2019\u00e8xit educatiu. Junts hem de ser capa\u00e7os de donar coher\u00e8ncia i complementarietat a la tasca educadora.<\/p>\n<p style=\"text-align: justify;\">L\u2019escola t\u00e9 diferents vies que garanteixen aquesta interacci\u00f3 i cooperaci\u00f3:<\/p>\n<ul style=\"text-align: justify;\">\n<li>Jornades de portes obertes on s\u2019at\u00e9n en petits grups a les fam\u00edlies interessades en matricular els seus fills\/es al Centre.<\/li>\n<li>Entrevistes individuals de la tutora amb els pares i \/o mares dels alumnes que inicien l\u2019escolaritat a P-3 abans de comen\u00e7ar el curs.<\/li>\n<li>Reunions de grup, un cop iniciat el curs, per con\u00e8ixer i informar de com, qu\u00e8 i quan es treballaran els diferents continguts del curr\u00edculum.<\/li>\n<li>Entrevistes individuals de la tutora amb cadascuna de les fam\u00edlies del grup com a m\u00ednim un cop cada curs i\/o les vegades que es consideri necessari.<\/li>\n<li>Intercanvis via mail, notes a l\u2019agenda o tel\u00e8fon per informar, notificar o plantejar alguna q\u00fcesti\u00f3 urgent o molt concreta.<\/li>\n<\/ul>\n<p style=\"text-align: justify;\">\r\n\t<div class=\"slideshow_container slideshow_container_style-light\" style=\" \" data-slideshow-id=\"722\" data-style-name=\"style-light\" data-style-version=\"2.3.1\" >\r\n\r\n\t\t\t\t\t<div class=\"slideshow_loading_icon\"><\/div>\r\n\t\t\r\n\t\t<div class=\"slideshow_content\" style=\"display: none;\">\r\n\r\n\t\t\t<div class=\"slideshow_view\">\r\n\t\t\t\t<div class=\"slideshow_slide slideshow_slide_image\">\r\n\t\t\t\t\t<a href=\"http:\/\/agora.xtec.cat\/escoladebosc\/wp-content\/uploads\/usu454\/2015\/09\/pati.jpg\" target=\"_blank\" >\t\t\t\t\t\t<img src=\"https:\/\/agora.xtec.cat\/escoladebosc\/wp-content\/uploads\/usu454\/2015\/09\/pati.jpg\" alt=\"festa familias\" width=\"960\" height=\"960\" \/>\r\n\t\t\t\t\t<\/a>\t\t\t\t\t<div class=\"slideshow_description_box slideshow_transparent\">\r\n\t\t\t\t\t\t<div class=\"slideshow_title\"><a href=\"http:\/\/agora.xtec.cat\/escoladebosc\/wp-content\/uploads\/usu454\/2015\/09\/pati.jpg\" target=\"_blank\" >festa familias<\/a><\/div>\t\t\t\t\t\t\t\t\t\t\t<\/div>\r\n\t\t\t\t<\/div>\r\n\r\n\t\t\t\t\t\t\r\n\t\t\t\t<div class=\"slideshow_slide slideshow_slide_image\">\r\n\t\t\t\t\t<a href=\"http:\/\/agora.xtec.cat\/escoladebosc\/wp-content\/uploads\/usu454\/2015\/07\/IMG_5034.jpg\" target=\"_blank\" >\t\t\t\t\t\t<img src=\"https:\/\/agora.xtec.cat\/escoladebosc\/wp-content\/uploads\/usu454\/2015\/07\/IMG_5034.jpg\" alt=\"families\" width=\"1600\" height=\"1200\" \/>\r\n\t\t\t\t\t<\/a>\t\t\t\t\t<div class=\"slideshow_description_box slideshow_transparent\">\r\n\t\t\t\t\t\t<div class=\"slideshow_title\"><a href=\"http:\/\/agora.xtec.cat\/escoladebosc\/wp-content\/uploads\/usu454\/2015\/07\/IMG_5034.jpg\" target=\"_blank\" >families<\/a><\/div>\t\t\t\t\t\t\t\t\t\t\t<\/div>\r\n\t\t\t\t<\/div>\r\n\r\n\t\t\t\t\t\t<div style=\"clear: both;\"><\/div><\/div><div class=\"slideshow_view\">\r\n\t<div class=\"slideshow_slide slideshow_slide_text\" style=\"background-color: #1e73be;\">\r\n\t\t\t\t<div class=\"slideshow_title\" style=\"color: #ffffff;\">\r\n\t\t\t\t\t\t\tEscola de Bosc\t\t\t\t\t<\/div>\r\n\t\t\r\n\t\t\t\t<div class=\"slideshow_description\" style=\"color: #ffffff;\">\r\n\t\t\t\t\t\t\tUna Escola petita, d\u2019una l\u00ednia, acollidora i familiar.\t\t\t\t\t<\/div>\r\n\t\t\r\n\t\t<a  class=\"slideshow_background_anchor\"><\/a>\r\n\t<\/div>\r\n<div style=\"clear: both;\"><\/div><\/div>\r\n\t\t<\/div>\r\n\r\n\t\t<div class=\"slideshow_controlPanel slideshow_transparent\" style=\"display: none;\"><ul><li class=\"slideshow_togglePlay\" data-play-text=\"Visualitza\" data-pause-text=\"Pausa\"><\/li><\/ul><\/div>\r\n\r\n\t\t<div class=\"slideshow_button slideshow_previous slideshow_transparent\" role=\"button\" data-previous-text=\"Anterior\" style=\"display: none;\"><\/div>\r\n\t\t<div class=\"slideshow_button slideshow_next slideshow_transparent\" role=\"button\" data-next-text=\"Seg\u00fcent\" style=\"display: none;\"><\/div>\r\n\r\n\t\t<div class=\"slideshow_pagination\" style=\"display: none;\" data-go-to-text=\"V\u00e9s a la diapositiva\"><div class=\"slideshow_pagination_center\"><\/div><\/div>\r\n\r\n\t\t<!-- WordPress Slideshow Version 2.3.1 -->\r\n\r\n\t\t\t<\/div>\r\n\r\n<\/p>\n<p style=\"text-align: justify;\">Dins un car\u00e0cter m\u00e9s general, l\u2019escola tamb\u00e9 obre les seves portes a les fam\u00edlies diverses vegades al llarg del curs amb l\u2019objectiu de compartir celebracions i actes culturals importants (Carnaval, Sant Jordi,&#8230;).<\/p>\n<p style=\"text-align: justify;\">La junta de l&#8217;AMPA i l&#8217;Equip Directiu de l&#8217;Escola es reuneixen peri\u00f2dicament per tractar tant de les inquietuds de les fam\u00edlies com d&#8217;aspectes organitzatius.<\/p>\n<p style=\"text-align: justify;\">Tanmateix, l\u2019escola remet a les fam\u00edlies informaci\u00f3 constant sobre els projectes de centre i, quan \u00e9s possible, la forma com hi poden participar.<\/p>\n","protected":false},"excerpt":{"rendered":"<p>Fam\u00edlia i escola formen un t\u00e0ndem en la funci\u00f3 educativa dels nostres alumnes.<br \/>\nEn el moment en que l\u2019alumne arriba a l\u2019escola ho fa amb un bagatge educatiu familiar i amb unes condicions que el situen en una posici\u00f3 concreta davant l\u2019aprenentatge. La col\u00b7laboraci\u00f3 de la&hellip;  <a href=\"https:\/\/agora.xtec.cat\/escoladebosc\/projecte-educatiu\/relacio-familia-escola\/\" title=\"Read Relaci\u00f3 familia-escola\">Llegeix m\u00e9s\u00bb<\/a><\/p>\n","protected":false},"author":1,"featured_media":0,"parent":64,"menu_order":5,"comment_status":"closed","ping_status":"closed","template":"page-templates\/side-menu.php","meta":{"_bbp_topic_count":0,"_bbp_reply_count":0,"_bbp_total_topic_count":0,"_bbp_total_reply_count":0,"_bbp_voice_count":0,"_bbp_anonymous_reply_count":0,"_bbp_topic_count_hidden":0,"_bbp_reply_count_hidden":0,"_bbp_forum_subforum_count":0,"footnotes":""},"class_list":["post-267","page","type-page","status-publish","hentry"],"post_mailing_queue_ids":[],"_links":{"self":[{"href":"https:\/\/agora.xtec.cat\/escoladebosc\/wp-json\/wp\/v2\/pages\/267","targetHints":{"allow":["GET"]}}],"collection":[{"href":"https:\/\/agora.xtec.cat\/escoladebosc\/wp-json\/wp\/v2\/pages"}],"about":[{"href":"https:\/\/agora.xtec.cat\/escoladebosc\/wp-json\/wp\/v2\/types\/page"}],"author":[{"embeddable":true,"href":"https:\/\/agora.xtec.cat\/escoladebosc\/wp-json\/wp\/v2\/users\/1"}],"replies":[{"embeddable":true,"href":"https:\/\/agora.xtec.cat\/escoladebosc\/wp-json\/wp\/v2\/comments?post=267"}],"version-history":[{"count":3,"href":"https:\/\/agora.xtec.cat\/escoladebosc\/wp-json\/wp\/v2\/pages\/267\/revisions"}],"predecessor-version":[{"id":724,"href":"https:\/\/agora.xtec.cat\/escoladebosc\/wp-json\/wp\/v2\/pages\/267\/revisions\/724"}],"up":[{"embeddable":true,"href":"https:\/\/agora.xtec.cat\/escoladebosc\/wp-json\/wp\/v2\/pages\/64"}],"wp:attachment":[{"href":"https:\/\/agora.xtec.cat\/escoladebosc\/wp-json\/wp\/v2\/media?parent=267"}],"curies":[{"name":"wp","href":"https:\/\/api.w.org\/{rel}","templated":true}]}}