{"id":236,"date":"2015-07-16T15:03:35","date_gmt":"2015-07-16T13:03:35","guid":{"rendered":"http:\/\/agora.xtec.cat\/escoladebosc\/?page_id=236"},"modified":"2025-10-06T14:51:26","modified_gmt":"2025-10-06T12:51:26","slug":"equip","status":"publish","type":"page","link":"https:\/\/agora.xtec.cat\/escoladebosc\/curs\/equip\/","title":{"rendered":"Equip Pedag\u00f2gic 2025-26"},"content":{"rendered":"<p><a href=\"http:\/\/agora.xtec.cat\/escoladebosc\/wp-content\/uploads\/usu454\/2015\/08\/llapis.jpg\"><img loading=\"lazy\" decoding=\"async\" class=\" size-medium wp-image-377 alignleft\" src=\"http:\/\/agora.xtec.cat\/escoladebosc\/wp-content\/uploads\/usu454\/2015\/08\/llapis-300x200.jpg\" alt=\"llapis\" width=\"300\" height=\"200\" srcset=\"https:\/\/agora.xtec.cat\/escoladebosc\/wp-content\/uploads\/usu454\/2015\/08\/llapis-300x200.jpg 300w, https:\/\/agora.xtec.cat\/escoladebosc\/wp-content\/uploads\/usu454\/2015\/08\/llapis.jpg 1024w\" sizes=\"auto, (max-width: 300px) 100vw, 300px\" \/><\/a><\/p>\n<p>&nbsp;<\/p>\n<p>&nbsp;<\/p>\n<p>&nbsp;<\/p>\n<p>&nbsp;<\/p>\n<p>&nbsp;<\/p>\n<h3><strong>Equip Directiu:<\/strong><\/h3>\n<p>Directora: N\u00faria E.<\/p>\n<p>Cap d\u2019Estudis: M\u00f2nica B.<\/p>\n<p>Secret\u00e0ria Acad\u00e8mica: Isa M.<\/p>\n<p>&nbsp;<\/p>\n<h3><strong>Equip Educaci\u00f3 Infantil:<\/strong><\/h3>\n<p>Tutora de\u00a0 I3: S\u00edlvia T.<\/p>\n<p>TEI (I3): Trini A.<\/p>\n<p>Tutora de I4: Carolina T.<\/p>\n<p>Tutora de I5: Elena P.<\/p>\n<p>Suport: Isa M.<\/p>\n<p>&nbsp;<\/p>\n<h3><strong>Equip Educaci\u00f3 Prim\u00e0ria:<\/strong><\/h3>\n<p>Tutora de 1r : N\u00faria M.<\/p>\n<p>Tutora de 2n A: Lorena U.<\/p>\n<p>Tutora de 3r: Esther V.<\/p>\n<p>Tutora de 4t : Laia S.<\/p>\n<p>Tutora de 5\u00e8 A : Yolanda R.<\/p>\n<p>Tutora de 5\u00e8:\u00a0 Cl\u00e0udia M.<\/p>\n<p>Tutora de 6\u00e8: Marta J.<\/p>\n<p>Compet\u00e8ncia digital i Suport: Siham A.<\/p>\n<p>Biblioteca i suport: Ariadna C.<\/p>\n<p>&nbsp;<\/p>\n<p><strong>Especialistes:<\/strong><\/p>\n<p>M\u00fasica: Guillem L.<\/p>\n<p>Ed. F\u00edsica: Sergi L.<\/p>\n<p>Angl\u00e8s a prim\u00e0ria: Ant\u00f2nia A.<\/p>\n<p>Angl\u00e8s a infantil: Naiara A.<\/p>\n<p>MESI: M\u00f2nica B. i Montse C.<\/p>\n<p>Aula d&#8217;Acollida: Siham A.<\/p>\n<p>&nbsp;<\/p>\n<p><strong>Coordinacions:<\/strong><\/p>\n<p>Infantil: Elena P.<\/p>\n<p>Prim\u00e0ria: Marta J.<\/p>\n<p>ELIC: Yolanda R.<\/p>\n<p>Riscos Laborals: Sergi L.<\/p>\n<p>Digital: Esther V.<\/p>\n<p>COCOBE: Sergi L.<\/p>\n<p>&nbsp;<\/p>\n<p><strong>Personal PAS:\u00a0<\/strong><\/p>\n<p>Administrativa: N\u00faria D.<\/p>\n<p>Conserges: David F. i Fani L.<\/p>\n<p>&nbsp;<\/p>\n","protected":false},"excerpt":{"rendered":"<p><a href=\"http:\/\/agora.xtec.cat\/escoladebosc\/wp-content\/uploads\/usu454\/2015\/08\/llapis.jpg\"><\/a><br \/>\n&nbsp;<br \/>\n&nbsp;<br \/>\n&nbsp;<br \/>\n&nbsp;<br \/>\n&nbsp;<br \/>\nEquip Directiu:<br \/>\nDirectora: N\u00faria E.<br \/>\nCap d\u2019Estudis: M\u00f2nica B.<br \/>\nSecret\u00e0ria Acad\u00e8mica: Isa M.<br \/>\n&nbsp;<br \/>\nEquip Educaci\u00f3 Infantil:<br \/>\nTutora de\u00a0 I3: S\u00edlvia T.<br \/>\nTEI (I3): Trini A.<br \/>\nTutora de I4: Carolina T.<br \/>\nTutora de I5: Elena P.<br \/>\nSuport: Isa M.<br \/>\n&nbsp;<br \/>\nEquip Educaci\u00f3 Prim\u00e0ria:<br \/>\nTutora de 1r : N\u00faria M.<br \/>\nTutora de 2n A: Lorena U.<br \/>\nTutora de 3r: Esther&hellip;  <a href=\"https:\/\/agora.xtec.cat\/escoladebosc\/curs\/equip\/\" title=\"Read Equip Pedag\u00f2gic 2025-26\">Llegeix m\u00e9s\u00bb<\/a><\/p>\n","protected":false},"author":1,"featured_media":0,"parent":234,"menu_order":0,"comment_status":"closed","ping_status":"closed","template":"page-templates\/side-menu.php","meta":{"_bbp_topic_count":0,"_bbp_reply_count":0,"_bbp_total_topic_count":0,"_bbp_total_reply_count":0,"_bbp_voice_count":0,"_bbp_anonymous_reply_count":0,"_bbp_topic_count_hidden":0,"_bbp_reply_count_hidden":0,"_bbp_forum_subforum_count":0,"footnotes":""},"class_list":["post-236","page","type-page","status-publish","hentry"],"post_mailing_queue_ids":[],"_links":{"self":[{"href":"https:\/\/agora.xtec.cat\/escoladebosc\/wp-json\/wp\/v2\/pages\/236","targetHints":{"allow":["GET"]}}],"collection":[{"href":"https:\/\/agora.xtec.cat\/escoladebosc\/wp-json\/wp\/v2\/pages"}],"about":[{"href":"https:\/\/agora.xtec.cat\/escoladebosc\/wp-json\/wp\/v2\/types\/page"}],"author":[{"embeddable":true,"href":"https:\/\/agora.xtec.cat\/escoladebosc\/wp-json\/wp\/v2\/users\/1"}],"replies":[{"embeddable":true,"href":"https:\/\/agora.xtec.cat\/escoladebosc\/wp-json\/wp\/v2\/comments?post=236"}],"version-history":[{"count":6,"href":"https:\/\/agora.xtec.cat\/escoladebosc\/wp-json\/wp\/v2\/pages\/236\/revisions"}],"predecessor-version":[{"id":22257,"href":"https:\/\/agora.xtec.cat\/escoladebosc\/wp-json\/wp\/v2\/pages\/236\/revisions\/22257"}],"up":[{"embeddable":true,"href":"https:\/\/agora.xtec.cat\/escoladebosc\/wp-json\/wp\/v2\/pages\/234"}],"wp:attachment":[{"href":"https:\/\/agora.xtec.cat\/escoladebosc\/wp-json\/wp\/v2\/media?parent=236"}],"curies":[{"name":"wp","href":"https:\/\/api.w.org\/{rel}","templated":true}]}}