{"id":10270,"date":"2019-09-04T15:04:23","date_gmt":"2019-09-04T13:04:23","guid":{"rendered":"http:\/\/agora.xtec.cat\/escolacongost\/?page_id=10270"},"modified":"2019-09-05T14:30:50","modified_gmt":"2019-09-05T12:30:50","slug":"carta-de-compromis-educatiu","status":"publish","type":"page","link":"https:\/\/agora.xtec.cat\/escolacongost\/carta-de-compromis-educatiu\/","title":{"rendered":"Carta de Comprom\u00eds Educatiu"},"content":{"rendered":"<p>La carta de comprom\u00eds educatiu \u00e9s un document que t\u00e9 com a finalitat potenciar la comunicaci\u00f3, la participaci\u00f3, la implicaci\u00f3, el comprom\u00eds i la corresponsabilitat entre els centres i les fam\u00edlies en l&#8217;educaci\u00f3 d&#8217;infants i joves.<\/p>\n<p>Per tant, la carta ha de contribuir, entre altres, als objectius seg\u00fcents:<\/p>\n<p>Compartir amb les fam\u00edlies els principis i els continguts del projecte educatiu del centre i, si escau, els projectes educatius de l&#8217;entorn.<br \/>\nMillorar la informaci\u00f3 i la comunicaci\u00f3 entre el centre i les fam\u00edlies.<br \/>\nFacilitar a les fam\u00edlies l&#8217;exercici dels seus drets i el compliment dels deures.<br \/>\nFomentar la conviv\u00e8ncia i el bon clima escolar.<br \/>\nCorresponsabilitzar el centre i la fam\u00edlia en l&#8217;\u00e8xit acad\u00e8mic, personal i social dels alumnes i tamb\u00e9 en el comprom\u00eds c\u00edvic dels infants i joves.<\/p>\n<p><a href=\"https:\/\/agora.xtec.cat\/escolacongost\/wp-content\/uploads\/usu96\/2019\/09\/CARTA-DE-COMPROMIS-EDUCATIUinfantil_WEB.pdf\" target=\"_blank\" rel=\"noopener noreferrer\">CARTA DE COMPROM\u00cdS EDUCATIU \u2013 EDUCACI\u00d3 INFANTIL<\/a><\/p>\n<p><a href=\"https:\/\/agora.xtec.cat\/escolacongost\/wp-content\/uploads\/usu96\/2019\/09\/CARTA-DE-COMPROMIS-EDUCATIUprim\u00e0ria_WEB.pdf\" target=\"_blank\" rel=\"noopener noreferrer\">CARTA DE COMPROM\u00cdS EDUCATIU \u2013 EDUCACI\u00d3 PRIM\u00c0RIA<\/a><\/p>\n","protected":false},"excerpt":{"rendered":"<p>La carta de comprom\u00eds educatiu \u00e9s un document que t\u00e9 com a finalitat potenciar la comunicaci\u00f3, la participaci\u00f3, la implicaci\u00f3, el comprom\u00eds i la corresponsabilitat entre els centres i les fam\u00edlies en l&#8217;educaci\u00f3 d&#8217;infants i joves. Per tant, la carta ha de contribuir, entre altres, als objectius seg\u00fcents: Compartir amb les fam\u00edlies els principis i [&hellip;]<\/p>\n","protected":false},"author":12,"featured_media":0,"parent":0,"menu_order":0,"comment_status":"closed","ping_status":"closed","template":"","meta":{"_bbp_topic_count":0,"_bbp_reply_count":0,"_bbp_total_topic_count":0,"_bbp_total_reply_count":0,"_bbp_voice_count":0,"_bbp_anonymous_reply_count":0,"_bbp_topic_count_hidden":0,"_bbp_reply_count_hidden":0,"_bbp_forum_subforum_count":0,"site-sidebar-layout":"default","site-content-layout":"","ast-site-content-layout":"","site-content-style":"default","site-sidebar-style":"default","ast-global-header-display":"","ast-banner-title-visibility":"","ast-main-header-display":"","ast-hfb-above-header-display":"","ast-hfb-below-header-display":"","ast-hfb-mobile-header-display":"","site-post-title":"","ast-breadcrumbs-content":"","ast-featured-img":"","footer-sml-layout":"","theme-transparent-header-meta":"","adv-header-id-meta":"","stick-header-meta":"","header-above-stick-meta":"","header-main-stick-meta":"","header-below-stick-meta":"","astra-migrate-meta-layouts":"default","ast-page-background-enabled":"default","ast-page-background-meta":{"desktop":{"background-color":"var(--ast-global-color-4)","background-image":"","background-repeat":"repeat","background-position":"center center","background-size":"auto","background-attachment":"scroll","background-type":"","background-media":"","overlay-type":"","overlay-color":"","overlay-opacity":"","overlay-gradient":""},"tablet":{"background-color":"","background-image":"","background-repeat":"repeat","background-position":"center center","background-size":"auto","background-attachment":"scroll","background-type":"","background-media":"","overlay-type":"","overlay-color":"","overlay-opacity":"","overlay-gradient":""},"mobile":{"background-color":"","background-image":"","background-repeat":"repeat","background-position":"center center","background-size":"auto","background-attachment":"scroll","background-type":"","background-media":"","overlay-type":"","overlay-color":"","overlay-opacity":"","overlay-gradient":""}},"ast-content-background-meta":{"desktop":{"background-color":"var(--ast-global-color-5)","background-image":"","background-repeat":"repeat","background-position":"center center","background-size":"auto","background-attachment":"scroll","background-type":"","background-media":"","overlay-type":"","overlay-color":"","overlay-opacity":"","overlay-gradient":""},"tablet":{"background-color":"var(--ast-global-color-5)","background-image":"","background-repeat":"repeat","background-position":"center center","background-size":"auto","background-attachment":"scroll","background-type":"","background-media":"","overlay-type":"","overlay-color":"","overlay-opacity":"","overlay-gradient":""},"mobile":{"background-color":"var(--ast-global-color-5)","background-image":"","background-repeat":"repeat","background-position":"center center","background-size":"auto","background-attachment":"scroll","background-type":"","background-media":"","overlay-type":"","overlay-color":"","overlay-opacity":"","overlay-gradient":""}},"footnotes":""},"class_list":["post-10270","page","type-page","status-publish","hentry"],"post_mailing_queue_ids":[],"_links":{"self":[{"href":"https:\/\/agora.xtec.cat\/escolacongost\/wp-json\/wp\/v2\/pages\/10270","targetHints":{"allow":["GET"]}}],"collection":[{"href":"https:\/\/agora.xtec.cat\/escolacongost\/wp-json\/wp\/v2\/pages"}],"about":[{"href":"https:\/\/agora.xtec.cat\/escolacongost\/wp-json\/wp\/v2\/types\/page"}],"author":[{"embeddable":true,"href":"https:\/\/agora.xtec.cat\/escolacongost\/wp-json\/wp\/v2\/users\/12"}],"replies":[{"embeddable":true,"href":"https:\/\/agora.xtec.cat\/escolacongost\/wp-json\/wp\/v2\/comments?post=10270"}],"version-history":[{"count":3,"href":"https:\/\/agora.xtec.cat\/escolacongost\/wp-json\/wp\/v2\/pages\/10270\/revisions"}],"predecessor-version":[{"id":10279,"href":"https:\/\/agora.xtec.cat\/escolacongost\/wp-json\/wp\/v2\/pages\/10270\/revisions\/10279"}],"wp:attachment":[{"href":"https:\/\/agora.xtec.cat\/escolacongost\/wp-json\/wp\/v2\/media?parent=10270"}],"curies":[{"name":"wp","href":"https:\/\/api.w.org\/{rel}","templated":true}]}}

Carta de Compromís Educatiu

<p>La carta de compromís educatiu és un document que té com a finalitat potenciar la comunicació, la participació, la implicació, el compromís i la corresponsabilitat entre els centres i les famílies en l&#8217;educació d&#8217;infants i joves.</p>
<p>Per tant, la carta ha de contribuir, entre altres, als objectius següents:</p>
<p>Compartir amb les famílies els principis i els continguts del projecte educatiu del centre i, si escau, els projectes educatius de l&#8217;entorn.<br />
Millorar la informació i la comunicació entre el centre i les famílies.<br />
Facilitar a les famílies l&#8217;exercici dels seus drets i el compliment dels deures.<br />
Fomentar la convivència i el bon clima escolar.<br />
Corresponsabilitzar el centre i la família en l&#8217;èxit acadèmic, personal i social dels alumnes i també en el compromís cívic dels infants i joves.</p>
<p><a href="https://agora.xtec.cat/escolacongost/wp-content/uploads/usu96/2019/09/CARTA-DE-COMPROMIS-EDUCATIUinfantil_WEB.pdf" target="_blank" rel="noopener noreferrer">CARTA DE COMPROMÍS EDUCATIU – EDUCACIÓ INFANTIL</a></p>
<p><a href="https://agora.xtec.cat/escolacongost/wp-content/uploads/usu96/2019/09/CARTA-DE-COMPROMIS-EDUCATIUprimària_WEB.pdf" target="_blank" rel="noopener noreferrer">CARTA DE COMPROMÍS EDUCATIU – EDUCACIÓ PRIMÀRIA</a></p>

<p>La carta de compromís educatiu és un document que té com a finalitat potenciar la comunicació, la participació, la implicació, el compromís i la corresponsabilitat entre els centres i les famílies en l&#8217;educació d&#8217;infants i joves. Per tant, la carta ha de contribuir, entre altres, als objectius següents: Compartir amb les famílies els principis i [&hellip;]</p>
