{"id":5680,"date":"2024-10-29T13:29:39","date_gmt":"2024-10-29T12:29:39","guid":{"rendered":"https:\/\/agora.xtec.cat\/escolaconcordia\/?page_id=5680"},"modified":"2024-11-07T10:48:01","modified_gmt":"2024-11-07T09:48:01","slug":"aquiproubullying","status":"publish","type":"page","link":"https:\/\/agora.xtec.cat\/escolaconcordia\/lescola\/projecte-educatiu\/aquiproubullying\/","title":{"rendered":"#AquiProuBullying"},"content":{"rendered":"<p>Fa uns cursos a l&#8217;escola vam iniciar la formaci\u00f3 en el programa #Aqu\u00edProuBullying amb l&#8217;objectiu d&#8217;establir un protocol d&#8217;actuaci\u00f3, constituir uns equips que vetllessin per la conviv\u00e8ncia i el benestar de la comunitat educativa, dissenyar una l\u00ednia metodol\u00f2gica de centre i sensibilitzar els infants sobre la import\u00e0ncia de l&#8217;educaci\u00f3 socioemocional.<\/p>\n<p>El programa posa a l&#8217;abast dels centre la formaci\u00f3, estrat\u00e8gies i recursos necessaris per elaborar un projecte de prevenci\u00f3, detecci\u00f3 i intervenci\u00f3 davant l&#8217;assetjament amb la participaci\u00f3 de tota la comunitat escolar, especialment de l&#8217;alumnat qui actua com a observador i agent actiu i comprom\u00e8s en la lluita contra l&#8217;assetjament alhora que adquireix les actituds i els valors propis de la compet\u00e8ncia social i ciutadana.<\/p>\n<p>Els objectius del programa s\u00f3n els seg\u00fcents:<\/p>\n<ul>\n<li>Implicar la comunitat escolar davant els casos d&#8217;assetjament.<\/li>\n<li>Potenciar el comprom\u00eds actiu de l&#8217;alumnat en la prevenci\u00f3 i detecci\u00f3 dels casos d&#8217;assetjament.<\/li>\n<li>Fomentar la gesti\u00f3 positiva dels conflictes.<\/li>\n<li>Contribuir al desenvolupament personal i social de l&#8217;alumnat.<\/li>\n<\/ul>\n<p>Una de les actuacions que se&#8217;n deriven del programa #aquiproubullying \u00e9s la creaci\u00f3 dels Equips per la Conviv\u00e8ncia.<\/p>\n<p><strong>Equips per la Conviv\u00e8ncia<\/strong><\/p>\n<p>Els Equips per la conviv\u00e8ncia s\u00f3n alumnes de 5\u00e8 de prim\u00e0ria que, dins del marc del programa #aquiproubullying, reben una formaci\u00f3 espec\u00edfica per contribuir en l\u2019estrat\u00e8gia de sensibilitzaci\u00f3 i d\u2019observaci\u00f3 conscient al centre educatiu, desenvolupant aix\u00ed una actitud prosocial i de corresponsabilitat en la millora de la conviv\u00e8ncia positiva.<\/p>\n<p>OBJECTIUS:<\/p>\n<ul>\n<li>Potenciar l\u2019observaci\u00f3 del benestar i les relacions.<\/li>\n<li>Empoderar a l\u2019alumnat en el seu paper en la promoci\u00f3 del benestar i la conviv\u00e8ncia positiva.<\/li>\n<li>Aconseguir, a trav\u00e9s de la sensibilitzaci\u00f3, el reconeixement de la figura dels ExC com a referents de confian\u00e7a entre iguals.<\/li>\n<li>Dotar d\u2019eines a l\u2019alumnat a fi de detectar i comunicar situacions de risc d\u2019assetjament i ciberassetjament escolar, aix\u00ed com altres tipus de viol\u00e8ncies.<\/li>\n<\/ul>\n<p>Els infants de cinqu\u00e8 estan molt motivats per aquesta tasca i ja han comen\u00e7at a treballar.<\/p>\n<p><a href=\"https:\/\/agora.xtec.cat\/escolaconcordia\/wp-content\/uploads\/usu2135\/2024\/11\/WhatsApp-Image-2024-11-04-at-18.12.59-COLLAGE.jpg\"><img loading=\"lazy\" decoding=\"async\" class=\"aligncenter size-large wp-image-5716\" src=\"https:\/\/agora.xtec.cat\/escolaconcordia\/wp-content\/uploads\/usu2135\/2024\/11\/WhatsApp-Image-2024-11-04-at-18.12.59-COLLAGE-1024x1024.jpg\" alt=\"\" width=\"1024\" height=\"1024\" srcset=\"https:\/\/agora.xtec.cat\/escolaconcordia\/wp-content\/uploads\/usu2135\/2024\/11\/WhatsApp-Image-2024-11-04-at-18.12.59-COLLAGE-1024x1024.jpg 1024w, https:\/\/agora.xtec.cat\/escolaconcordia\/wp-content\/uploads\/usu2135\/2024\/11\/WhatsApp-Image-2024-11-04-at-18.12.59-COLLAGE-300x300.jpg 300w, https:\/\/agora.xtec.cat\/escolaconcordia\/wp-content\/uploads\/usu2135\/2024\/11\/WhatsApp-Image-2024-11-04-at-18.12.59-COLLAGE-150x150.jpg 150w, https:\/\/agora.xtec.cat\/escolaconcordia\/wp-content\/uploads\/usu2135\/2024\/11\/WhatsApp-Image-2024-11-04-at-18.12.59-COLLAGE-768x768.jpg 768w, https:\/\/agora.xtec.cat\/escolaconcordia\/wp-content\/uploads\/usu2135\/2024\/11\/WhatsApp-Image-2024-11-04-at-18.12.59-COLLAGE-1536x1536.jpg 1536w, https:\/\/agora.xtec.cat\/escolaconcordia\/wp-content\/uploads\/usu2135\/2024\/11\/WhatsApp-Image-2024-11-04-at-18.12.59-COLLAGE.jpg 2047w\" sizes=\"auto, (max-width: 1024px) 100vw, 1024px\" \/><\/a><\/p>\n<p>&nbsp;<\/p>\n<p><strong>P\u00e0gines d&#8217;inter\u00e8s:<\/strong><\/p>\n<p>Aqu\u00ed podeu consultar el projecte de l&#8217;escola:<\/p>\n<p><a href=\"https:\/\/drive.google.com\/file\/d\/1hPpGMwawPzfdMzxDXzDrHGPW9-0QoUHE\/view?usp=drive_link\">#AquiProuBullying Escola Conc\u00f2rdia (projecte)<\/a><\/p>\n<p>Si voleu m\u00e9s informaci\u00f3 sobre el programa, no dubteu en entrar en aquesta p\u00e0gina:<\/p>\n<p><a href=\"https:\/\/xtec.gencat.cat\/ca\/centres\/projeducatiu\/convivencia\/aquiproubullying\/\">P\u00e0gina oficial del programa<\/a><\/p>\n<p>&nbsp;<\/p>\n","protected":false},"excerpt":{"rendered":"<p>Fa uns cursos a l&#8217;escola vam iniciar la formaci\u00f3 en el programa #Aqu\u00edProuBullying amb l&#8217;objectiu d&#8217;establir un protocol d&#8217;actuaci\u00f3, constituir uns equips que vetllessin per la conviv\u00e8ncia i el benestar de la comunitat educativa, dissenyar una l\u00ednia metodol\u00f2gica de centre i sensibilitzar els infants sobre&hellip;  <a href=\"https:\/\/agora.xtec.cat\/escolaconcordia\/lescola\/projecte-educatiu\/aquiproubullying\/\" title=\"Read #AquiProuBullying\">Llegeix m\u00e9s\u00bb<\/a><\/p>\n","protected":false},"author":1,"featured_media":0,"parent":505,"menu_order":0,"comment_status":"closed","ping_status":"closed","template":"","meta":{"_bbp_topic_count":0,"_bbp_reply_count":0,"_bbp_total_topic_count":0,"_bbp_total_reply_count":0,"_bbp_voice_count":0,"_bbp_anonymous_reply_count":0,"_bbp_topic_count_hidden":0,"_bbp_reply_count_hidden":0,"_bbp_forum_subforum_count":0,"footnotes":""},"class_list":["post-5680","page","type-page","status-publish","hentry"],"post_mailing_queue_ids":[],"_links":{"self":[{"href":"https:\/\/agora.xtec.cat\/escolaconcordia\/wp-json\/wp\/v2\/pages\/5680","targetHints":{"allow":["GET"]}}],"collection":[{"href":"https:\/\/agora.xtec.cat\/escolaconcordia\/wp-json\/wp\/v2\/pages"}],"about":[{"href":"https:\/\/agora.xtec.cat\/escolaconcordia\/wp-json\/wp\/v2\/types\/page"}],"author":[{"embeddable":true,"href":"https:\/\/agora.xtec.cat\/escolaconcordia\/wp-json\/wp\/v2\/users\/1"}],"replies":[{"embeddable":true,"href":"https:\/\/agora.xtec.cat\/escolaconcordia\/wp-json\/wp\/v2\/comments?post=5680"}],"version-history":[{"count":5,"href":"https:\/\/agora.xtec.cat\/escolaconcordia\/wp-json\/wp\/v2\/pages\/5680\/revisions"}],"predecessor-version":[{"id":5717,"href":"https:\/\/agora.xtec.cat\/escolaconcordia\/wp-json\/wp\/v2\/pages\/5680\/revisions\/5717"}],"up":[{"embeddable":true,"href":"https:\/\/agora.xtec.cat\/escolaconcordia\/wp-json\/wp\/v2\/pages\/505"}],"wp:attachment":[{"href":"https:\/\/agora.xtec.cat\/escolaconcordia\/wp-json\/wp\/v2\/media?parent=5680"}],"curies":[{"name":"wp","href":"https:\/\/api.w.org\/{rel}","templated":true}]}}

<p>Fa uns cursos a l&#8217;escola vam iniciar la formació en el programa #AquíProuBullying amb l&#8217;objectiu d&#8217;establir un protocol d&#8217;actuació, constituir uns equips que vetllessin per la convivència i el benestar de la comunitat educativa, dissenyar una línia metodològica de centre i sensibilitzar els infants sobre la importància de l&#8217;educació socioemocional.</p>
<p>El programa posa a l&#8217;abast dels centre la formació, estratègies i recursos necessaris per elaborar un projecte de prevenció, detecció i intervenció davant l&#8217;assetjament amb la participació de tota la comunitat escolar, especialment de l&#8217;alumnat qui actua com a observador i agent actiu i compromès en la lluita contra l&#8217;assetjament alhora que adquireix les actituds i els valors propis de la competència social i ciutadana.</p>
<p>Els objectius del programa són els següents:</p>
<ul>
<li>Implicar la comunitat escolar davant els casos d&#8217;assetjament.</li>
<li>Potenciar el compromís actiu de l&#8217;alumnat en la prevenció i detecció dels casos d&#8217;assetjament.</li>
<li>Fomentar la gestió positiva dels conflictes.</li>
<li>Contribuir al desenvolupament personal i social de l&#8217;alumnat.</li>
</ul>
<p>Una de les actuacions que se&#8217;n deriven del programa #aquiproubullying és la creació dels Equips per la Convivència.</p>
<p><strong>Equips per la Convivència</strong></p>
<p>Els Equips per la convivència són alumnes de 5è de primària que, dins del marc del programa #aquiproubullying, reben una formació específica per contribuir en l’estratègia de sensibilització i d’observació conscient al centre educatiu, desenvolupant així una actitud prosocial i de corresponsabilitat en la millora de la convivència positiva.</p>
<p>OBJECTIUS:</p>
<ul>
<li>Potenciar l’observació del benestar i les relacions.</li>
<li>Empoderar a l’alumnat en el seu paper en la promoció del benestar i la convivència positiva.</li>
<li>Aconseguir, a través de la sensibilització, el reconeixement de la figura dels ExC com a referents de confiança entre iguals.</li>
<li>Dotar d’eines a l’alumnat a fi de detectar i comunicar situacions de risc d’assetjament i ciberassetjament escolar, així com altres tipus de violències.</li>
</ul>
<p>Els infants de cinquè estan molt motivats per aquesta tasca i ja han començat a treballar.</p>
<p><a href="https://agora.xtec.cat/escolaconcordia/wp-content/uploads/usu2135/2024/11/WhatsApp-Image-2024-11-04-at-18.12.59-COLLAGE.jpg"><img loading="lazy" decoding="async" class="aligncenter size-large wp-image-5716" src="https://agora.xtec.cat/escolaconcordia/wp-content/uploads/usu2135/2024/11/WhatsApp-Image-2024-11-04-at-18.12.59-COLLAGE-1024x1024.jpg" alt="" width="1024" height="1024" srcset="https://agora.xtec.cat/escolaconcordia/wp-content/uploads/usu2135/2024/11/WhatsApp-Image-2024-11-04-at-18.12.59-COLLAGE-1024x1024.jpg 1024w, https://agora.xtec.cat/escolaconcordia/wp-content/uploads/usu2135/2024/11/WhatsApp-Image-2024-11-04-at-18.12.59-COLLAGE-300x300.jpg 300w, https://agora.xtec.cat/escolaconcordia/wp-content/uploads/usu2135/2024/11/WhatsApp-Image-2024-11-04-at-18.12.59-COLLAGE-150x150.jpg 150w, https://agora.xtec.cat/escolaconcordia/wp-content/uploads/usu2135/2024/11/WhatsApp-Image-2024-11-04-at-18.12.59-COLLAGE-768x768.jpg 768w, https://agora.xtec.cat/escolaconcordia/wp-content/uploads/usu2135/2024/11/WhatsApp-Image-2024-11-04-at-18.12.59-COLLAGE-1536x1536.jpg 1536w, https://agora.xtec.cat/escolaconcordia/wp-content/uploads/usu2135/2024/11/WhatsApp-Image-2024-11-04-at-18.12.59-COLLAGE.jpg 2047w" sizes="auto, (max-width: 1024px) 100vw, 1024px" /></a></p>
<p>&nbsp;</p>
<p><strong>Pàgines d&#8217;interès:</strong></p>
<p>Aquí podeu consultar el projecte de l&#8217;escola:</p>
<p><a href="https://drive.google.com/file/d/1hPpGMwawPzfdMzxDXzDrHGPW9-0QoUHE/view?usp=drive_link">#AquiProuBullying Escola Concòrdia (projecte)</a></p>
<p>Si voleu més informació sobre el programa, no dubteu en entrar en aquesta pàgina:</p>
<p><a href="https://xtec.gencat.cat/ca/centres/projeducatiu/convivencia/aquiproubullying/">Pàgina oficial del programa</a></p>
<p>&nbsp;</p>

<p>Fa uns cursos a l&#8217;escola vam iniciar la formació en el programa #AquíProuBullying amb l&#8217;objectiu d&#8217;establir un protocol d&#8217;actuació, constituir uns equips que vetllessin per la convivència i el benestar de la comunitat educativa, dissenyar una línia metodològica de centre i sensibilitzar els infants sobre&hellip;  <a href="https://agora.xtec.cat/escolaconcordia/lescola/projecte-educatiu/aquiproubullying/" title="Read #AquiProuBullying">Llegeix més»</a></p>
