{"id":548,"date":"2020-03-27T00:21:08","date_gmt":"2020-03-26T23:21:08","guid":{"rendered":"https:\/\/agora.xtec.cat\/ceipconcordia\/?page_id=548"},"modified":"2020-04-30T19:08:18","modified_gmt":"2020-04-30T17:08:18","slug":"socialitzacio-de-llibres","status":"publish","type":"page","link":"https:\/\/agora.xtec.cat\/escolaconcordia\/lescola\/projecte-educatiu\/socialitzacio-de-llibres\/","title":{"rendered":"Socialitzaci\u00f3 de llibres"},"content":{"rendered":"<p style=\"text-align: justify;\"><span style=\"font-size: medium;\"><span lang=\"CA\">La despesa en llibres de text per a la fam\u00edlies que tenen fills i filles en edat escolar s\u2019ha anat incrementant curs rere curs per acabar esdevenint una c\u00e0rrega econ\u00f2mica considerable per a les fam\u00edlies.<\/span><\/span><span style=\"font-size: medium;\"><\/p>\n<p><span lang=\"CA\">Un dels principals objectius del Departament d\u2019Educaci\u00f3 \u00e9s impulsar la cohesi\u00f3 social mitjan\u00e7ant pol\u00edtiques que garanteixin la igualtat d\u2019oportunitats a tot l\u2019alumnat; d\u2019una altra banda, les administracions p\u00fabliques han de promoure un consum m\u00e9s racional i un \u00fas dels recursos m\u00e9s sostenible des de la perspectiva ecol\u00f2gica i ambiental.<\/span><\/span><span style=\"font-size: medium;\"><span lang=\"CA\"><\/p>\n<p><\/span><span lang=\"CA\">\u00c9s en aquest context que el Departament d\u2019Educaci\u00f3 va iniciar l\u2019any 2005 el\u00a0<b>Programa cooperatiu per al foment de la reutilitzaci\u00f3 de llibres de text i material did\u00e0ctic complementari.<\/b><\/span><\/span><span style=\"font-size: medium;\"><span lang=\"CA\"><\/p>\n<p>La finalitat d\u2019aquest programa \u00e9s facilitar, de manera cooperativa i mitjan\u00e7ant el sistema de pr\u00e9stec, llibres de text i material did\u00e0ctic complementari de diverses assignatures a l\u2019alumnat d\u2019educaci\u00f3 obligat\u00f2ria matriculat als centres educatius de Catalunya sufragats amb fons p\u00fablics que s\u2019acullin al programa<\/span><\/span><span style=\"font-size: medium;\"><span lang=\"CA\"><\/p>\n<p>A m\u00e9s de reduir la despesa dels llibres de text a les fam\u00edlies i afavorir la igualtat d\u2019oportunitats de tots els alumnes, pensem que des del punt de vista de l\u2019educaci\u00f3 \u00e9s important poder transmetre actituds positives i valors fonamentals, com ara la conservaci\u00f3 responsable dels llibres i del material, la cooperaci\u00f3, la solidaritat i la capacitat de saber compartir els recursos disponibles. Dur a terme projectes d\u2019aquestes caracter\u00edstiques ha de servir, tamb\u00e9, per a construir teixit social dins el centre escolar i per a promoure la cooperaci\u00f3 entre les fam\u00edlies, el professorat i l\u2019alumnat.<\/span><\/span><span style=\"font-size: medium;\"><span lang=\"CA\"><\/p>\n<p><\/span><span lang=\"CA\">Es tracta d\u2019una reutilitzaci\u00f3 de llibres parcial ja que no tots els llibres estan socialitzats, nom\u00e9s aquells que no cal escriure en ells per fer-los \u00fatils, \u00e9s per aix\u00f2 que no afecta a tots els cursos per igual. A final de cada curs, les fam\u00edlies rebeu un llistat amb els llibres que s\u2019han d\u2019adquirir per al curs vinent<\/span><span lang=\"CA\">.<\/span><\/span><\/p>\n<p><span style=\"font-size: medium;\">Malgrat el centre no rep la subvenci\u00f3 per part del Departament d&#8217;Ensenyament, continua vetllant pel manteniment d&#8217;aquest projecte.<\/span><\/p>\n","protected":false},"excerpt":{"rendered":"<p>La despesa en llibres de text per a la fam\u00edlies que tenen fills i filles en edat escolar s\u2019ha anat incrementant curs rere curs per acabar esdevenint una c\u00e0rrega econ\u00f2mica considerable per a les fam\u00edlies.<br \/>\nUn dels principals objectius del Departament d\u2019Educaci\u00f3 \u00e9s impulsar la cohesi\u00f3&hellip;  <a href=\"https:\/\/agora.xtec.cat\/escolaconcordia\/lescola\/projecte-educatiu\/socialitzacio-de-llibres\/\" title=\"Read Socialitzaci\u00f3 de llibres\">Llegeix m\u00e9s\u00bb<\/a><\/p>\n","protected":false},"author":1,"featured_media":0,"parent":505,"menu_order":130,"comment_status":"closed","ping_status":"closed","template":"page-templates\/side-menu.php","meta":{"_bbp_topic_count":0,"_bbp_reply_count":0,"_bbp_total_topic_count":0,"_bbp_total_reply_count":0,"_bbp_voice_count":0,"_bbp_anonymous_reply_count":0,"_bbp_topic_count_hidden":0,"_bbp_reply_count_hidden":0,"_bbp_forum_subforum_count":0,"footnotes":""},"class_list":["post-548","page","type-page","status-publish","hentry"],"post_mailing_queue_ids":[],"_links":{"self":[{"href":"https:\/\/agora.xtec.cat\/escolaconcordia\/wp-json\/wp\/v2\/pages\/548","targetHints":{"allow":["GET"]}}],"collection":[{"href":"https:\/\/agora.xtec.cat\/escolaconcordia\/wp-json\/wp\/v2\/pages"}],"about":[{"href":"https:\/\/agora.xtec.cat\/escolaconcordia\/wp-json\/wp\/v2\/types\/page"}],"author":[{"embeddable":true,"href":"https:\/\/agora.xtec.cat\/escolaconcordia\/wp-json\/wp\/v2\/users\/1"}],"replies":[{"embeddable":true,"href":"https:\/\/agora.xtec.cat\/escolaconcordia\/wp-json\/wp\/v2\/comments?post=548"}],"version-history":[{"count":3,"href":"https:\/\/agora.xtec.cat\/escolaconcordia\/wp-json\/wp\/v2\/pages\/548\/revisions"}],"predecessor-version":[{"id":826,"href":"https:\/\/agora.xtec.cat\/escolaconcordia\/wp-json\/wp\/v2\/pages\/548\/revisions\/826"}],"up":[{"embeddable":true,"href":"https:\/\/agora.xtec.cat\/escolaconcordia\/wp-json\/wp\/v2\/pages\/505"}],"wp:attachment":[{"href":"https:\/\/agora.xtec.cat\/escolaconcordia\/wp-json\/wp\/v2\/media?parent=548"}],"curies":[{"name":"wp","href":"https:\/\/api.w.org\/{rel}","templated":true}]}}

Socialització de llibres

<p style="text-align: justify;"><span style="font-size: medium;"><span lang="CA">La despesa en llibres de text per a la famílies que tenen fills i filles en edat escolar s’ha anat incrementant curs rere curs per acabar esdevenint una càrrega econòmica considerable per a les famílies.</span></span><span style="font-size: medium;"></p>
<p><span lang="CA">Un dels principals objectius del Departament d’Educació és impulsar la cohesió social mitjançant polítiques que garanteixin la igualtat d’oportunitats a tot l’alumnat; d’una altra banda, les administracions públiques han de promoure un consum més racional i un ús dels recursos més sostenible des de la perspectiva ecològica i ambiental.</span></span><span style="font-size: medium;"><span lang="CA"></p>
<p></span><span lang="CA">És en aquest context que el Departament d’Educació va iniciar l’any 2005 el <b>Programa cooperatiu per al foment de la reutilització de llibres de text i material didàctic complementari.</b></span></span><span style="font-size: medium;"><span lang="CA"></p>
<p>La finalitat d’aquest programa és facilitar, de manera cooperativa i mitjançant el sistema de préstec, llibres de text i material didàctic complementari de diverses assignatures a l’alumnat d’educació obligatòria matriculat als centres educatius de Catalunya sufragats amb fons públics que s’acullin al programa</span></span><span style="font-size: medium;"><span lang="CA"></p>
<p>A més de reduir la despesa dels llibres de text a les famílies i afavorir la igualtat d’oportunitats de tots els alumnes, pensem que des del punt de vista de l’educació és important poder transmetre actituds positives i valors fonamentals, com ara la conservació responsable dels llibres i del material, la cooperació, la solidaritat i la capacitat de saber compartir els recursos disponibles. Dur a terme projectes d’aquestes característiques ha de servir, també, per a construir teixit social dins el centre escolar i per a promoure la cooperació entre les famílies, el professorat i l’alumnat.</span></span><span style="font-size: medium;"><span lang="CA"></p>
<p></span><span lang="CA">Es tracta d’una reutilització de llibres parcial ja que no tots els llibres estan socialitzats, només aquells que no cal escriure en ells per fer-los útils, és per això que no afecta a tots els cursos per igual. A final de cada curs, les famílies rebeu un llistat amb els llibres que s’han d’adquirir per al curs vinent</span><span lang="CA">.</span></span></p>
<p><span style="font-size: medium;">Malgrat el centre no rep la subvenció per part del Departament d&#8217;Ensenyament, continua vetllant pel manteniment d&#8217;aquest projecte.</span></p>

<p>La despesa en llibres de text per a la famílies que tenen fills i filles en edat escolar s’ha anat incrementant curs rere curs per acabar esdevenint una càrrega econòmica considerable per a les famílies.<br />
Un dels principals objectius del Departament d’Educació és impulsar la cohesió&hellip;  <a href="https://agora.xtec.cat/escolaconcordia/lescola/projecte-educatiu/socialitzacio-de-llibres/" title="Read Socialització de llibres">Llegeix més»</a></p>
