{"id":1244,"date":"2021-01-06T15:50:36","date_gmt":"2021-01-06T14:50:36","guid":{"rendered":"https:\/\/agora.xtec.cat\/escolaconcordia\/?page_id=1244"},"modified":"2021-09-21T15:40:04","modified_gmt":"2021-09-21T13:40:04","slug":"artistes","status":"publish","type":"page","link":"https:\/\/agora.xtec.cat\/escolaconcordia\/lescola\/projecte-educatiu\/artistes\/","title":{"rendered":"Artistes"},"content":{"rendered":"<p>Aquest projecte dinamitza l\u2019\u00e0rea de pl\u00e0stica, obre noves vies est\u00e8tiques i millora <span style=\"font-family: arial, sans-serif; font-size: medium;\">la visi\u00f3 del nostre entorn des del punt de vista art\u00edstic.<\/span><\/p>\n<p><span style=\"font-family: arial, sans-serif; font-size: medium;\"><br \/>\n<\/span>Es treballa la cohesi\u00f3 social en diferents \u00e0mbits :<\/p>\n<p>&#8211; A l\u2019aula s\u2019afavoreix el treball cooperatiu i el respecte vers les tasques individuals.<\/p>\n<p>&#8211; A l\u2019escola exposem les nostres obres als passadissos per la resta dels grups escolars i per les fam\u00edlies que vulguin gaudir dels treballs realitzats.\u00a0<span style=\"font-family: arial, sans-serif; font-size: medium;\"><br \/>\n<\/span><span style=\"font-family: arial, sans-serif; font-size: medium;\"><br \/>\n<\/span><\/p>\n<p><span style=\"font-family: arial, sans-serif; font-size: medium;\">El dia de la Conviv\u00e8ncia suposa tamb\u00e9 l\u2019<b>obertura de l\u2019escola<\/b>\u00a0a la comunitat educativa, amb l\u2019aportaci\u00f3\u00a0<\/span><\/p>\n<p><span style=\"font-family: arial, sans-serif; font-size: medium;\">de les nostres obres convertides en un petit museu d\u2019art.<\/span><\/p>\n<p>Cada nivell treballa un pintor<span style=\"font-size: medium;\">, hi\u00a0ha flexibilitat a l&#8217;hora de triar l&#8217;artista:\u00a0<\/span>Joan Mir\u00f3, Matisse, Paul Klee,<\/p>\n<p>Kandinsky, Dal\u00ed , Picasso, Monet , Van Gogh<span style=\"font-size: medium;\">,\u00a0 Vassarely, &#8230;<\/span><\/p>\n<p>S\u00f3n artistes contemporanis per\u00f2 de diferents corrents, tot i que no es descarta cap \u00e8poca hist\u00f2rica.<\/p>\n<p>A cada classe hi ha una carpeta amb les l\u00e0mines de l&#8217;autor que han de treballar, amb els llibres i la<\/p>\n<p>bibliografia necess\u00e0ria. Els treballs es fan al llarg del curs i<span lang=\"EN-US\">\u00a0<\/span>s&#8217;exposen als\u00a0passadissos de l&#8217;escola quan<\/p>\n<p>celebrem la setmana cultural.<\/p>\n<ul>\n<li><span style=\"font-size: medium;\"><sup><span lang=\"EN-US\">\u00a0<\/span><\/sup><u>Objectius generals<\/u>:<\/span><\/li>\n<\/ul>\n<p><span style=\"font-size: medium;\">&#8211;\u00a0\u00a0\u00a0Elaborar propostes art\u00edstiques a resultes de la percepci\u00f3 sensorial, la imaginaci\u00f3, les\u00a0\u00a0\u00a0 \u00a0\u00a0\u00a0 \u00a0\u00a0\u00a0 \u00a0\u00a0\u00a0\u00a0<\/span><\/p>\n<p><span style=\"font-size: medium;\">\u00a0\u00a0\u00a0 \u00a0emocions.<\/span><\/p>\n<p><span style=\"font-size: medium;\">&#8211;\u00a0\u00a0\u00a0Aproximar-se a l&#8217;obra de diferents artistes locals, nacionals i estrangers, per tal d&#8217;anar creant el\u00a0<\/span><\/p>\n<p><span style=\"font-size: medium;\">\u00a0\u00a0 \u00a0\u00a0propi gust est\u00e8tic.<br \/>\n<\/span><\/p>\n<p><span style=\"font-size: medium;\">&#8211;\u00a0\u00a0\u00a0Compartir un projecte com\u00fa a tots els nivells del centre.<br \/>\n<\/span><\/p>\n<p><span style=\"font-size: medium;\">&#8211;\u00a0\u00a0\u00a0Atreure a les fam\u00edlies a l\u2019escola amb l\u2019exposici\u00f3 de les feines fetes.<\/span><\/p>\n<ul>\n<li><span style=\"font-size: medium;\"><sup><span lang=\"EN-US\">\u00a0<\/span><\/sup><u>Objectius espec\u00edfics<\/u>:<\/span><\/li>\n<\/ul>\n<p><span style=\"font-size: medium;\">&#8211;\u00a0\u00a0\u00a0Iniciar la producci\u00f3 personal d&#8217;obres pl\u00e0stiques.<\/span><\/p>\n<p><span style=\"font-size: medium;\">&#8211;\u00a0\u00a0\u00a0Usar els propis recursos creatius en la realitzaci\u00f3 dels treballs pl\u00e0stics.<br \/>\n<\/span><\/p>\n<p><span style=\"font-size: medium;\">&#8211;\u00a0\u00a0\u00a0Apreciar la relaci\u00f3 de l&#8217;entorn cultural i els aspectes personals dels artistes en la creaci\u00f3 de les\u00a0<\/span><\/p>\n<p><span style=\"font-size: medium;\">\u00a0\u00a0 \u00a0seves obres.<br \/>\n<\/span><\/p>\n<p><span style=\"font-size: medium;\">&#8211;\u00a0 \u00a0Iniciar-se en la discriminaci\u00f3 dels materials, colors, formes, volums, textures , etc de les \u00a0 \u00a0\u00a0\u00a0\u00a0 \u00a0\u00a0\u00a0 \u00a0\u00a0 \u00a0 \u00a0\u00a0<\/span><\/p>\n<p><span style=\"font-size: medium;\">\u00a0 \u00a0 composicions.<br \/>\n<\/span><\/p>\n<p><span style=\"font-size: medium;\">&#8211;\u00a0\u00a0\u00a0Expressar sentiments i emocions a trav\u00e9s del coneixement dels artistes i de les seves obres.<br \/>\n<\/span><\/p>\n<p><span style=\"font-size: medium;\">&#8211;\u00a0 \u00a0Utilitzar les noves tecnologies (can\u00f3, pantalla interactiva, internet&#8230;) per con\u00e8ixer l&#8217;obra dels \u00a0 \u00a0 \u00a0\u00a0\u00a0\u00a0 \u00a0\u00a0 \u00a0\u00a0<\/span><\/p>\n<p><span style=\"font-size: medium;\">\u00a0\u00a0 \u00a0pintors.<br \/>\n<\/span><\/p>\n<p><span style=\"font-size: medium;\">&#8211;\u00a0\u00a0\u00a0Valorar progressivament les creacions art\u00edstiques pr\u00f2pies i dels altres.<br \/>\n<\/span><\/p>\n<p><span style=\"font-size: medium;\">&#8211;\u00a0\u00a0\u00a0Assolir confian\u00e7a personal per produir &#8220;petites obres d&#8217;art&#8221;.<\/span><\/p>\n<p><span style=\"font-size: medium;\"><a href=\"https:\/\/agora.xtec.cat\/escolaconcordia\/wp-content\/uploads\/usu2135\/2021\/01\/Artistes-1.jpg\"><img loading=\"lazy\" decoding=\"async\" class=\"alignnone size-full wp-image-1321\" src=\"https:\/\/agora.xtec.cat\/escolaconcordia\/wp-content\/uploads\/usu2135\/2021\/01\/Artistes-1.jpg\" alt=\"\" width=\"625\" height=\"625\" srcset=\"https:\/\/agora.xtec.cat\/escolaconcordia\/wp-content\/uploads\/usu2135\/2021\/01\/Artistes-1.jpg 625w, https:\/\/agora.xtec.cat\/escolaconcordia\/wp-content\/uploads\/usu2135\/2021\/01\/Artistes-1-150x150.jpg 150w, https:\/\/agora.xtec.cat\/escolaconcordia\/wp-content\/uploads\/usu2135\/2021\/01\/Artistes-1-300x300.jpg 300w\" sizes=\"auto, (max-width: 625px) 100vw, 625px\" \/><\/a><\/span><\/p>\n<p>&nbsp;<\/p>\n","protected":false},"excerpt":{"rendered":"<p>Aquest projecte dinamitza l\u2019\u00e0rea de pl\u00e0stica, obre noves vies est\u00e8tiques i millora la visi\u00f3 del nostre entorn des del punt de vista art\u00edstic.<\/p>\n<p>Es treballa la cohesi\u00f3 social en diferents \u00e0mbits :<br \/>\n&#8211; A l\u2019aula s\u2019afavoreix el treball cooperatiu i el respecte vers les tasques individuals.<br \/>\n&#8211; A&hellip;  <a href=\"https:\/\/agora.xtec.cat\/escolaconcordia\/lescola\/projecte-educatiu\/artistes\/\" title=\"Read Artistes\">Llegeix m\u00e9s\u00bb<\/a><\/p>\n","protected":false},"author":1,"featured_media":0,"parent":505,"menu_order":100,"comment_status":"closed","ping_status":"closed","template":"page-templates\/side-menu.php","meta":{"_bbp_topic_count":0,"_bbp_reply_count":0,"_bbp_total_topic_count":0,"_bbp_total_reply_count":0,"_bbp_voice_count":0,"_bbp_anonymous_reply_count":0,"_bbp_topic_count_hidden":0,"_bbp_reply_count_hidden":0,"_bbp_forum_subforum_count":0,"footnotes":""},"class_list":["post-1244","page","type-page","status-publish","hentry"],"post_mailing_queue_ids":[],"_links":{"self":[{"href":"https:\/\/agora.xtec.cat\/escolaconcordia\/wp-json\/wp\/v2\/pages\/1244","targetHints":{"allow":["GET"]}}],"collection":[{"href":"https:\/\/agora.xtec.cat\/escolaconcordia\/wp-json\/wp\/v2\/pages"}],"about":[{"href":"https:\/\/agora.xtec.cat\/escolaconcordia\/wp-json\/wp\/v2\/types\/page"}],"author":[{"embeddable":true,"href":"https:\/\/agora.xtec.cat\/escolaconcordia\/wp-json\/wp\/v2\/users\/1"}],"replies":[{"embeddable":true,"href":"https:\/\/agora.xtec.cat\/escolaconcordia\/wp-json\/wp\/v2\/comments?post=1244"}],"version-history":[{"count":3,"href":"https:\/\/agora.xtec.cat\/escolaconcordia\/wp-json\/wp\/v2\/pages\/1244\/revisions"}],"predecessor-version":[{"id":2619,"href":"https:\/\/agora.xtec.cat\/escolaconcordia\/wp-json\/wp\/v2\/pages\/1244\/revisions\/2619"}],"up":[{"embeddable":true,"href":"https:\/\/agora.xtec.cat\/escolaconcordia\/wp-json\/wp\/v2\/pages\/505"}],"wp:attachment":[{"href":"https:\/\/agora.xtec.cat\/escolaconcordia\/wp-json\/wp\/v2\/media?parent=1244"}],"curies":[{"name":"wp","href":"https:\/\/api.w.org\/{rel}","templated":true}]}}